{"id":127301,"date":"2026-03-30T11:38:48","date_gmt":"2026-03-30T09:38:48","guid":{"rendered":"https:\/\/nabytoklaguna.sk\/sk\/?post_type=product&#038;p=127301"},"modified":"2026-04-01T03:59:01","modified_gmt":"2026-04-01T01:59:01","slug":"boston","status":"publish","type":"product","link":"https:\/\/nabytoklaguna.sk\/sk\/produkt\/boston\/","title":{"rendered":"BOSTON"},"content":{"rendered":"<p data-asw-org-font-size=\"14\"><strong>Konferen\u010dn\u00fd stol\u00edk BOSTON<\/strong> na stabilnej dvojitej podno\u017ei p\u00f4sob\u00ed v priestore ob\u00fdva\u010dky vzdu\u0161ne. Konferen\u010dn\u00fd stol\u00edk s rozmerom 110\u00d760cm a v\u00fd\u0161kou 52,7cm je vyroben\u00fd vo viacer\u00fdch <strong>farebn\u00fdch prevedeniach<\/strong>: biela, dub sonoma, dub artisan, dub lefkas v kombin\u00e1cii s \u010diernym stredov\u00fdm pruhom.<\/p>\n<p><span style=\"font-size: 15.008px;\">dod\u00e1van\u00e9 v demonte<\/span><\/p>\n<div id=\"detail-anchor-parameters\" class=\"c85 c155\">\n<div class=\"c87 c88\"><\/div>\n<div>\n<table>\n<tbody>\n<tr>\n<td class=\"popis\">\u0160\u00edrka (cm):<\/td>\n<td>110 cm<\/td>\n<\/tr>\n<tr>\n<td class=\"popis\">H\u013abka (cm):<\/td>\n<td>60 cm<\/td>\n<\/tr>\n<tr>\n<td class=\"popis\">V\u00fd\u0161ka (cm):<\/td>\n<td>52,7 cm<\/td>\n<\/tr>\n<tr>\n<td>Materi\u00e1l:<\/td>\n<td>DTD laminovan\u00e1<\/td>\n<\/tr>\n<\/tbody>\n<\/table>\n<\/div>\n<\/div>\n","protected":false},"excerpt":{"rendered":"<p>Konferen\u010dn\u00fd stol\u00edk BOSTON na stabilnej dvojitej podno\u017ei p\u00f4sob\u00ed v priestore ob\u00fdva\u010dky vzdu\u0161ne. Konferen\u010dn\u00fd stol\u00edk s rozmerom 110\u00d760cm a v\u00fd\u0161kou 52,7cm je vyroben\u00fd vo viacer\u00fdch farebn\u00fdch prevedeniach: biela, dub sonoma, dub artisan, dub lefkas v kombin\u00e1cii s \u010diernym stredov\u00fdm pruhom. dod\u00e1van\u00e9 v demonte \u0160\u00edrka (cm): 110 cm H\u013abka (cm): 60 cm V\u00fd\u0161ka (cm): 52,7 cm Materi\u00e1l:&#8230;<\/p>\n","protected":false},"featured_media":127302,"comment_status":"closed","ping_status":"closed","template":"","meta":{"_seopress_robots_primary_cat":"none","_seopress_titles_title":"","_seopress_titles_desc":"","_seopress_robots_index":""},"product_brand":[],"product_cat":[221],"product_tag":[],"class_list":{"0":"post-127301","1":"product","2":"type-product","3":"status-publish","4":"has-post-thumbnail","6":"product_cat-konferencne-stoliky","7":"pa_farba-dub-lefkas","8":"pa_farba-biela","9":"pa_farba-dub-artisan","10":"pa_farba-dub-sonoma","12":"first","13":"instock","14":"shipping-taxable","15":"purchasable","16":"product-type-variable"},"_links":{"self":[{"href":"https:\/\/nabytoklaguna.sk\/sk\/wp-json\/wp\/v2\/product\/127301","targetHints":{"allow":["GET"]}}],"collection":[{"href":"https:\/\/nabytoklaguna.sk\/sk\/wp-json\/wp\/v2\/product"}],"about":[{"href":"https:\/\/nabytoklaguna.sk\/sk\/wp-json\/wp\/v2\/types\/product"}],"replies":[{"embeddable":true,"href":"https:\/\/nabytoklaguna.sk\/sk\/wp-json\/wp\/v2\/comments?post=127301"}],"wp:featuredmedia":[{"embeddable":true,"href":"https:\/\/nabytoklaguna.sk\/sk\/wp-json\/wp\/v2\/media\/127302"}],"wp:attachment":[{"href":"https:\/\/nabytoklaguna.sk\/sk\/wp-json\/wp\/v2\/media?parent=127301"}],"wp:term":[{"taxonomy":"product_brand","embeddable":true,"href":"https:\/\/nabytoklaguna.sk\/sk\/wp-json\/wp\/v2\/product_brand?post=127301"},{"taxonomy":"product_cat","embeddable":true,"href":"https:\/\/nabytoklaguna.sk\/sk\/wp-json\/wp\/v2\/product_cat?post=127301"},{"taxonomy":"product_tag","embeddable":true,"href":"https:\/\/nabytoklaguna.sk\/sk\/wp-json\/wp\/v2\/product_tag?post=127301"}],"curies":[{"name":"wp","href":"https:\/\/api.w.org\/{rel}","templated":true}]}}

<p data-asw-org-font-size="14"><strong>Konferenčný stolík BOSTON</strong> na stabilnej dvojitej podnoži pôsobí v priestore obývačky vzdušne. Konferenčný stolík s rozmerom 110×60cm a výškou 52,7cm je vyrobený vo viacerých <strong>farebných prevedeniach</strong>: biela, dub sonoma, dub artisan, dub lefkas v kombinácii s čiernym stredovým pruhom.</p>
<p><span style="font-size: 15.008px;">dodávané v demonte</span></p>
<div id="detail-anchor-parameters" class="c85 c155">
<div class="c87 c88"></div>
<div>
<table>
<tbody>
<tr>
<td class="popis">Šírka (cm):</td>
<td>110 cm</td>
</tr>
<tr>
<td class="popis">Hĺbka (cm):</td>
<td>60 cm</td>
</tr>
<tr>
<td class="popis">Výška (cm):</td>
<td>52,7 cm</td>
</tr>
<tr>
<td>Materiál:</td>
<td>DTD laminovaná</td>
</tr>
</tbody>
</table>
</div>
</div>

<p>Konferenčný stolík BOSTON na stabilnej dvojitej podnoži pôsobí v priestore obývačky vzdušne. Konferenčný stolík s rozmerom 110×60cm a výškou 52,7cm je vyrobený vo viacerých farebných prevedeniach: biela, dub sonoma, dub artisan, dub lefkas v kombinácii s čiernym stredovým pruhom. dodávané v demonte Šírka (cm): 110 cm Hĺbka (cm): 60 cm Výška (cm): 52,7 cm Materiál:&#8230;</p>
