{"id":127362,"date":"2026-03-30T14:53:34","date_gmt":"2026-03-30T12:53:34","guid":{"rendered":"https:\/\/nabytoklaguna.sk\/sk\/?post_type=product&#038;p=127362"},"modified":"2026-03-30T15:14:49","modified_gmt":"2026-03-30T13:14:49","slug":"ovalio","status":"publish","type":"product","link":"https:\/\/nabytoklaguna.sk\/sk\/produkt\/ovalio\/","title":{"rendered":"OVALIO"},"content":{"rendered":"<p style=\"font-weight: 400;\"><strong>Jed\u00e1lensk\u00fd st\u00f4l Ovalio<\/strong>\u00a0s elegantn\u00fdm ov\u00e1lnym tvarom p\u00f4sob\u00ed moderne a nad\u010dasovo.\u00a0<strong>Stabiln\u00e1 podno\u017e<\/strong>\u00a0<strong>s jemn\u00fdm vertik\u00e1lnym fr\u00e9zovan\u00edm<\/strong>\u00a0dod\u00e1va stolu v\u00fdrazn\u00fd dizajnov\u00fd prvok a z\u00e1rove\u0148 zabezpe\u010duje pevn\u00fa oporu.<\/p>\n<p style=\"font-weight: 400;\"><strong>Praktick\u00e1 rozkladacia funkcia<\/strong>\u00a0umo\u017e\u0148uje st\u00f4l jednoducho\u00a0<strong>roz\u0161\u00edri\u0165<\/strong>, \u010d\u00edm z\u00edskate\u00a0<strong>viac priestoru<\/strong>\u00a0pre rodinn\u00e9 stolovanie alebo n\u00e1v\u0161tevy. V\u010faka svojmu \u010dist\u00e9mu a univerz\u00e1lnemu vzh\u013eadu sa st\u00f4l \u013eahko kombinuje s r\u00f4znymi \u0161t\u00fdlmi interi\u00e9ru.<\/p>\n<p>Dod\u00e1van\u00e9 v demonte.<\/p>\n<table style=\"width: 100.173%; height: 311px;\">\n<tbody>\n<tr style=\"height: 52px;\">\n<td class=\"popis\" style=\"width: 41.3287%; height: 52px;\">\u0160\u00edrka (cm):<\/td>\n<td style=\"width: 58.4987%; height: 52px;\">100-188 cm<\/td>\n<\/tr>\n<tr style=\"height: 52px;\">\n<td class=\"popis\" style=\"width: 41.3287%; height: 52px;\">H\u013abka (cm):<\/td>\n<td style=\"width: 58.4987%; height: 52px;\">100 cm<\/td>\n<\/tr>\n<tr style=\"height: 52px;\">\n<td class=\"popis\" style=\"width: 41.3287%; height: 52px;\">V\u00fd\u0161ka (cm):<\/td>\n<td style=\"width: 58.4987%; height: 52px;\">75 cm<\/td>\n<\/tr>\n<tr style=\"height: 52px;\">\n<td style=\"width: 41.3287%; height: 52px;\">Materi\u00e1l:<\/td>\n<td style=\"width: 58.4987%; height: 52px;\">Laminovan\u00e1 DTD, hr. 28 mm + MDF, hr. 16 mm<\/td>\n<\/tr>\n<tr style=\"height: 51px;\">\n<td style=\"width: 41.3287%; height: 51px;\">Farebn\u00e9 prevedenie<\/td>\n<td style=\"width: 58.4987%; height: 51px;\">Pieskovo b\u00e9\u017eov\u00e1, Dub Cremona<\/td>\n<\/tr>\n<\/tbody>\n<\/table>\n","protected":false},"excerpt":{"rendered":"<p>Jed\u00e1lensk\u00fd st\u00f4l Ovalio\u00a0s elegantn\u00fdm ov\u00e1lnym tvarom p\u00f4sob\u00ed moderne a nad\u010dasovo.\u00a0Stabiln\u00e1 podno\u017e\u00a0s jemn\u00fdm vertik\u00e1lnym fr\u00e9zovan\u00edm\u00a0dod\u00e1va stolu v\u00fdrazn\u00fd dizajnov\u00fd prvok a z\u00e1rove\u0148 zabezpe\u010duje pevn\u00fa oporu. Praktick\u00e1 rozkladacia funkcia\u00a0umo\u017e\u0148uje st\u00f4l jednoducho\u00a0roz\u0161\u00edri\u0165, \u010d\u00edm z\u00edskate\u00a0viac priestoru\u00a0pre rodinn\u00e9 stolovanie alebo n\u00e1v\u0161tevy. V\u010faka svojmu \u010dist\u00e9mu a univerz\u00e1lnemu vzh\u013eadu sa st\u00f4l \u013eahko kombinuje s r\u00f4znymi \u0161t\u00fdlmi interi\u00e9ru. Dod\u00e1van\u00e9 v demonte. \u0160\u00edrka (cm): 100-188&#8230;<\/p>\n","protected":false},"featured_media":127366,"comment_status":"closed","ping_status":"closed","template":"","meta":{"_seopress_robots_primary_cat":"none","_seopress_titles_title":"","_seopress_titles_desc":"","_seopress_robots_index":""},"product_brand":[],"product_cat":[243],"product_tag":[],"class_list":{"0":"post-127362","1":"product","2":"type-product","3":"status-publish","4":"has-post-thumbnail","6":"product_cat-stoly","7":"pa_farba-dub-cremona","8":"pa_farba-pieskovo-bezova","10":"first","11":"instock","12":"shipping-taxable","13":"purchasable","14":"product-type-variable"},"_links":{"self":[{"href":"https:\/\/nabytoklaguna.sk\/sk\/wp-json\/wp\/v2\/product\/127362","targetHints":{"allow":["GET"]}}],"collection":[{"href":"https:\/\/nabytoklaguna.sk\/sk\/wp-json\/wp\/v2\/product"}],"about":[{"href":"https:\/\/nabytoklaguna.sk\/sk\/wp-json\/wp\/v2\/types\/product"}],"replies":[{"embeddable":true,"href":"https:\/\/nabytoklaguna.sk\/sk\/wp-json\/wp\/v2\/comments?post=127362"}],"wp:featuredmedia":[{"embeddable":true,"href":"https:\/\/nabytoklaguna.sk\/sk\/wp-json\/wp\/v2\/media\/127366"}],"wp:attachment":[{"href":"https:\/\/nabytoklaguna.sk\/sk\/wp-json\/wp\/v2\/media?parent=127362"}],"wp:term":[{"taxonomy":"product_brand","embeddable":true,"href":"https:\/\/nabytoklaguna.sk\/sk\/wp-json\/wp\/v2\/product_brand?post=127362"},{"taxonomy":"product_cat","embeddable":true,"href":"https:\/\/nabytoklaguna.sk\/sk\/wp-json\/wp\/v2\/product_cat?post=127362"},{"taxonomy":"product_tag","embeddable":true,"href":"https:\/\/nabytoklaguna.sk\/sk\/wp-json\/wp\/v2\/product_tag?post=127362"}],"curies":[{"name":"wp","href":"https:\/\/api.w.org\/{rel}","templated":true}]}}

<p style="font-weight: 400;"><strong>Jedálenský stôl Ovalio</strong> s elegantným oválnym tvarom pôsobí moderne a nadčasovo. <strong>Stabilná podnož</strong> <strong>s jemným vertikálnym frézovaním</strong> dodáva stolu výrazný dizajnový prvok a zároveň zabezpečuje pevnú oporu.</p>
<p style="font-weight: 400;"><strong>Praktická rozkladacia funkcia</strong> umožňuje stôl jednoducho <strong>rozšíriť</strong>, čím získate <strong>viac priestoru</strong> pre rodinné stolovanie alebo návštevy. Vďaka svojmu čistému a univerzálnemu vzhľadu sa stôl ľahko kombinuje s rôznymi štýlmi interiéru.</p>
<p>Dodávané v demonte.</p>
<table style="width: 100.173%; height: 311px;">
<tbody>
<tr style="height: 52px;">
<td class="popis" style="width: 41.3287%; height: 52px;">Šírka (cm):</td>
<td style="width: 58.4987%; height: 52px;">100-188 cm</td>
</tr>
<tr style="height: 52px;">
<td class="popis" style="width: 41.3287%; height: 52px;">Hĺbka (cm):</td>
<td style="width: 58.4987%; height: 52px;">100 cm</td>
</tr>
<tr style="height: 52px;">
<td class="popis" style="width: 41.3287%; height: 52px;">Výška (cm):</td>
<td style="width: 58.4987%; height: 52px;">75 cm</td>
</tr>
<tr style="height: 52px;">
<td style="width: 41.3287%; height: 52px;">Materiál:</td>
<td style="width: 58.4987%; height: 52px;">Laminovaná DTD, hr. 28 mm + MDF, hr. 16 mm</td>
</tr>
<tr style="height: 51px;">
<td style="width: 41.3287%; height: 51px;">Farebné prevedenie</td>
<td style="width: 58.4987%; height: 51px;">Pieskovo béžová, Dub Cremona</td>
</tr>
</tbody>
</table>

<p>Jedálenský stôl Ovalio s elegantným oválnym tvarom pôsobí moderne a nadčasovo. Stabilná podnož s jemným vertikálnym frézovaním dodáva stolu výrazný dizajnový prvok a zároveň zabezpečuje pevnú oporu. Praktická rozkladacia funkcia umožňuje stôl jednoducho rozšíriť, čím získate viac priestoru pre rodinné stolovanie alebo návštevy. Vďaka svojmu čistému a univerzálnemu vzhľadu sa stôl ľahko kombinuje s rôznymi štýlmi interiéru. Dodávané v demonte. Šírka (cm): 100-188&#8230;</p>
