{"id":127468,"date":"2026-04-01T14:36:21","date_gmt":"2026-04-01T12:36:21","guid":{"rendered":"https:\/\/nabytoklaguna.sk\/sk\/?post_type=product&#038;p=127468"},"modified":"2026-04-09T10:00:46","modified_gmt":"2026-04-09T08:00:46","slug":"lem-ovalio-pieskovo-bezova","status":"publish","type":"product","link":"https:\/\/nabytoklaguna.sk\/sk\/produkt\/lem-ovalio-pieskovo-bezova\/","title":{"rendered":"LEM OVALIO Pieskovo b\u00e9\u017eov\u00e1"},"content":{"rendered":"<p data-start=\"350\" data-end=\"687\"><span dir=\"auto\">Kolekcia\u00a0<strong>OVALIO<\/strong> je harmonickou zmesou modern\u00e9ho dizajnu a decentnej, \u017eenskej elegancie. Jej zaoblen\u00e9 hrany a prec\u00edzne zvisl\u00e9 rezy dod\u00e1vaj\u00fa n\u00e1bytku jedine\u010dn\u00fa \u013eahkos\u0165 a z\u00e1rove\u0148 vytv\u00e1raj\u00fa exkluz\u00edvny vzh\u013ead. T\u00e1to kolekcia je ide\u00e1lna pre t\u00fdch, ktor\u00ed chc\u00fa do svojho interi\u00e9ru vnies\u0165 jemnos\u0165, pokoj a estetick\u00fd poriadok.\u00a0<\/span><span dir=\"auto\">Tlmen\u00e9 farby\u00a0<\/span><strong data-start=\"722\" data-end=\"741\"><span dir=\"auto\">pieskovo b\u00e9\u017eovej <\/span><\/strong><span dir=\"auto\">robia z n\u00e1bytku perfektn\u00fd doplnok do svetl\u00fdch, modern\u00fdch interi\u00e9rov. <strong>Zlat\u00e9 detaily<\/strong> alebo <strong>\u010dierne<\/strong>, z\u00e1vis\u00ed od vybran\u00e9ho variantu, kr\u00e1sne rozb\u00edjaj\u00fa hladk\u00fd povrch a dod\u00e1vaj\u00fa kolekcii n\u00e1dych noblesy.<\/span><\/p>\n<p data-start=\"953\" data-end=\"1152\"><span dir=\"auto\"><strong>OVALIO<\/strong> bol navrhnut\u00fd tak, aby ka\u017ed\u00fd prvok \u2013 vitr\u00edna, komoda, st\u00f4l alebo TV stol\u00edk \u2013 mohol fungova\u0165 samostatne a z\u00e1rove\u0148 s ostatn\u00fdm n\u00e1bytkom vytv\u00e1ra\u0165 ucelen\u00fd a harmonick\u00fd celok.\u00a0<\/span><span dir=\"auto\">N\u00e1bytok Ovalio je osaden\u00fd na\u00a0<\/span><strong data-start=\"819\" data-end=\"858\"><span dir=\"auto\">15-centimetrov\u00fdch kovov\u00fdch noh\u00e1ch<\/span><\/strong><span dir=\"auto\">\u00a0, ktor\u00e9 zais\u0165uj\u00fa stabilitu a z\u00e1rove\u0148 vizu\u00e1lne zo\u0161t\u00edh\u013euj\u00fa kusy n\u00e1bytku. Cel\u00e1 kolekcia tak p\u00f4sob\u00ed \u013eahk\u00fdm a vzdu\u0161n\u00fdm dojmom bez toho, aby zahlcovala priestor.<\/span><\/p>\n<p data-start=\"953\" data-end=\"1152\"><strong data-start=\"156\" data-end=\"222\"><span dir=\"auto\">N\u00e1bytok s\u00e9rie OVALIO je vyroben\u00fd z vysoko kvalitn\u00fdch materi\u00e1lov: <\/span><\/strong><span dir=\"auto\">Na v\u00fdrobu je pou\u017eit\u00e1\u00a0<\/span><strong data-start=\"1026\" data-end=\"1053\"><span dir=\"auto\">16 mm laminovan\u00e1 doska<\/span><\/strong><span dir=\"auto\">\u00a0, ktor\u00e1 je odoln\u00e1 vo\u010di po\u0161kriabaniu a \u013eahko sa udr\u017eiava, a pohodln\u00e9 pou\u017e\u00edvanie zaru\u010duj\u00fa\u00a0<\/span><strong data-start=\"1135\" data-end=\"1157\"><span dir=\"auto\">vodiace li\u0161ty QUADRO<\/span><\/strong><span dir=\"auto\"> , ktor\u00e9 zabezpe\u010duj\u00fa plynul\u00e9 a tich\u00e9 otv\u00e1ranie z\u00e1suviek.\u00a0<\/span><span dir=\"auto\">Kombin\u00e1cia pevnej kon\u0161trukcie s prepracovan\u00fdmi detailmi zaru\u010duje odolnos\u0165 a pohodlie pri pou\u017e\u00edvan\u00ed n\u00e1bytku po mnoho rokov.<\/span><\/p>\n<p><strong>Z jednotliv\u00fdch komponentov si m\u00f4\u017eete vysklada\u0165 ob\u00fdvaciu stenu pod\u013ea Va\u0161ich predst\u00e1v:<\/strong><\/p>\n<ul>\n<li>Ovalio 813 1F3S\u00a0 \u2013 komoda\u00a0 \u00a0 \u00a0 \u00a0 \u00a0 \u00a0 \u00a0\u2013\u00a0 Rozmery: \u0161xhxv: 123 x 42,3 x 85,4cm<\/li>\n<li>Ovalio 823 2F3S\u00a0 \u2013 komoda\u00a0 \u00a0 \u00a0 \u00a0 \u00a0 \u00a0 \u00a0\u2013\u00a0 Rozmery: \u0161xhxv: 164,6 x 42,3 x 85,4cm<\/li>\n<li>Ovalio 830 3F\u00a0 \u00a0 \u00a0 \u2013 komoda\u00a0 \u00a0 \u00a0 \u00a0 \u00a0 \u00a0 \u00a0\u2013\u00a0 Rozmery: \u0161xhxv:\u00a0164,6 x 42,3 x 85,4cm<\/li>\n<li>Ovalio 112 1F2S\u00a0 \u2013 vitr\u00edna\u00a0 \u00a0 \u00a0 \u00a0 \u00a0 \u00a0 \u00a0 \u00a0 \u2013\u00a0 Rozmery: \u0161xhxv: 97,4 x 42,3 x 155cm<\/li>\n<li>Ovalio 122 2F2S\u00a0 \u2013 vitr\u00edna\u00a0 \u00a0 \u00a0 \u00a0 \u00a0 \u00a0 \u00a0 \u00a0 \u2013\u00a0 Rozmery: \u0161xhxv: 123\u00a0x 42,3 x 155cm<\/li>\n<li>Ovalio 200\u00a0 \u00a0 \u00a0 \u00a0 \u00a0 \u00a0 \u2013 konf. stol\u00edk\u00a0 \u00a0 \u00a0 \u00a0 \u2013\u00a0 Rozmery: \u0161xhxv: 100 x 52 x 45cm<\/li>\n<li>Ovalio 202\u00a0 \u00a0 \u00a0 \u00a0 \u00a0 \u00a0 \u2013 toaletn\u00fd stol\u00edk\u00a0 \u00a0\u2013\u00a0 Rozmery: \u0161xhxv:\u00a0123 x 35,9 x 17,5cm<\/li>\n<li>Ovalio 302 2F\u00a0 \u00a0 \u00a0 \u00a0\u2013 rtv stol\u00edk\u00a0 \u00a0 \u00a0 \u00a0 \u00a0 \u00a0 \u2013\u00a0 Rozmery: \u0161xhxv: 120 x 42,3 x 50cm<\/li>\n<li>Ovalio 321 2F1S\u00a0 \u00a0\u2013 rtv stol\u00edk\u00a0 \u00a0 \u00a0 \u00a0 \u00a0 \u00a0 \u2013\u00a0 Rozmery: \u0161xhxv: 180,6 x 42,3 x 50cm<\/li>\n<li>Ovalio\u00a0 \u00a0 \u00a0 \u00a0 \u00a0 \u00a0 \u00a0 \u00a0 \u00a0 \u00a0 \u2013 st\u00f4l\u00a0 \u00a0 \u00a0 \u00a0 \u00a0 \u00a0 \u00a0 \u00a0 \u00a0 \u00a0\u2013\u00a0 Rozmery: \u0161xhxv: 100-188 x 100 x 75cm<\/li>\n<li>Ovalio 701\u00a0 \u00a0 \u00a0 \u00a0 \u00a0 \u00a0 \u00a0\u2013 zrkadlo\u00a0 \u00a0 \u00a0 \u00a0 \u00a0 \u00a0 \u00a0\u2013\u00a0 Rozmery: \u0161xhxv: \u00d8100 x 2 cm<\/li>\n<li>Ovalio 702\u00a0 \u00a0 \u00a0 \u00a0 \u00a0 \u00a0 \u00a0\u2013 zrkadlo\u00a0 \u00a0 \u00a0 \u00a0 \u00a0 \u00a0 \u00a0\u2013\u00a0 Rozmery: \u0161xhxv: 110 x 2 x 68cm<\/li>\n<\/ul>\n","protected":false},"excerpt":{"rendered":"<p>Kolekcia\u00a0OVALIO je harmonickou zmesou modern\u00e9ho dizajnu a decentnej, \u017eenskej elegancie. Jej zaoblen\u00e9 hrany a prec\u00edzne zvisl\u00e9 rezy dod\u00e1vaj\u00fa n\u00e1bytku jedine\u010dn\u00fa \u013eahkos\u0165 a z\u00e1rove\u0148 vytv\u00e1raj\u00fa exkluz\u00edvny vzh\u013ead. T\u00e1to kolekcia je ide\u00e1lna pre t\u00fdch, ktor\u00ed chc\u00fa do svojho interi\u00e9ru vnies\u0165 jemnos\u0165, pokoj a estetick\u00fd poriadok.\u00a0Tlmen\u00e9 farby\u00a0pieskovo b\u00e9\u017eovej robia z n\u00e1bytku perfektn\u00fd doplnok do svetl\u00fdch, modern\u00fdch interi\u00e9rov. Zlat\u00e9&#8230;<\/p>\n","protected":false},"featured_media":127586,"comment_status":"closed","ping_status":"closed","template":"","meta":{"_seopress_robots_primary_cat":"none","_seopress_titles_title":"","_seopress_titles_desc":"","_seopress_robots_index":""},"product_brand":[],"product_cat":[182,183],"product_tag":[],"class_list":{"0":"post-127468","1":"product","2":"type-product","3":"status-publish","4":"has-post-thumbnail","6":"product_cat-obyvacie-steny","7":"product_cat-sektorove-obyvacie-steny","8":"pa_typ-produktu-komoda-813-1f3s","9":"pa_typ-produktu-komoda-823-2f3s","10":"pa_typ-produktu-komoda-830-3f","11":"pa_typ-produktu-konf-stolik-200","12":"pa_typ-produktu-ovalio-stol","13":"pa_typ-produktu-rtv-302-2f","14":"pa_typ-produktu-rtv-321-2f1s","15":"pa_typ-produktu-toaletny-st-202-2s","16":"pa_typ-produktu-vitrina-112-1f2s","17":"pa_typ-produktu-vitrina-122-2f2s","18":"pa_typ-produktu-zrkadlo-701","19":"pa_typ-produktu-zrkadlo-702","21":"first","22":"instock","23":"shipping-taxable","24":"purchasable","25":"product-type-variable"},"_links":{"self":[{"href":"https:\/\/nabytoklaguna.sk\/sk\/wp-json\/wp\/v2\/product\/127468","targetHints":{"allow":["GET"]}}],"collection":[{"href":"https:\/\/nabytoklaguna.sk\/sk\/wp-json\/wp\/v2\/product"}],"about":[{"href":"https:\/\/nabytoklaguna.sk\/sk\/wp-json\/wp\/v2\/types\/product"}],"replies":[{"embeddable":true,"href":"https:\/\/nabytoklaguna.sk\/sk\/wp-json\/wp\/v2\/comments?post=127468"}],"wp:featuredmedia":[{"embeddable":true,"href":"https:\/\/nabytoklaguna.sk\/sk\/wp-json\/wp\/v2\/media\/127586"}],"wp:attachment":[{"href":"https:\/\/nabytoklaguna.sk\/sk\/wp-json\/wp\/v2\/media?parent=127468"}],"wp:term":[{"taxonomy":"product_brand","embeddable":true,"href":"https:\/\/nabytoklaguna.sk\/sk\/wp-json\/wp\/v2\/product_brand?post=127468"},{"taxonomy":"product_cat","embeddable":true,"href":"https:\/\/nabytoklaguna.sk\/sk\/wp-json\/wp\/v2\/product_cat?post=127468"},{"taxonomy":"product_tag","embeddable":true,"href":"https:\/\/nabytoklaguna.sk\/sk\/wp-json\/wp\/v2\/product_tag?post=127468"}],"curies":[{"name":"wp","href":"https:\/\/api.w.org\/{rel}","templated":true}]}}

LEM OVALIO Pieskovo béžová

<p data-start="350" data-end="687"><span dir="auto">Kolekcia <strong>OVALIO</strong> je harmonickou zmesou moderného dizajnu a decentnej, ženskej elegancie. Jej zaoblené hrany a precízne zvislé rezy dodávajú nábytku jedinečnú ľahkosť a zároveň vytvárajú exkluzívny vzhľad. Táto kolekcia je ideálna pre tých, ktorí chcú do svojho interiéru vniesť jemnosť, pokoj a estetický poriadok. </span><span dir="auto">Tlmené farby </span><strong data-start="722" data-end="741"><span dir="auto">pieskovo béžovej </span></strong><span dir="auto">robia z nábytku perfektný doplnok do svetlých, moderných interiérov. <strong>Zlaté detaily</strong> alebo <strong>čierne</strong>, závisí od vybraného variantu, krásne rozbíjajú hladký povrch a dodávajú kolekcii nádych noblesy.</span></p>
<p data-start="953" data-end="1152"><span dir="auto"><strong>OVALIO</strong> bol navrhnutý tak, aby každý prvok – vitrína, komoda, stôl alebo TV stolík – mohol fungovať samostatne a zároveň s ostatným nábytkom vytvárať ucelený a harmonický celok. </span><span dir="auto">Nábytok Ovalio je osadený na </span><strong data-start="819" data-end="858"><span dir="auto">15-centimetrových kovových nohách</span></strong><span dir="auto"> , ktoré zaisťujú stabilitu a zároveň vizuálne zoštíhľujú kusy nábytku. Celá kolekcia tak pôsobí ľahkým a vzdušným dojmom bez toho, aby zahlcovala priestor.</span></p>
<p data-start="953" data-end="1152"><strong data-start="156" data-end="222"><span dir="auto">Nábytok série OVALIO je vyrobený z vysoko kvalitných materiálov: </span></strong><span dir="auto">Na výrobu je použitá </span><strong data-start="1026" data-end="1053"><span dir="auto">16 mm laminovaná doska</span></strong><span dir="auto"> , ktorá je odolná voči poškriabaniu a ľahko sa udržiava, a pohodlné používanie zaručujú </span><strong data-start="1135" data-end="1157"><span dir="auto">vodiace lišty QUADRO</span></strong><span dir="auto"> , ktoré zabezpečujú plynulé a tiché otváranie zásuviek. </span><span dir="auto">Kombinácia pevnej konštrukcie s prepracovanými detailmi zaručuje odolnosť a pohodlie pri používaní nábytku po mnoho rokov.</span></p>
<p><strong>Z jednotlivých komponentov si môžete vyskladať obývaciu stenu podľa Vašich predstáv:</strong></p>
<ul>
<li>Ovalio 813 1F3S  – komoda             –  Rozmery: šxhxv: 123 x 42,3 x 85,4cm</li>
<li>Ovalio 823 2F3S  – komoda             –  Rozmery: šxhxv: 164,6 x 42,3 x 85,4cm</li>
<li>Ovalio 830 3F      – komoda             –  Rozmery: šxhxv: 164,6 x 42,3 x 85,4cm</li>
<li>Ovalio 112 1F2S  – vitrína                –  Rozmery: šxhxv: 97,4 x 42,3 x 155cm</li>
<li>Ovalio 122 2F2S  – vitrína                –  Rozmery: šxhxv: 123 x 42,3 x 155cm</li>
<li>Ovalio 200            – konf. stolík        –  Rozmery: šxhxv: 100 x 52 x 45cm</li>
<li>Ovalio 202            – toaletný stolík   –  Rozmery: šxhxv: 123 x 35,9 x 17,5cm</li>
<li>Ovalio 302 2F       – rtv stolík            –  Rozmery: šxhxv: 120 x 42,3 x 50cm</li>
<li>Ovalio 321 2F1S   – rtv stolík            –  Rozmery: šxhxv: 180,6 x 42,3 x 50cm</li>
<li>Ovalio                    – stôl                   –  Rozmery: šxhxv: 100-188 x 100 x 75cm</li>
<li>Ovalio 701             – zrkadlo             –  Rozmery: šxhxv: Ø100 x 2 cm</li>
<li>Ovalio 702             – zrkadlo             –  Rozmery: šxhxv: 110 x 2 x 68cm</li>
</ul>

<p>Kolekcia OVALIO je harmonickou zmesou moderného dizajnu a decentnej, ženskej elegancie. Jej zaoblené hrany a precízne zvislé rezy dodávajú nábytku jedinečnú ľahkosť a zároveň vytvárajú exkluzívny vzhľad. Táto kolekcia je ideálna pre tých, ktorí chcú do svojho interiéru vniesť jemnosť, pokoj a estetický poriadok. Tlmené farby pieskovo béžovej robia z nábytku perfektný doplnok do svetlých, moderných interiérov. Zlaté&#8230;</p>
