{"id":127562,"date":"2026-04-08T13:38:16","date_gmt":"2026-04-08T11:38:16","guid":{"rendered":"https:\/\/nabytoklaguna.sk\/sk\/?post_type=product&#038;p=127562"},"modified":"2026-04-22T09:49:30","modified_gmt":"2026-04-22T07:49:30","slug":"dalia-monte-2","status":"publish","type":"product","link":"https:\/\/nabytoklaguna.sk\/sk\/produkt\/dalia-monte-2\/","title":{"rendered":"DALIA MONTE"},"content":{"rendered":"<p data-start=\"74\" data-end=\"330\">Sedacia s\u00faprava\u00a0<strong>Dalia<\/strong>\u00a0poskytuje maxim\u00e1lne pohodlie pri ka\u017edodennom oddychu aj dostatok priestoru pre cel\u00fa rodinu. Seda\u010dka v\u00a0<strong data-start=\"116\" data-end=\"142\">univerz\u00e1lnom preveden\u00ed<\/strong>\u00a0predstavuje praktick\u00e9 a flexibiln\u00e9 rie\u0161enie pre ka\u017ed\u00fa ob\u00fdva\u010dku. V\u010faka mo\u017enosti mont\u00e1\u017ee na\u00a0<strong>prav\u00fa aj \u013eav\u00fa stranu<\/strong>\u00a0si jednoducho prisp\u00f4sob\u00edte orient\u00e1ciu seda\u010dky pod\u013ea dispoz\u00edcie miestnosti alebo vlastn\u00fdch potrieb. Modern\u00fd rohov\u00fd dizajn efekt\u00edvne vyu\u017e\u00edva priestor v ob\u00fdva\u010dke a z\u00e1rove\u0148 vytv\u00e1ra pr\u00edjemn\u00fa z\u00f3nu na relax. Praktick\u00fd\u00a0<strong>otoman\u00a0<\/strong>pon\u00faka pohodln\u00e9 miesto na vylo\u017eenie n\u00f4h alebo dodato\u010dn\u00e9 sedenie. Kompaktn\u00e9 rozmery zabezpe\u010duj\u00fa, \u017ee seda\u010dka<strong> Dalia<\/strong>\u00a0je vhodn\u00e1 aj do men\u0161\u00edch priestorov. V\u010faka funkcii\u00a0<strong data-start=\"462\" data-end=\"474\">rozkladu<\/strong>\u00a0ju jednoducho premen\u00edte na priestrann\u00e9 l\u00f4\u017eko vhodn\u00e9 na pr\u00edle\u017eitostn\u00e9 spanie. Praktick\u00fdm doplnkom je\u00a0<strong data-start=\"593\" data-end=\"624\">integrovan\u00fd \u00falo\u017en\u00fd priestor<\/strong>, ide\u00e1lny na uskladnenie poste\u013enej bielizne, prikr\u00fdvok \u010di sez\u00f3nnych text\u00edli\u00ed, \u010d\u00edm pom\u00e1ha udr\u017eiava\u0165 poriadok v dom\u00e1cnosti. V\u00fdber po\u0165ahov\u00fdch l\u00e1tok \u2014 na objedn\u00e1vku. Pon\u00fakame V\u00e1m ju v kvalitnej sivob\u00e9\u017eovej po\u0165ahovej l\u00e1tke <strong>Monte 16.<\/strong><\/p>\n<p data-start=\"74\" data-end=\"330\">Mo\u017enos\u0165 v\u00fdberu farebn\u00e9ho prevedenia zo vzorkovn\u00edka l\u00e1tok: <strong>Perfekt Harmony,\u00a0 Cremona,\u00a0 Castel\u00a0 a\u00a0 Aragon.<\/strong> Pri objedn\u00e1vke pros\u00edm uve\u010fte do pozn\u00e1mky <strong>typ l\u00e1tky.<\/strong><\/p>\n<table class=\"table-data-sheet\">\n<tbody>\n<tr class=\"odd\">\n<td>H\u013abka<\/td>\n<td>170 cm<\/td>\n<\/tr>\n<tr class=\"even\">\n<td>\u0160\u00edrka<\/td>\n<td>298 cm<\/td>\n<\/tr>\n<tr class=\"even\">\n<td>Vhodn\u00e1 miestnos\u0165<\/td>\n<td>ob\u00fdva\u010dka, spolo\u010densk\u00e1 miestnos\u0165, hotely, kaviarne<\/td>\n<\/tr>\n<tr class=\"odd\">\n<td>Typ n\u00e1bytku<\/td>\n<td>rohov\u00e1 sedacia s\u00faprava<\/td>\n<\/tr>\n<tr class=\"even\">\n<td>\u0160t\u00fdl n\u00e1bytku<\/td>\n<td>modern\u00fd<\/td>\n<\/tr>\n<tr class=\"odd\">\n<td>Z\u00e1ruka<\/td>\n<td>2 roky<\/td>\n<\/tr>\n<tr class=\"even\">\n<td>Sp\u00f4sob dodania<\/td>\n<td>demont v dvoch bal\u00edkoch<\/td>\n<\/tr>\n<tr class=\"even\">\n<td>\u00dalo\u017en\u00fd priestor<\/td>\n<td>\u00e1no<\/td>\n<\/tr>\n<tr class=\"odd\">\n<td>Rohov\u00e9 prevedenie<\/td>\n<td>\u00e1no<\/td>\n<\/tr>\n<tr class=\"even\">\n<td>V\u00fd\u0161ka<\/td>\n<td>45\/90 cm<\/td>\n<\/tr>\n<tr class=\"odd\">\n<td>Orient\u00e1cia rohu<\/td>\n<td>univerz\u00e1lna<\/td>\n<\/tr>\n<tr class=\"even\">\n<td>Mo\u017enos\u0165 rozkladania<\/td>\n<td>\u00e1no<\/td>\n<\/tr>\n<tr class=\"odd\">\n<td>Plocha na spanie<\/td>\n<td><span style=\"font-family: inherit; font-size: inherit;\">255 x 147 cm<\/span><\/td>\n<\/tr>\n<tr class=\"even\">\n<td>Kon\u0161trukcia<\/td>\n<td>DTD<\/td>\n<\/tr>\n<tr class=\"odd\">\n<td>N\u00f4\u017eky<\/td>\n<td>plast<\/td>\n<\/tr>\n<tr class=\"even\">\n<td>Obsahuje vank\u00fa\u0161e<\/td>\n<td>\u00e1no<\/td>\n<\/tr>\n<tr class=\"odd\">\n<td>Nastavenie opierok<\/td>\n<td>nie<\/td>\n<\/tr>\n<tr class=\"even\">\n<td>V\u00fdpl\u0148 seda\u010dky<\/td>\n<td>pena + pru\u017eina falista<\/td>\n<\/tr>\n<\/tbody>\n<\/table>\n","protected":false},"excerpt":{"rendered":"<p>Sedacia s\u00faprava\u00a0Dalia\u00a0poskytuje maxim\u00e1lne pohodlie pri ka\u017edodennom oddychu aj dostatok priestoru pre cel\u00fa rodinu. Seda\u010dka v\u00a0univerz\u00e1lnom preveden\u00ed\u00a0predstavuje praktick\u00e9 a flexibiln\u00e9 rie\u0161enie pre ka\u017ed\u00fa ob\u00fdva\u010dku. V\u010faka mo\u017enosti mont\u00e1\u017ee na\u00a0prav\u00fa aj \u013eav\u00fa stranu\u00a0si jednoducho prisp\u00f4sob\u00edte orient\u00e1ciu seda\u010dky pod\u013ea dispoz\u00edcie miestnosti alebo vlastn\u00fdch potrieb. Modern\u00fd rohov\u00fd dizajn efekt\u00edvne vyu\u017e\u00edva priestor v ob\u00fdva\u010dke a z\u00e1rove\u0148 vytv\u00e1ra pr\u00edjemn\u00fa z\u00f3nu na relax&#8230;.<\/p>\n","protected":false},"featured_media":127563,"comment_status":"closed","ping_status":"closed","template":"","meta":{"_seopress_robots_primary_cat":"none","_seopress_titles_title":"","_seopress_titles_desc":"","_seopress_robots_index":""},"product_brand":[],"product_cat":[8384,255,140],"product_tag":[],"class_list":{"0":"post-127562","1":"product","2":"type-product","3":"status-publish","4":"has-post-thumbnail","6":"product_cat-bestsellery-sedacie-supravy","7":"product_cat-rohove-supravy","8":"product_cat-sedacie-supravy","10":"first","11":"onbackorder","12":"shipping-taxable","13":"purchasable","14":"product-type-simple"},"_links":{"self":[{"href":"https:\/\/nabytoklaguna.sk\/sk\/wp-json\/wp\/v2\/product\/127562","targetHints":{"allow":["GET"]}}],"collection":[{"href":"https:\/\/nabytoklaguna.sk\/sk\/wp-json\/wp\/v2\/product"}],"about":[{"href":"https:\/\/nabytoklaguna.sk\/sk\/wp-json\/wp\/v2\/types\/product"}],"replies":[{"embeddable":true,"href":"https:\/\/nabytoklaguna.sk\/sk\/wp-json\/wp\/v2\/comments?post=127562"}],"wp:featuredmedia":[{"embeddable":true,"href":"https:\/\/nabytoklaguna.sk\/sk\/wp-json\/wp\/v2\/media\/127563"}],"wp:attachment":[{"href":"https:\/\/nabytoklaguna.sk\/sk\/wp-json\/wp\/v2\/media?parent=127562"}],"wp:term":[{"taxonomy":"product_brand","embeddable":true,"href":"https:\/\/nabytoklaguna.sk\/sk\/wp-json\/wp\/v2\/product_brand?post=127562"},{"taxonomy":"product_cat","embeddable":true,"href":"https:\/\/nabytoklaguna.sk\/sk\/wp-json\/wp\/v2\/product_cat?post=127562"},{"taxonomy":"product_tag","embeddable":true,"href":"https:\/\/nabytoklaguna.sk\/sk\/wp-json\/wp\/v2\/product_tag?post=127562"}],"curies":[{"name":"wp","href":"https:\/\/api.w.org\/{rel}","templated":true}]}}

<p data-start="74" data-end="330">Sedacia súprava <strong>Dalia</strong> poskytuje maximálne pohodlie pri každodennom oddychu aj dostatok priestoru pre celú rodinu. Sedačka v <strong data-start="116" data-end="142">univerzálnom prevedení</strong> predstavuje praktické a flexibilné riešenie pre každú obývačku. Vďaka možnosti montáže na <strong>pravú aj ľavú stranu</strong> si jednoducho prispôsobíte orientáciu sedačky podľa dispozície miestnosti alebo vlastných potrieb. Moderný rohový dizajn efektívne využíva priestor v obývačke a zároveň vytvára príjemnú zónu na relax. Praktický <strong>otoman </strong>ponúka pohodlné miesto na vyloženie nôh alebo dodatočné sedenie. Kompaktné rozmery zabezpečujú, že sedačka<strong> Dalia</strong> je vhodná aj do menších priestorov. Vďaka funkcii <strong data-start="462" data-end="474">rozkladu</strong> ju jednoducho premeníte na priestranné lôžko vhodné na príležitostné spanie. Praktickým doplnkom je <strong data-start="593" data-end="624">integrovaný úložný priestor</strong>, ideálny na uskladnenie posteľnej bielizne, prikrývok či sezónnych textílií, čím pomáha udržiavať poriadok v domácnosti. Výber poťahových látok — na objednávku. Ponúkame Vám ju v kvalitnej sivobéžovej poťahovej látke <strong>Monte 16.</strong></p>
<p data-start="74" data-end="330">Možnosť výberu farebného prevedenia zo vzorkovníka látok: <strong>Perfekt Harmony,  Cremona,  Castel  a  Aragon.</strong> Pri objednávke prosím uveďte do poznámky <strong>typ látky.</strong></p>
<table class="table-data-sheet">
<tbody>
<tr class="odd">
<td>Hĺbka</td>
<td>170 cm</td>
</tr>
<tr class="even">
<td>Šírka</td>
<td>298 cm</td>
</tr>
<tr class="even">
<td>Vhodná miestnosť</td>
<td>obývačka, spoločenská miestnosť, hotely, kaviarne</td>
</tr>
<tr class="odd">
<td>Typ nábytku</td>
<td>rohová sedacia súprava</td>
</tr>
<tr class="even">
<td>Štýl nábytku</td>
<td>moderný</td>
</tr>
<tr class="odd">
<td>Záruka</td>
<td>2 roky</td>
</tr>
<tr class="even">
<td>Spôsob dodania</td>
<td>demont v dvoch balíkoch</td>
</tr>
<tr class="even">
<td>Úložný priestor</td>
<td>áno</td>
</tr>
<tr class="odd">
<td>Rohové prevedenie</td>
<td>áno</td>
</tr>
<tr class="even">
<td>Výška</td>
<td>45/90 cm</td>
</tr>
<tr class="odd">
<td>Orientácia rohu</td>
<td>univerzálna</td>
</tr>
<tr class="even">
<td>Možnosť rozkladania</td>
<td>áno</td>
</tr>
<tr class="odd">
<td>Plocha na spanie</td>
<td><span style="font-family: inherit; font-size: inherit;">255 x 147 cm</span></td>
</tr>
<tr class="even">
<td>Konštrukcia</td>
<td>DTD</td>
</tr>
<tr class="odd">
<td>Nôžky</td>
<td>plast</td>
</tr>
<tr class="even">
<td>Obsahuje vankúše</td>
<td>áno</td>
</tr>
<tr class="odd">
<td>Nastavenie opierok</td>
<td>nie</td>
</tr>
<tr class="even">
<td>Výplň sedačky</td>
<td>pena + pružina falista</td>
</tr>
</tbody>
</table>

<p>Sedacia súprava Dalia poskytuje maximálne pohodlie pri každodennom oddychu aj dostatok priestoru pre celú rodinu. Sedačka v univerzálnom prevedení predstavuje praktické a flexibilné riešenie pre každú obývačku. Vďaka možnosti montáže na pravú aj ľavú stranu si jednoducho prispôsobíte orientáciu sedačky podľa dispozície miestnosti alebo vlastných potrieb. Moderný rohový dizajn efektívne využíva priestor v obývačke a zároveň vytvára príjemnú zónu na relax&#8230;.</p>
