{"id":13086,"date":"2021-02-22T16:54:36","date_gmt":"2021-02-22T15:54:36","guid":{"rendered":"http:\/\/nabytoklaguna.sk\/sk\/?post_type=product&#038;p=13086"},"modified":"2026-02-18T08:33:15","modified_gmt":"2026-02-18T07:33:15","slug":"linea-visco","status":"publish","type":"product","link":"https:\/\/nabytoklaguna.sk\/sk\/produkt\/linea-visco\/","title":{"rendered":"D.P.V. LINEA VISCO"},"content":{"rendered":"<p>Jednu stanu 5z\u00f3nov\u00e9ho matraca tvor\u00ed antibakteri\u00e1lna pena, ktor\u00e1 dok\u00e1\u017ee eliminova\u0165 v\u00fdskyt rozto\u010dov a m\u00e1 vynikaj\u00facu odolnos\u0165 proti vzniku plesn\u00ed a h\u00fab. Druh\u00e1 strana matraca pon\u00faka rozn\u00e1\u0161aciu vrstvu v VISCO peny, ktor\u00e1 poskytuje unik\u00e1tny pocit pri le\u017ean\u00ed z d\u00f4vodu reakcie tejto peny na teplotu \u013eudsk\u00e9ho tela a dokonalo sa prisp\u00f4sobuje. Matrac je vhodn\u00fd pre vy\u0161\u0161ie v\u00e1hov\u00e9 za\u0165a\u017eenie pri zachovan\u00ed maxim\u00e1lneho komfortu a dokonalej relax\u00e1cie. S\u00fa\u010das\u0165ou jadra matraca je separa\u010dn\u00fd odn\u00edmate\u013en\u00fd po\u0165ah. Celkov\u00e1 v\u00fd\u0161ka matraca v po\u0165ahu je cca 21 cm a je vhodn\u00fd na lamelov\u00fd ro\u0161t pevn\u00fd, la\u0165ov\u00fd a pevn\u00fd podklad s odvetr\u00e1van\u00edm. Matrac zaru\u010duje vysok\u00fa priedu\u0161nos\u0165 a \u017eivotnos\u0165 a je pre v\u00e1hov\u00fa kateg\u00f3riu do 150 kg. Po\u0165ah \u00faplet je prate\u013en\u00fd pri 60 stup\u0148och. <strong>Mo\u017enos\u0165 objednania aj ne\u0161tandardn\u00fdch rozmerov v cene. <\/strong><\/p>\n","protected":false},"excerpt":{"rendered":"<p><img loading=\"lazy\" decoding=\"async\" class=\"alignnone size-full wp-image-12920\" src=\"http:\/\/nabytoklaguna.sk\/sk\/wp-content\/uploads\/2017\/03\/\u010desk\u00fd-v\u00fdrobca.png\" alt=\"\" width=\"39\" height=\"47\" \/><img loading=\"lazy\" decoding=\"async\" class=\"alignnone size-full wp-image-12919\" src=\"http:\/\/nabytoklaguna.sk\/sk\/wp-content\/uploads\/2017\/03\/zdravotn\u00fd-matrac.png\" alt=\"\" width=\"39\" height=\"47\" \/><img loading=\"lazy\" decoding=\"async\" class=\"alignnone size-full wp-image-12922\" src=\"http:\/\/nabytoklaguna.sk\/sk\/wp-content\/uploads\/2017\/03\/osved\u010denie-matrace.jpg\" alt=\"\" width=\"167\" height=\"141\" \/><\/p>\n<table>\n<tbody>\n<tr>\n<td><strong>Tuhos\u0165:<\/strong><\/td>\n<td>\u00a03 a 4<\/td>\n<\/tr>\n<tr>\n<td><strong>V\u00e1hov\u00e1 kateg\u00f3ria:<\/strong><\/td>\n<td>do 150 kg<\/td>\n<\/tr>\n<tr>\n<td><strong>Po\u010det z\u00f3n:<\/strong><\/td>\n<td>5<\/td>\n<\/tr>\n<tr>\n<td><strong>Materi\u00e1l:<\/strong><\/td>\n<td>HR a VISCOpena, ta\u0161ti\u010dkov\u00e1 pru\u017eina<\/td>\n<\/tr>\n<tr>\n<td><strong>Po\u0165ah:<\/strong><\/td>\n<td>z\u00f3novo pre\u0161it\u00fd, sn\u00edmate\u013en\u00fd a prate\u013en\u00fd pri 60 stup\u0148och<\/td>\n<\/tr>\n<tr>\n<td><strong>Typ matraca<\/strong>:<\/td>\n<td>obojstrann\u00fd<\/td>\n<\/tr>\n<tr>\n<td><strong>V\u00fd\u0161ka matraca:<\/strong><\/td>\n<td>21 cm<\/td>\n<\/tr>\n<tr>\n<td><strong>V\u00fdrobca:<\/strong><\/td>\n<td>\u010cesko<\/td>\n<\/tr>\n<\/tbody>\n<\/table>\n","protected":false},"featured_media":13094,"comment_status":"closed","ping_status":"closed","template":"","meta":{"_seopress_robots_primary_cat":"1100","_seopress_titles_title":"","_seopress_titles_desc":"","_seopress_robots_index":""},"product_brand":[],"product_cat":[1100,227],"product_tag":[],"class_list":{"0":"post-13086","1":"product","2":"type-product","3":"status-publish","4":"has-post-thumbnail","6":"product_cat-klasicke","7":"product_cat-rosty-matrace","9":"first","10":"onbackorder","11":"shipping-taxable","12":"purchasable","13":"product-type-variable"},"_links":{"self":[{"href":"https:\/\/nabytoklaguna.sk\/sk\/wp-json\/wp\/v2\/product\/13086","targetHints":{"allow":["GET"]}}],"collection":[{"href":"https:\/\/nabytoklaguna.sk\/sk\/wp-json\/wp\/v2\/product"}],"about":[{"href":"https:\/\/nabytoklaguna.sk\/sk\/wp-json\/wp\/v2\/types\/product"}],"replies":[{"embeddable":true,"href":"https:\/\/nabytoklaguna.sk\/sk\/wp-json\/wp\/v2\/comments?post=13086"}],"wp:featuredmedia":[{"embeddable":true,"href":"https:\/\/nabytoklaguna.sk\/sk\/wp-json\/wp\/v2\/media\/13094"}],"wp:attachment":[{"href":"https:\/\/nabytoklaguna.sk\/sk\/wp-json\/wp\/v2\/media?parent=13086"}],"wp:term":[{"taxonomy":"product_brand","embeddable":true,"href":"https:\/\/nabytoklaguna.sk\/sk\/wp-json\/wp\/v2\/product_brand?post=13086"},{"taxonomy":"product_cat","embeddable":true,"href":"https:\/\/nabytoklaguna.sk\/sk\/wp-json\/wp\/v2\/product_cat?post=13086"},{"taxonomy":"product_tag","embeddable":true,"href":"https:\/\/nabytoklaguna.sk\/sk\/wp-json\/wp\/v2\/product_tag?post=13086"}],"curies":[{"name":"wp","href":"https:\/\/api.w.org\/{rel}","templated":true}]}}

<p>Jednu stanu 5zónového matraca tvorí antibakteriálna pena, ktorá dokáže eliminovať výskyt roztočov a má vynikajúcu odolnosť proti vzniku plesní a húb. Druhá strana matraca ponúka roznášaciu vrstvu v VISCO peny, ktorá poskytuje unikátny pocit pri ležaní z dôvodu reakcie tejto peny na teplotu ľudského tela a dokonalo sa prispôsobuje. Matrac je vhodný pre vyššie váhové zaťaženie pri zachovaní maximálneho komfortu a dokonalej relaxácie. Súčasťou jadra matraca je separačný odnímateľný poťah. Celková výška matraca v poťahu je cca 21 cm a je vhodný na lamelový rošt pevný, laťový a pevný podklad s odvetrávaním. Matrac zaručuje vysokú priedušnosť a životnosť a je pre váhovú kategóriu do 150 kg. Poťah úplet je prateľný pri 60 stupňoch. <strong>Možnosť objednania aj neštandardných rozmerov v cene. </strong></p>

<p><img loading="lazy" decoding="async" class="alignnone size-full wp-image-12920" src="http://nabytoklaguna.sk/sk/wp-content/uploads/2017/03/český-výrobca.png" alt="" width="39" height="47" /><img loading="lazy" decoding="async" class="alignnone size-full wp-image-12919" src="http://nabytoklaguna.sk/sk/wp-content/uploads/2017/03/zdravotný-matrac.png" alt="" width="39" height="47" /><img loading="lazy" decoding="async" class="alignnone size-full wp-image-12922" src="http://nabytoklaguna.sk/sk/wp-content/uploads/2017/03/osvedčenie-matrace.jpg" alt="" width="167" height="141" /></p>
<table>
<tbody>
<tr>
<td><strong>Tuhosť:</strong></td>
<td> 3 a 4</td>
</tr>
<tr>
<td><strong>Váhová kategória:</strong></td>
<td>do 150 kg</td>
</tr>
<tr>
<td><strong>Počet zón:</strong></td>
<td>5</td>
</tr>
<tr>
<td><strong>Materiál:</strong></td>
<td>HR a VISCOpena, taštičková pružina</td>
</tr>
<tr>
<td><strong>Poťah:</strong></td>
<td>zónovo prešitý, snímateľný a prateľný pri 60 stupňoch</td>
</tr>
<tr>
<td><strong>Typ matraca</strong>:</td>
<td>obojstranný</td>
</tr>
<tr>
<td><strong>Výška matraca:</strong></td>
<td>21 cm</td>
</tr>
<tr>
<td><strong>Výrobca:</strong></td>
<td>Česko</td>
</tr>
</tbody>
</table>
