{"id":13135,"date":"2021-02-22T16:54:36","date_gmt":"2021-02-22T15:54:36","guid":{"rendered":"http:\/\/nabytoklaguna.sk\/sk\/?post_type=product&#038;p=13135"},"modified":"2026-02-18T08:33:16","modified_gmt":"2026-02-18T07:33:16","slug":"akasha","status":"publish","type":"product","link":"https:\/\/nabytoklaguna.sk\/sk\/produkt\/akasha\/","title":{"rendered":"Matrac-AKASHA"},"content":{"rendered":"<p>Jadro 7z\u00f3noveho matraca je tvoren\u00e9 z\u00e1mkov\u00fdm spojom z dvoch kvalitn\u00fdch studen\u00fdch pien. Jedna strana matraca poskytuje vysok\u00fa vrstvu VISCO elastickej peny, v ktorej s\u00fa najnov\u0161ou technol\u00f3giou \u0158E\u0160ETO vytvoren\u00e9 otvory, a to a\u017e do stredu z\u00e1kladn\u00e9ho jadra. V\u010faka prepojeniu vertik\u00e1lnych a horizont\u00e1lnych otvorov je strana matraca pon\u00faka rozn\u00e1\u0161aciu vrstvu z HR studenej peny s antidekubitn\u00fdm prierezom pri\u010dom prie\u010dne a pozd\u013a\u017ene profilovanie povrchu jadra lep\u0161ie kop\u00edruje tvar tela. V\u00fd\u0161ka matraca v po\u0165ahu je cca 19 cm. Matrac je vhodn\u00fd na pevn\u00fd a polohovac\u00ed lamelov\u00fd ro\u0161t a je ur\u010den\u00fd pre v\u00e1hov\u00fa kateg\u00f3riu do 130 kg. Po\u0165ah \u00faplet je sn\u00edmate\u013en\u00fd a prate\u013en\u00fd pri 60 stup\u0148och. <strong>Mo\u017enos\u0165 objednania aj ne\u0161tandardn\u00fdch rozmerov v cene.<\/strong><\/p>\n","protected":false},"excerpt":{"rendered":"<p><img loading=\"lazy\" decoding=\"async\" class=\"alignnone size-full wp-image-12920\" src=\"http:\/\/nabytoklaguna.sk\/sk\/wp-content\/uploads\/2017\/03\/\u010desk\u00fd-v\u00fdrobca.png\" alt=\"\" width=\"39\" height=\"47\" \/><img loading=\"lazy\" decoding=\"async\" class=\"alignnone size-full wp-image-12919\" src=\"http:\/\/nabytoklaguna.sk\/sk\/wp-content\/uploads\/2017\/03\/zdravotn\u00fd-matrac.png\" alt=\"\" width=\"39\" height=\"47\" \/><img loading=\"lazy\" decoding=\"async\" class=\"alignnone size-full wp-image-12922\" src=\"http:\/\/nabytoklaguna.sk\/sk\/wp-content\/uploads\/2017\/03\/osved\u010denie-matrace.jpg\" alt=\"\" width=\"167\" height=\"141\" \/><\/p>\n<table>\n<tbody>\n<tr>\n<td><strong>Tuhos\u0165:<\/strong><\/td>\n<td>2 a 3<\/td>\n<\/tr>\n<tr>\n<td><strong>V\u00e1hov\u00e1 kateg\u00f3ria:<\/strong><\/td>\n<td>do 130 kg<\/td>\n<\/tr>\n<tr>\n<td><strong>Po\u010det z\u00f3n:<\/strong><\/td>\n<td>7<\/td>\n<\/tr>\n<tr>\n<td><strong>Materi\u00e1l:<\/strong><\/td>\n<td>HR a VISCO pena<\/td>\n<\/tr>\n<tr>\n<td><strong>Po\u0165ah:<\/strong><\/td>\n<td>z\u00f3novo pre\u0161it\u00fd, sn\u00edmate\u013en\u00fd a prate\u013en\u00fd pri 60 stup\u0148och<\/td>\n<\/tr>\n<tr>\n<td><strong>Typ matraca<\/strong>:<\/td>\n<td>obojstrann\u00fd<\/td>\n<\/tr>\n<tr>\n<td><strong>V\u00fd\u0161ka matraca:<\/strong><\/td>\n<td>19 cm<\/td>\n<\/tr>\n<tr>\n<td><strong>V\u00fdrobca:<\/strong><\/td>\n<td>\u010cesko<\/td>\n<\/tr>\n<\/tbody>\n<\/table>\n","protected":false},"featured_media":13142,"comment_status":"closed","ping_status":"closed","template":"","meta":{"_seopress_robots_primary_cat":"1100","_seopress_titles_title":"","_seopress_titles_desc":"","_seopress_robots_index":""},"product_brand":[],"product_cat":[1100,227],"product_tag":[],"class_list":{"0":"post-13135","1":"product","2":"type-product","3":"status-publish","4":"has-post-thumbnail","6":"product_cat-klasicke","7":"product_cat-rosty-matrace","9":"first","10":"onbackorder","11":"shipping-taxable","12":"purchasable","13":"product-type-variable"},"_links":{"self":[{"href":"https:\/\/nabytoklaguna.sk\/sk\/wp-json\/wp\/v2\/product\/13135","targetHints":{"allow":["GET"]}}],"collection":[{"href":"https:\/\/nabytoklaguna.sk\/sk\/wp-json\/wp\/v2\/product"}],"about":[{"href":"https:\/\/nabytoklaguna.sk\/sk\/wp-json\/wp\/v2\/types\/product"}],"replies":[{"embeddable":true,"href":"https:\/\/nabytoklaguna.sk\/sk\/wp-json\/wp\/v2\/comments?post=13135"}],"wp:featuredmedia":[{"embeddable":true,"href":"https:\/\/nabytoklaguna.sk\/sk\/wp-json\/wp\/v2\/media\/13142"}],"wp:attachment":[{"href":"https:\/\/nabytoklaguna.sk\/sk\/wp-json\/wp\/v2\/media?parent=13135"}],"wp:term":[{"taxonomy":"product_brand","embeddable":true,"href":"https:\/\/nabytoklaguna.sk\/sk\/wp-json\/wp\/v2\/product_brand?post=13135"},{"taxonomy":"product_cat","embeddable":true,"href":"https:\/\/nabytoklaguna.sk\/sk\/wp-json\/wp\/v2\/product_cat?post=13135"},{"taxonomy":"product_tag","embeddable":true,"href":"https:\/\/nabytoklaguna.sk\/sk\/wp-json\/wp\/v2\/product_tag?post=13135"}],"curies":[{"name":"wp","href":"https:\/\/api.w.org\/{rel}","templated":true}]}}

<p>Jadro 7zónoveho matraca je tvorené zámkovým spojom z dvoch kvalitných studených pien. Jedna strana matraca poskytuje vysokú vrstvu VISCO elastickej peny, v ktorej sú najnovšou technológiou ŘEŠETO vytvorené otvory, a to až do stredu základného jadra. Vďaka prepojeniu vertikálnych a horizontálnych otvorov je strana matraca ponúka roznášaciu vrstvu z HR studenej peny s antidekubitným prierezom pričom priečne a pozdĺžne profilovanie povrchu jadra lepšie kopíruje tvar tela. Výška matraca v poťahu je cca 19 cm. Matrac je vhodný na pevný a polohovací lamelový rošt a je určený pre váhovú kategóriu do 130 kg. Poťah úplet je snímateľný a prateľný pri 60 stupňoch. <strong>Možnosť objednania aj neštandardných rozmerov v cene.</strong></p>

<p><img loading="lazy" decoding="async" class="alignnone size-full wp-image-12920" src="http://nabytoklaguna.sk/sk/wp-content/uploads/2017/03/český-výrobca.png" alt="" width="39" height="47" /><img loading="lazy" decoding="async" class="alignnone size-full wp-image-12919" src="http://nabytoklaguna.sk/sk/wp-content/uploads/2017/03/zdravotný-matrac.png" alt="" width="39" height="47" /><img loading="lazy" decoding="async" class="alignnone size-full wp-image-12922" src="http://nabytoklaguna.sk/sk/wp-content/uploads/2017/03/osvedčenie-matrace.jpg" alt="" width="167" height="141" /></p>
<table>
<tbody>
<tr>
<td><strong>Tuhosť:</strong></td>
<td>2 a 3</td>
</tr>
<tr>
<td><strong>Váhová kategória:</strong></td>
<td>do 130 kg</td>
</tr>
<tr>
<td><strong>Počet zón:</strong></td>
<td>7</td>
</tr>
<tr>
<td><strong>Materiál:</strong></td>
<td>HR a VISCO pena</td>
</tr>
<tr>
<td><strong>Poťah:</strong></td>
<td>zónovo prešitý, snímateľný a prateľný pri 60 stupňoch</td>
</tr>
<tr>
<td><strong>Typ matraca</strong>:</td>
<td>obojstranný</td>
</tr>
<tr>
<td><strong>Výška matraca:</strong></td>
<td>19 cm</td>
</tr>
<tr>
<td><strong>Výrobca:</strong></td>
<td>Česko</td>
</tr>
</tbody>
</table>
