{"id":13188,"date":"2021-02-22T16:54:36","date_gmt":"2021-02-22T15:54:36","guid":{"rendered":"http:\/\/nabytoklaguna.sk\/sk\/?post_type=product&#038;p=13188"},"modified":"2026-02-18T08:33:16","modified_gmt":"2026-02-18T07:33:16","slug":"adell-2","status":"publish","type":"product","link":"https:\/\/nabytoklaguna.sk\/sk\/produkt\/adell-2\/","title":{"rendered":"D.P.V ADELL"},"content":{"rendered":"<p>Ve\u013emi kvalitn\u00fd 5z\u00f3nov\u00fd matrac vyroben\u00fd z dvoch d\u00f4myselne profilovan\u00fdch dielov s horizont\u00e1lnymi prieduchmi pre dokonal\u00e9 odvetr\u00e1vanie. Jadro matraca je vyroben\u00e9 z vysoko kvalitnej a priedu\u0161nej SLEEPFOAM peny, ktor\u00e1 vynik\u00e1 svojou v\u00fdbornou elasticitou, tvarovou st\u00e1los\u0165ou a dlhou \u017eivotnos\u0165ou. Matrac sa v\u010faka v\u00fdrazn\u00e9mu prierezu dok\u00e1\u017ee dokonalo prisp\u00f4sobi\u0165 obrysom \u013eudsk\u00e9ho tela a t\u00fdm sa zvy\u0161uje komfort sp\u00e1nku. V\u010faka rozdielnym objemov\u00fdm hmotnostiam pien matrac poskytuje tvrd\u0161iu a m\u00e4k\u0161iu stranu. Matrac je vhodn\u00fd na lamelov\u00fd ro\u0161t pevn\u00fd aj polohovate\u013en\u00fd, a je ur\u010den\u00fd pre v\u00e1hov\u00fa kateg\u00f3riu do 100 kg. Celkov\u00e1 v\u00fd\u0161ka matraca v po\u0165ahu je 19 cm. Po\u0165ah \u00faplet je prate\u013en\u00fd pri teplote 60 stup\u0148ov. <strong>Mo\u017enos\u0165 objednania aj ne\u0161tandardn\u00fdch rozmerov v cene. <\/strong><\/p>\n","protected":false},"excerpt":{"rendered":"<table>\n<tbody>\n<tr>\n<td><strong>Tuhos\u0165:<\/strong><\/td>\n<td>2 a 3<\/td>\n<\/tr>\n<tr>\n<td><strong>V\u00e1hov\u00e1 kateg\u00f3ria:<\/strong><\/td>\n<td>do 100 kg<\/td>\n<\/tr>\n<tr>\n<td><strong>Po\u010det z\u00f3n:<\/strong><\/td>\n<td>5<\/td>\n<\/tr>\n<tr>\n<td><strong>Materi\u00e1l:<\/strong><\/td>\n<td>PUR pena<\/td>\n<\/tr>\n<tr>\n<td><strong>Po\u0165ah:<\/strong><\/td>\n<td>z\u00f3novo pre\u0161it\u00fd, sn\u00edmate\u013en\u00fd a prate\u013en\u00fd pri 60 stup\u0148och<\/td>\n<\/tr>\n<tr>\n<td><strong>Typ matraca<\/strong>:<\/td>\n<td>obojstrann\u00fd<\/td>\n<\/tr>\n<tr>\n<td><strong>V\u00fd\u0161ka matraca:<\/strong><\/td>\n<td>19 cm<\/td>\n<\/tr>\n<tr>\n<td><strong>V\u00fdrobca:<\/strong><\/td>\n<td>\u010cesko<\/td>\n<\/tr>\n<\/tbody>\n<\/table>\n<p><img loading=\"lazy\" decoding=\"async\" class=\"alignnone size-full wp-image-12920\" src=\"http:\/\/nabytoklaguna.sk\/sk\/wp-content\/uploads\/2017\/03\/\u010desk\u00fd-v\u00fdrobca.png\" alt=\"\" width=\"39\" height=\"47\" \/><img loading=\"lazy\" decoding=\"async\" class=\"alignnone size-full wp-image-12919\" src=\"http:\/\/nabytoklaguna.sk\/sk\/wp-content\/uploads\/2017\/03\/zdravotn\u00fd-matrac.png\" alt=\"\" width=\"39\" height=\"47\" \/><img loading=\"lazy\" decoding=\"async\" class=\"alignnone size-full wp-image-12922\" src=\"http:\/\/nabytoklaguna.sk\/sk\/wp-content\/uploads\/2017\/03\/osved\u010denie-matrace.jpg\" alt=\"\" width=\"167\" height=\"141\" \/><\/p>\n","protected":false},"featured_media":13189,"comment_status":"closed","ping_status":"closed","template":"","meta":{"_seopress_robots_primary_cat":"1100","_seopress_titles_title":"","_seopress_titles_desc":"","_seopress_robots_index":""},"product_brand":[],"product_cat":[1100,227],"product_tag":[],"class_list":{"0":"post-13188","1":"product","2":"type-product","3":"status-publish","4":"has-post-thumbnail","6":"product_cat-klasicke","7":"product_cat-rosty-matrace","9":"first","10":"onbackorder","11":"shipping-taxable","12":"purchasable","13":"product-type-variable"},"_links":{"self":[{"href":"https:\/\/nabytoklaguna.sk\/sk\/wp-json\/wp\/v2\/product\/13188","targetHints":{"allow":["GET"]}}],"collection":[{"href":"https:\/\/nabytoklaguna.sk\/sk\/wp-json\/wp\/v2\/product"}],"about":[{"href":"https:\/\/nabytoklaguna.sk\/sk\/wp-json\/wp\/v2\/types\/product"}],"replies":[{"embeddable":true,"href":"https:\/\/nabytoklaguna.sk\/sk\/wp-json\/wp\/v2\/comments?post=13188"}],"wp:featuredmedia":[{"embeddable":true,"href":"https:\/\/nabytoklaguna.sk\/sk\/wp-json\/wp\/v2\/media\/13189"}],"wp:attachment":[{"href":"https:\/\/nabytoklaguna.sk\/sk\/wp-json\/wp\/v2\/media?parent=13188"}],"wp:term":[{"taxonomy":"product_brand","embeddable":true,"href":"https:\/\/nabytoklaguna.sk\/sk\/wp-json\/wp\/v2\/product_brand?post=13188"},{"taxonomy":"product_cat","embeddable":true,"href":"https:\/\/nabytoklaguna.sk\/sk\/wp-json\/wp\/v2\/product_cat?post=13188"},{"taxonomy":"product_tag","embeddable":true,"href":"https:\/\/nabytoklaguna.sk\/sk\/wp-json\/wp\/v2\/product_tag?post=13188"}],"curies":[{"name":"wp","href":"https:\/\/api.w.org\/{rel}","templated":true}]}}

<p>Veľmi kvalitný 5zónový matrac vyrobený z dvoch dômyselne profilovaných dielov s horizontálnymi prieduchmi pre dokonalé odvetrávanie. Jadro matraca je vyrobené z vysoko kvalitnej a priedušnej SLEEPFOAM peny, ktorá vyniká svojou výbornou elasticitou, tvarovou stálosťou a dlhou životnosťou. Matrac sa vďaka výraznému prierezu dokáže dokonalo prispôsobiť obrysom ľudského tela a tým sa zvyšuje komfort spánku. Vďaka rozdielnym objemovým hmotnostiam pien matrac poskytuje tvrdšiu a mäkšiu stranu. Matrac je vhodný na lamelový rošt pevný aj polohovateľný, a je určený pre váhovú kategóriu do 100 kg. Celková výška matraca v poťahu je 19 cm. Poťah úplet je prateľný pri teplote 60 stupňov. <strong>Možnosť objednania aj neštandardných rozmerov v cene. </strong></p>

<table>
<tbody>
<tr>
<td><strong>Tuhosť:</strong></td>
<td>2 a 3</td>
</tr>
<tr>
<td><strong>Váhová kategória:</strong></td>
<td>do 100 kg</td>
</tr>
<tr>
<td><strong>Počet zón:</strong></td>
<td>5</td>
</tr>
<tr>
<td><strong>Materiál:</strong></td>
<td>PUR pena</td>
</tr>
<tr>
<td><strong>Poťah:</strong></td>
<td>zónovo prešitý, snímateľný a prateľný pri 60 stupňoch</td>
</tr>
<tr>
<td><strong>Typ matraca</strong>:</td>
<td>obojstranný</td>
</tr>
<tr>
<td><strong>Výška matraca:</strong></td>
<td>19 cm</td>
</tr>
<tr>
<td><strong>Výrobca:</strong></td>
<td>Česko</td>
</tr>
</tbody>
</table>
<p><img loading="lazy" decoding="async" class="alignnone size-full wp-image-12920" src="http://nabytoklaguna.sk/sk/wp-content/uploads/2017/03/český-výrobca.png" alt="" width="39" height="47" /><img loading="lazy" decoding="async" class="alignnone size-full wp-image-12919" src="http://nabytoklaguna.sk/sk/wp-content/uploads/2017/03/zdravotný-matrac.png" alt="" width="39" height="47" /><img loading="lazy" decoding="async" class="alignnone size-full wp-image-12922" src="http://nabytoklaguna.sk/sk/wp-content/uploads/2017/03/osvedčenie-matrace.jpg" alt="" width="167" height="141" /></p>
