{"id":14194,"date":"2021-02-22T16:54:36","date_gmt":"2021-02-22T15:54:36","guid":{"rendered":"http:\/\/nabytoklaguna.sk\/sk\/?post_type=product&#038;p=14194"},"modified":"2026-02-18T08:33:16","modified_gmt":"2026-02-18T07:33:16","slug":"caresa-hard","status":"publish","type":"product","link":"https:\/\/nabytoklaguna.sk\/sk\/produkt\/caresa-hard\/","title":{"rendered":"Matrac CARESA HARD D.P.V.s.r.o"},"content":{"rendered":"<p>Dvojtuhostn\u00fd matrac zlo\u017een\u00fd z dvoch typov kvalitn\u00fdch studen\u00fdch pien pon\u00faka v\u00fdber Soft a Hard strany. Jadro s vysoko prepracovanou profil\u00e1ciou je spojen\u00e9 z\u00e1mkov\u00fdm spojom bez pou\u017eitia lepidiel. Povrch s antidekubitn\u00fdm prierezom sa naj\u010dastej\u0161ie vyu\u017e\u00edva v oblasti zdravotn\u00edctva. Prie\u010dne a pozd\u013a\u017ene profilovanie povrchu jadra lep\u0161ie odv\u00e1dza vlhkos\u0165 a dokonalo kop\u00edruje tvar tela, v-\u010faka \u010domu br\u00e1ni vzniku dekubitov &#8211; prele\u017ean\u00edn. <strong>Matrac je mo\u017en\u00e9 objedna\u0165 aj v ne\u0161tandardn\u00fdch rozmeroch v cene. <\/strong><\/p>\n<p><strong>Z\u00e1ruka na matrac je 3 roky.<\/strong><\/p>\n<p>&nbsp;<\/p>\n","protected":false},"excerpt":{"rendered":"<p><img loading=\"lazy\" decoding=\"async\" class=\"alignnone size-full wp-image-14075\" src=\"http:\/\/nabytoklaguna.sk\/sk\/wp-content\/uploads\/2017\/03\/\u010desk\u00fd-v\u00fdrobok-2.png\" alt=\"\" width=\"39\" height=\"47\" \/><img loading=\"lazy\" decoding=\"async\" class=\"alignnone size-full wp-image-14077\" src=\"http:\/\/nabytoklaguna.sk\/sk\/wp-content\/uploads\/2017\/03\/zdravotn\u00fd-2.png\" alt=\"\" width=\"39\" height=\"47\" \/><img loading=\"lazy\" decoding=\"async\" class=\"alignnone size-full wp-image-14009\" src=\"http:\/\/nabytoklaguna.sk\/sk\/wp-content\/uploads\/2017\/03\/certifik\u00e1t-1.jpg\" alt=\"\" width=\"167\" height=\"141\" \/><\/p>\n<table width=\"867\">\n<tbody>\n<tr>\n<td width=\"262\"><strong>V\u00fd\u0161ka matraca:<\/strong><\/td>\n<td width=\"599\">18 cm<\/td>\n<\/tr>\n<tr>\n<td width=\"262\"><strong>V\u00e1hov\u00e1 kateg\u00f3ria:<\/strong><\/td>\n<td width=\"599\">do 130 kg<\/td>\n<\/tr>\n<tr>\n<td width=\"262\"><strong>Po\u010det z\u00f3n:<\/strong><\/td>\n<td width=\"599\">7<\/td>\n<\/tr>\n<tr>\n<td width=\"262\"><strong>Materi\u00e1l:<\/strong><\/td>\n<td width=\"599\">HR<\/td>\n<\/tr>\n<tr>\n<td width=\"262\"><strong>Po\u0165ah:<\/strong><\/td>\n<td width=\"599\">z\u00f3novo pre\u0161it\u00fd, sn\u00edmate\u013en\u00fd a prate\u013en\u00fd<\/td>\n<\/tr>\n<tr>\n<td width=\"262\">\u00a0<strong>Typ matraca:<\/strong><\/td>\n<td width=\"599\">zdravotn\u00fd, obojstrann\u00fd,<\/td>\n<\/tr>\n<tr>\n<td width=\"262\"><strong>V\u00fdrobca:<\/strong><\/td>\n<td width=\"599\">\u010cesko<\/td>\n<\/tr>\n<tr>\n<td width=\"262\"><strong>Tuhos\u0165 :<\/strong><\/td>\n<td width=\"599\">3 a 4<\/td>\n<\/tr>\n<\/tbody>\n<\/table>\n<p>&nbsp;<\/p>\n","protected":false},"featured_media":14202,"comment_status":"closed","ping_status":"closed","template":"","meta":{"_seopress_robots_primary_cat":"1100","_seopress_titles_title":"","_seopress_titles_desc":"","_seopress_robots_index":""},"product_brand":[],"product_cat":[1100,227],"product_tag":[],"class_list":{"0":"post-14194","1":"product","2":"type-product","3":"status-publish","4":"has-post-thumbnail","6":"product_cat-klasicke","7":"product_cat-rosty-matrace","9":"first","10":"onbackorder","11":"shipping-taxable","12":"purchasable","13":"product-type-variable"},"_links":{"self":[{"href":"https:\/\/nabytoklaguna.sk\/sk\/wp-json\/wp\/v2\/product\/14194","targetHints":{"allow":["GET"]}}],"collection":[{"href":"https:\/\/nabytoklaguna.sk\/sk\/wp-json\/wp\/v2\/product"}],"about":[{"href":"https:\/\/nabytoklaguna.sk\/sk\/wp-json\/wp\/v2\/types\/product"}],"replies":[{"embeddable":true,"href":"https:\/\/nabytoklaguna.sk\/sk\/wp-json\/wp\/v2\/comments?post=14194"}],"wp:featuredmedia":[{"embeddable":true,"href":"https:\/\/nabytoklaguna.sk\/sk\/wp-json\/wp\/v2\/media\/14202"}],"wp:attachment":[{"href":"https:\/\/nabytoklaguna.sk\/sk\/wp-json\/wp\/v2\/media?parent=14194"}],"wp:term":[{"taxonomy":"product_brand","embeddable":true,"href":"https:\/\/nabytoklaguna.sk\/sk\/wp-json\/wp\/v2\/product_brand?post=14194"},{"taxonomy":"product_cat","embeddable":true,"href":"https:\/\/nabytoklaguna.sk\/sk\/wp-json\/wp\/v2\/product_cat?post=14194"},{"taxonomy":"product_tag","embeddable":true,"href":"https:\/\/nabytoklaguna.sk\/sk\/wp-json\/wp\/v2\/product_tag?post=14194"}],"curies":[{"name":"wp","href":"https:\/\/api.w.org\/{rel}","templated":true}]}}

<p>Dvojtuhostný matrac zložený z dvoch typov kvalitných studených pien ponúka výber Soft a Hard strany. Jadro s vysoko prepracovanou profiláciou je spojené zámkovým spojom bez použitia lepidiel. Povrch s antidekubitným prierezom sa najčastejšie využíva v oblasti zdravotníctva. Priečne a pozdĺžne profilovanie povrchu jadra lepšie odvádza vlhkosť a dokonalo kopíruje tvar tela, v-ďaka čomu bráni vzniku dekubitov &#8211; preležanín. <strong>Matrac je možné objednať aj v neštandardných rozmeroch v cene. </strong></p>
<p><strong>Záruka na matrac je 3 roky.</strong></p>
<p>&nbsp;</p>

<p><img loading="lazy" decoding="async" class="alignnone size-full wp-image-14075" src="http://nabytoklaguna.sk/sk/wp-content/uploads/2017/03/český-výrobok-2.png" alt="" width="39" height="47" /><img loading="lazy" decoding="async" class="alignnone size-full wp-image-14077" src="http://nabytoklaguna.sk/sk/wp-content/uploads/2017/03/zdravotný-2.png" alt="" width="39" height="47" /><img loading="lazy" decoding="async" class="alignnone size-full wp-image-14009" src="http://nabytoklaguna.sk/sk/wp-content/uploads/2017/03/certifikát-1.jpg" alt="" width="167" height="141" /></p>
<table width="867">
<tbody>
<tr>
<td width="262"><strong>Výška matraca:</strong></td>
<td width="599">18 cm</td>
</tr>
<tr>
<td width="262"><strong>Váhová kategória:</strong></td>
<td width="599">do 130 kg</td>
</tr>
<tr>
<td width="262"><strong>Počet zón:</strong></td>
<td width="599">7</td>
</tr>
<tr>
<td width="262"><strong>Materiál:</strong></td>
<td width="599">HR</td>
</tr>
<tr>
<td width="262"><strong>Poťah:</strong></td>
<td width="599">zónovo prešitý, snímateľný a prateľný</td>
</tr>
<tr>
<td width="262"> <strong>Typ matraca:</strong></td>
<td width="599">zdravotný, obojstranný,</td>
</tr>
<tr>
<td width="262"><strong>Výrobca:</strong></td>
<td width="599">Česko</td>
</tr>
<tr>
<td width="262"><strong>Tuhosť :</strong></td>
<td width="599">3 a 4</td>
</tr>
</tbody>
</table>
<p>&nbsp;</p>
