{"id":14251,"date":"2021-02-22T16:54:36","date_gmt":"2021-02-22T15:54:36","guid":{"rendered":"http:\/\/nabytoklaguna.sk\/sk\/?post_type=product&#038;p=14251"},"modified":"2026-02-18T08:33:16","modified_gmt":"2026-02-18T07:33:16","slug":"kaliope","status":"publish","type":"product","link":"https:\/\/nabytoklaguna.sk\/sk\/produkt\/kaliope\/","title":{"rendered":"D.P.V Matrac D.P.V KALIOPE"},"content":{"rendered":"<p>Luxusn\u00fd matrac s jadrom z ta\u0161ti\u010dkov\u00fdch pru\u017e\u00edn v kombin\u00e1cii s vysoko komfortn\u00fdmi studen\u00fdmi HR penami. Povrch jadra s antidekubitn\u00fdm prierezom sl\u00fa\u017ei ako prevencia proti vzniku prele\u017ean\u00edn. 5-z\u00f3nov\u00e9 ta\u0161ti\u010dkov\u00e9 jadro matraca je zlo\u017een\u00e9 z ve\u013ek\u00e9ho po\u010dtu pru\u017e\u00edn, ktor\u00e9 s\u00fa samostatne zabalen\u00e9 do ta\u0161ti\u010dky z netkanej text\u00edlie a v\u010faka tomu ka\u017ed\u00e1 pru\u017einka dok\u00e1\u017ee samostatne reagova\u0165 na za\u0165a\u017eenie, \u010d\u00edm s\u00fa dosiahnut\u00e9 optim\u00e1lne ortopedick\u00e9 vlastnosti.<strong> Mo\u017enos\u0165 objednania matraca aj v ne\u0161tandardn\u00fdch rozmeroch v cene. <\/strong><\/p>\n<p><strong>Z\u00e1ruka na\u00a0 matrac je 3 roky.<\/strong><\/p>\n","protected":false},"excerpt":{"rendered":"<p><img loading=\"lazy\" decoding=\"async\" class=\"alignnone size-full wp-image-14075\" src=\"http:\/\/nabytoklaguna.sk\/sk\/wp-content\/uploads\/2017\/03\/\u010desk\u00fd-v\u00fdrobok-2.png\" alt=\"\" width=\"39\" height=\"47\" \/><img loading=\"lazy\" decoding=\"async\" class=\"alignnone size-full wp-image-14077\" src=\"http:\/\/nabytoklaguna.sk\/sk\/wp-content\/uploads\/2017\/03\/zdravotn\u00fd-2.png\" alt=\"\" width=\"39\" height=\"47\" \/><img loading=\"lazy\" decoding=\"async\" class=\"alignnone size-full wp-image-14009\" src=\"http:\/\/nabytoklaguna.sk\/sk\/wp-content\/uploads\/2017\/03\/certifik\u00e1t-1.jpg\" alt=\"\" width=\"167\" height=\"141\" \/><\/p>\n<table width=\"867\">\n<tbody>\n<tr>\n<td width=\"262\"><strong>V\u00fd\u0161ka matraca:<\/strong><\/td>\n<td width=\"599\">22 cm<\/td>\n<\/tr>\n<tr>\n<td width=\"262\"><strong>V\u00e1hov\u00e1 kateg\u00f3ria:<\/strong><\/td>\n<td width=\"599\">do 150 kg<\/td>\n<\/tr>\n<tr>\n<td width=\"262\"><strong>Po\u010det z\u00f3n:<\/strong><\/td>\n<td width=\"599\">5<\/td>\n<\/tr>\n<tr>\n<td width=\"262\"><strong>Materi\u00e1l:<\/strong><\/td>\n<td width=\"599\">HR<\/td>\n<\/tr>\n<tr>\n<td width=\"262\"><strong>Po\u0165ah:<\/strong><\/td>\n<td width=\"599\">z\u00f3novo pre\u0161it\u00fd, sn\u00edmate\u013en\u00fd a prate\u013en\u00fd<\/td>\n<\/tr>\n<tr>\n<td width=\"262\">\u00a0<strong>Typ matraca:<\/strong><\/td>\n<td width=\"599\">zdravotn\u00fd, obojstrann\u00fd,<\/td>\n<\/tr>\n<tr>\n<td width=\"262\"><strong>V\u00fdrobca:<\/strong><\/td>\n<td width=\"599\">\u010cesko<\/td>\n<\/tr>\n<tr>\n<td width=\"262\"><strong>Tuhos\u0165 :<\/strong><\/td>\n<td width=\"599\">2 a 3<\/td>\n<\/tr>\n<\/tbody>\n<\/table>\n<p>&nbsp;<\/p>\n","protected":false},"featured_media":14259,"comment_status":"closed","ping_status":"closed","template":"","meta":{"_seopress_robots_primary_cat":"1100","_seopress_titles_title":"","_seopress_titles_desc":"","_seopress_robots_index":""},"product_brand":[],"product_cat":[1100,227],"product_tag":[],"class_list":{"0":"post-14251","1":"product","2":"type-product","3":"status-publish","4":"has-post-thumbnail","6":"product_cat-klasicke","7":"product_cat-rosty-matrace","9":"first","10":"onbackorder","11":"shipping-taxable","12":"purchasable","13":"product-type-variable"},"_links":{"self":[{"href":"https:\/\/nabytoklaguna.sk\/sk\/wp-json\/wp\/v2\/product\/14251","targetHints":{"allow":["GET"]}}],"collection":[{"href":"https:\/\/nabytoklaguna.sk\/sk\/wp-json\/wp\/v2\/product"}],"about":[{"href":"https:\/\/nabytoklaguna.sk\/sk\/wp-json\/wp\/v2\/types\/product"}],"replies":[{"embeddable":true,"href":"https:\/\/nabytoklaguna.sk\/sk\/wp-json\/wp\/v2\/comments?post=14251"}],"wp:featuredmedia":[{"embeddable":true,"href":"https:\/\/nabytoklaguna.sk\/sk\/wp-json\/wp\/v2\/media\/14259"}],"wp:attachment":[{"href":"https:\/\/nabytoklaguna.sk\/sk\/wp-json\/wp\/v2\/media?parent=14251"}],"wp:term":[{"taxonomy":"product_brand","embeddable":true,"href":"https:\/\/nabytoklaguna.sk\/sk\/wp-json\/wp\/v2\/product_brand?post=14251"},{"taxonomy":"product_cat","embeddable":true,"href":"https:\/\/nabytoklaguna.sk\/sk\/wp-json\/wp\/v2\/product_cat?post=14251"},{"taxonomy":"product_tag","embeddable":true,"href":"https:\/\/nabytoklaguna.sk\/sk\/wp-json\/wp\/v2\/product_tag?post=14251"}],"curies":[{"name":"wp","href":"https:\/\/api.w.org\/{rel}","templated":true}]}}

<p>Luxusný matrac s jadrom z taštičkových pružín v kombinácii s vysoko komfortnými studenými HR penami. Povrch jadra s antidekubitným prierezom slúži ako prevencia proti vzniku preležanín. 5-zónové taštičkové jadro matraca je zložené z veľkého počtu pružín, ktoré sú samostatne zabalené do taštičky z netkanej textílie a vďaka tomu každá pružinka dokáže samostatne reagovať na zaťaženie, čím sú dosiahnuté optimálne ortopedické vlastnosti.<strong> Možnosť objednania matraca aj v neštandardných rozmeroch v cene. </strong></p>
<p><strong>Záruka na  matrac je 3 roky.</strong></p>

<p><img loading="lazy" decoding="async" class="alignnone size-full wp-image-14075" src="http://nabytoklaguna.sk/sk/wp-content/uploads/2017/03/český-výrobok-2.png" alt="" width="39" height="47" /><img loading="lazy" decoding="async" class="alignnone size-full wp-image-14077" src="http://nabytoklaguna.sk/sk/wp-content/uploads/2017/03/zdravotný-2.png" alt="" width="39" height="47" /><img loading="lazy" decoding="async" class="alignnone size-full wp-image-14009" src="http://nabytoklaguna.sk/sk/wp-content/uploads/2017/03/certifikát-1.jpg" alt="" width="167" height="141" /></p>
<table width="867">
<tbody>
<tr>
<td width="262"><strong>Výška matraca:</strong></td>
<td width="599">22 cm</td>
</tr>
<tr>
<td width="262"><strong>Váhová kategória:</strong></td>
<td width="599">do 150 kg</td>
</tr>
<tr>
<td width="262"><strong>Počet zón:</strong></td>
<td width="599">5</td>
</tr>
<tr>
<td width="262"><strong>Materiál:</strong></td>
<td width="599">HR</td>
</tr>
<tr>
<td width="262"><strong>Poťah:</strong></td>
<td width="599">zónovo prešitý, snímateľný a prateľný</td>
</tr>
<tr>
<td width="262"> <strong>Typ matraca:</strong></td>
<td width="599">zdravotný, obojstranný,</td>
</tr>
<tr>
<td width="262"><strong>Výrobca:</strong></td>
<td width="599">Česko</td>
</tr>
<tr>
<td width="262"><strong>Tuhosť :</strong></td>
<td width="599">2 a 3</td>
</tr>
</tbody>
</table>
<p>&nbsp;</p>
