{"id":14764,"date":"2021-02-22T16:54:36","date_gmt":"2021-02-22T15:54:36","guid":{"rendered":"http:\/\/nabytoklaguna.sk\/sk\/?post_type=product&#038;p=14764"},"modified":"2026-02-19T13:20:08","modified_gmt":"2026-02-19T12:20:08","slug":"remi04","status":"publish","type":"product","link":"https:\/\/nabytoklaguna.sk\/sk\/produkt\/remi04\/","title":{"rendered":"REMI 04 komoda"},"content":{"rendered":"<p>Modern\u00e1 4- z\u00e1suvkov\u00e1 komoda bez \u00fachytiek. Kvalitn\u00e9 spracovanie-ABS hrany. Gu\u013e\u00f4\u010dkov\u00e9 vedenie \/pln\u00fd v\u00fdsuv\/. Mo\u017enos\u0165 v\u00fdberu farebn\u00e9ho prevedenia.<\/p>\n<p>Rozmer\/\u0160xHxV\/:54,5x35x105cm<\/p>\n<p><strong>Parametre v\u00fdrobku<\/strong><\/p>\n<table border=\"0\" cellspacing=\"5\" cellpadding=\"1\">\n<tbody>\n<tr>\n<td><strong>Typ v\u00fdrobku<\/strong><\/td>\n<td>Komoda<\/td>\n<\/tr>\n<tr>\n<td><strong>Materi\u00e1l<\/strong><\/td>\n<td>DTD<\/td>\n<\/tr>\n<tr>\n<td><strong>ABS hrany<\/strong><\/td>\n<td>\u00e1no<\/td>\n<\/tr>\n<tr>\n<td><strong>Rozmery \u0161xhxv<\/strong><\/td>\n<td>54,5x35x105cm<\/td>\n<\/tr>\n<tr>\n<td><strong>Balenie<\/strong><\/td>\n<td>demont<\/td>\n<\/tr>\n<tr>\n<td><strong>Z\u00e1ruka<\/strong><\/td>\n<td>2 roky<\/td>\n<\/tr>\n<\/tbody>\n<\/table>\n","protected":false},"excerpt":{"rendered":"<p>Modern\u00e1 4- z\u00e1suvkov\u00e1 komoda bez \u00fachytiek. Kvalitn\u00e9 spracovanie-ABS hrany. Gu\u013e\u00f4\u010dkov\u00e9 vedenie \/pln\u00fd v\u00fdsuv\/. Mo\u017enos\u0165 v\u00fdberu farebn\u00e9ho prevedenia. Rozmer\/\u0160xHxV\/:54,5x35x105cm Parametre v\u00fdrobku Typ v\u00fdrobku Komoda Materi\u00e1l DTD ABS hrany \u00e1no Rozmery \u0161xhxv 54,5x35x105cm Balenie demont Z\u00e1ruka 2 roky<\/p>\n","protected":false},"featured_media":124675,"comment_status":"closed","ping_status":"closed","template":"","meta":{"_seopress_robots_primary_cat":"none","_seopress_titles_title":"","_seopress_titles_desc":"","_seopress_robots_index":""},"product_brand":[],"product_cat":[222],"product_tag":[],"class_list":{"0":"post-14764","1":"product","2":"type-product","3":"status-publish","4":"has-post-thumbnail","6":"product_cat-komody","8":"first","9":"instock","10":"shipping-taxable","11":"purchasable","12":"product-type-variable"},"_links":{"self":[{"href":"https:\/\/nabytoklaguna.sk\/sk\/wp-json\/wp\/v2\/product\/14764","targetHints":{"allow":["GET"]}}],"collection":[{"href":"https:\/\/nabytoklaguna.sk\/sk\/wp-json\/wp\/v2\/product"}],"about":[{"href":"https:\/\/nabytoklaguna.sk\/sk\/wp-json\/wp\/v2\/types\/product"}],"replies":[{"embeddable":true,"href":"https:\/\/nabytoklaguna.sk\/sk\/wp-json\/wp\/v2\/comments?post=14764"}],"wp:featuredmedia":[{"embeddable":true,"href":"https:\/\/nabytoklaguna.sk\/sk\/wp-json\/wp\/v2\/media\/124675"}],"wp:attachment":[{"href":"https:\/\/nabytoklaguna.sk\/sk\/wp-json\/wp\/v2\/media?parent=14764"}],"wp:term":[{"taxonomy":"product_brand","embeddable":true,"href":"https:\/\/nabytoklaguna.sk\/sk\/wp-json\/wp\/v2\/product_brand?post=14764"},{"taxonomy":"product_cat","embeddable":true,"href":"https:\/\/nabytoklaguna.sk\/sk\/wp-json\/wp\/v2\/product_cat?post=14764"},{"taxonomy":"product_tag","embeddable":true,"href":"https:\/\/nabytoklaguna.sk\/sk\/wp-json\/wp\/v2\/product_tag?post=14764"}],"curies":[{"name":"wp","href":"https:\/\/api.w.org\/{rel}","templated":true}]}}

<p>Moderná 4- zásuvková komoda bez úchytiek. Kvalitné spracovanie-ABS hrany. Guľôčkové vedenie /plný výsuv/. Možnosť výberu farebného prevedenia.</p>
<p>Rozmer/ŠxHxV/:54,5x35x105cm</p>
<p><strong>Parametre výrobku</strong></p>
<table border="0" cellspacing="5" cellpadding="1">
<tbody>
<tr>
<td><strong>Typ výrobku</strong></td>
<td>Komoda</td>
</tr>
<tr>
<td><strong>Materiál</strong></td>
<td>DTD</td>
</tr>
<tr>
<td><strong>ABS hrany</strong></td>
<td>áno</td>
</tr>
<tr>
<td><strong>Rozmery šxhxv</strong></td>
<td>54,5x35x105cm</td>
</tr>
<tr>
<td><strong>Balenie</strong></td>
<td>demont</td>
</tr>
<tr>
<td><strong>Záruka</strong></td>
<td>2 roky</td>
</tr>
</tbody>
</table>

<p>Moderná 4- zásuvková komoda bez úchytiek. Kvalitné spracovanie-ABS hrany. Guľôčkové vedenie /plný výsuv/. Možnosť výberu farebného prevedenia. Rozmer/ŠxHxV/:54,5x35x105cm Parametre výrobku Typ výrobku Komoda Materiál DTD ABS hrany áno Rozmery šxhxv 54,5x35x105cm Balenie demont Záruka 2 roky</p>
