{"id":15873,"date":"2021-02-22T16:54:36","date_gmt":"2021-02-22T15:54:36","guid":{"rendered":"http:\/\/nabytoklaguna.sk\/sk\/?post_type=product&#038;p=15873"},"modified":"2025-09-02T12:01:14","modified_gmt":"2025-09-02T10:01:14","slug":"alis","status":"publish","type":"product","link":"https:\/\/nabytoklaguna.sk\/sk\/produkt\/alis\/","title":{"rendered":"K ALIS"},"content":{"rendered":"<p>Viac\u00fa\u010delov\u00fd reg\u00e1l vo viacer\u00fdch farebn\u00fdch prevedeniach. Materi\u00e1l drevo +chr\u00f3m. Korpus je hrub\u00fd 36 mm. Reg\u00e1l je ohranen\u00fd p\u00e1skou aj zo zadnej strany, preto je vhodn\u00fd aj do priestoru.<\/p>\n<ul>\n<li><b>Materi\u00e1l:<\/b>\u00a0laminovan\u00e1 DTD\/chr\u00f3m<\/li>\n<li><b>Farba:<\/b>\u00a0biela, \u010diernam americk\u00e1 \u010dere\u0161\u0148a, dub<\/li>\n<li><b>Rozmery (\u0160xHxV):<\/b>\u00a0110x29x191 cm<\/li>\n<li><b>Hr\u00fabka materi\u00e1lu:<\/b>\u00a036 mm<\/li>\n<li>Hrany o\u0161etren\u00e9 p\u00e1skou z prednej aj zadnej strany<\/li>\n<li>Dod\u00e1van\u00e9 v demonte<\/li>\n<\/ul>\n","protected":false},"excerpt":{"rendered":"<p>Viac\u00fa\u010delov\u00fd reg\u00e1l vo viacer\u00fdch farebn\u00fdch prevedeniach. Materi\u00e1l drevo +chr\u00f3m. Korpus je hrub\u00fd 36 mm. Reg\u00e1l je ohranen\u00fd p\u00e1skou aj zo zadnej strany, preto je vhodn\u00fd aj do priestoru. Materi\u00e1l:\u00a0laminovan\u00e1 DTD\/chr\u00f3m Farba:\u00a0biela, \u010diernam americk\u00e1 \u010dere\u0161\u0148a, dub Rozmery (\u0160xHxV):\u00a0110x29x191 cm Hr\u00fabka materi\u00e1lu:\u00a036 mm Hrany o\u0161etren\u00e9 p\u00e1skou z prednej aj zadnej strany Dod\u00e1van\u00e9 v demonte<\/p>\n","protected":false},"featured_media":15884,"comment_status":"closed","ping_status":"closed","template":"","meta":{"_seopress_robots_primary_cat":"1062","_seopress_titles_title":"","_seopress_titles_desc":"","_seopress_robots_index":""},"product_brand":[],"product_cat":[1062],"product_tag":[],"class_list":{"0":"post-15873","1":"product","2":"type-product","3":"status-publish","4":"has-post-thumbnail","6":"product_cat-regaly-police","7":"pa_farba-americka-ceresna","8":"pa_farba-biela","9":"pa_farba-cierna-2","10":"pa_farba-dub","12":"first","13":"onbackorder","14":"shipping-taxable","15":"purchasable","16":"product-type-variable"},"_links":{"self":[{"href":"https:\/\/nabytoklaguna.sk\/sk\/wp-json\/wp\/v2\/product\/15873","targetHints":{"allow":["GET"]}}],"collection":[{"href":"https:\/\/nabytoklaguna.sk\/sk\/wp-json\/wp\/v2\/product"}],"about":[{"href":"https:\/\/nabytoklaguna.sk\/sk\/wp-json\/wp\/v2\/types\/product"}],"replies":[{"embeddable":true,"href":"https:\/\/nabytoklaguna.sk\/sk\/wp-json\/wp\/v2\/comments?post=15873"}],"wp:featuredmedia":[{"embeddable":true,"href":"https:\/\/nabytoklaguna.sk\/sk\/wp-json\/wp\/v2\/media\/15884"}],"wp:attachment":[{"href":"https:\/\/nabytoklaguna.sk\/sk\/wp-json\/wp\/v2\/media?parent=15873"}],"wp:term":[{"taxonomy":"product_brand","embeddable":true,"href":"https:\/\/nabytoklaguna.sk\/sk\/wp-json\/wp\/v2\/product_brand?post=15873"},{"taxonomy":"product_cat","embeddable":true,"href":"https:\/\/nabytoklaguna.sk\/sk\/wp-json\/wp\/v2\/product_cat?post=15873"},{"taxonomy":"product_tag","embeddable":true,"href":"https:\/\/nabytoklaguna.sk\/sk\/wp-json\/wp\/v2\/product_tag?post=15873"}],"curies":[{"name":"wp","href":"https:\/\/api.w.org\/{rel}","templated":true}]}}

<p>Viacúčelový regál vo viacerých farebných prevedeniach. Materiál drevo +chróm. Korpus je hrubý 36 mm. Regál je ohranený páskou aj zo zadnej strany, preto je vhodný aj do priestoru.</p>
<ul>
<li><b>Materiál:</b> laminovaná DTD/chróm</li>
<li><b>Farba:</b> biela, čiernam americká čerešňa, dub</li>
<li><b>Rozmery (ŠxHxV):</b> 110x29x191 cm</li>
<li><b>Hrúbka materiálu:</b> 36 mm</li>
<li>Hrany ošetrené páskou z prednej aj zadnej strany</li>
<li>Dodávané v demonte</li>
</ul>

<p>Viacúčelový regál vo viacerých farebných prevedeniach. Materiál drevo +chróm. Korpus je hrubý 36 mm. Regál je ohranený páskou aj zo zadnej strany, preto je vhodný aj do priestoru. Materiál: laminovaná DTD/chróm Farba: biela, čiernam americká čerešňa, dub Rozmery (ŠxHxV): 110x29x191 cm Hrúbka materiálu: 36 mm Hrany ošetrené páskou z prednej aj zadnej strany Dodávané v demonte</p>
