{"id":16184,"date":"2021-02-22T16:54:36","date_gmt":"2021-02-22T15:54:36","guid":{"rendered":"http:\/\/nabytoklaguna.sk\/sk\/?post_type=product&#038;p=16184"},"modified":"2024-04-23T13:03:27","modified_gmt":"2024-04-23T11:03:27","slug":"westa-i","status":"publish","type":"product","link":"https:\/\/nabytoklaguna.sk\/sk\/produkt\/westa-i\/","title":{"rendered":"DENVER 150 SKRI\u0147A"},"content":{"rendered":"<p>Praktick\u00e1\u00a0 dvojdverov\u00e1 skri\u0148a <strong>DENVER 150<\/strong>\u00a0 v nad\u010dasovom dizajne s posuvn\u00fdmi dverami. V \u013eavej \u010dasti skrine je z\u00e1vesn\u00e1 ty\u010d, prav\u00e1 je vybaven\u00e1 policami. Mo\u017enos\u0165 objedna\u0165 vo farebnom preveden\u00ed: biela, \u010dierna, choco, sonoma, trufel<\/p>\n<p>Rozmer \/\u0160xHxV\/:150 x 58 x 200cm<\/p>\n<p><strong>Mo\u017enos\u0165 dok\u00fapi\u0165 LED RGB osvetlenie za 39,- \u20ac <\/strong>(pri objedn\u00e1vke potrebn\u00e9 uvies\u0165 v pozn\u00e1mke).<\/p>\n<p><strong>Parametre v\u00fdrobku<\/strong><\/p>\n<table style=\"width: 652px;\" border=\"0\" cellspacing=\"5\" cellpadding=\"1\">\n<tbody>\n<tr>\n<td style=\"width: 320px;\"><strong>Typ v\u00fdrobku<\/strong><\/td>\n<td style=\"width: 332px;\">Skri\u0148a<\/td>\n<\/tr>\n<tr>\n<td style=\"width: 320px;\"><strong>Materi\u00e1l<\/strong><\/td>\n<td style=\"width: 332px;\">laminovan\u00e1 DTD<\/td>\n<\/tr>\n<tr>\n<td style=\"width: 320px;\"><strong>Rozmery \u0161\/h\/v<br \/>\n<\/strong><\/td>\n<td style=\"width: 332px;\">150x58x200<\/td>\n<\/tr>\n<tr>\n<td style=\"width: 320px;\"><strong>Balenie<\/strong><\/td>\n<td style=\"width: 332px;\">demont<\/td>\n<\/tr>\n<tr>\n<td style=\"width: 320px;\"><strong>Z\u00e1ruka<\/strong><\/td>\n<td style=\"width: 332px;\">2 roky<\/td>\n<\/tr>\n<tr>\n<td style=\"width: 320px;\"><\/td>\n<td style=\"width: 332px;\"><\/td>\n<\/tr>\n<\/tbody>\n<\/table>\n<p>&nbsp;<\/p>\n","protected":false},"excerpt":{"rendered":"<p>Praktick\u00e1\u00a0 dvojdverov\u00e1 skri\u0148a DENVER 150\u00a0 v nad\u010dasovom dizajne s posuvn\u00fdmi dverami. V \u013eavej \u010dasti skrine je z\u00e1vesn\u00e1 ty\u010d, prav\u00e1 je vybaven\u00e1 policami. Mo\u017enos\u0165 objedna\u0165 vo farebnom preveden\u00ed: biela, \u010dierna, choco, sonoma, trufel Rozmer \/\u0160xHxV\/:150 x 58 x 200cm Mo\u017enos\u0165 dok\u00fapi\u0165 LED RGB osvetlenie za 39,- \u20ac (pri objedn\u00e1vke potrebn\u00e9 uvies\u0165 v pozn\u00e1mke). Parametre v\u00fdrobku Typ&#8230;<\/p>\n","protected":false},"featured_media":16189,"comment_status":"closed","ping_status":"closed","template":"","meta":{"_seopress_robots_primary_cat":"223","_seopress_titles_title":"","_seopress_titles_desc":"","_seopress_robots_index":""},"product_brand":[],"product_cat":[1585,223,225],"product_tag":[],"class_list":{"0":"post-16184","1":"product","2":"type-product","3":"status-publish","4":"has-post-thumbnail","6":"product_cat-s-posuvnymi-dverami","7":"product_cat-spalne","8":"product_cat-skrine","10":"first","11":"instock","12":"shipping-taxable","13":"purchasable","14":"product-type-variable"},"_links":{"self":[{"href":"https:\/\/nabytoklaguna.sk\/sk\/wp-json\/wp\/v2\/product\/16184","targetHints":{"allow":["GET"]}}],"collection":[{"href":"https:\/\/nabytoklaguna.sk\/sk\/wp-json\/wp\/v2\/product"}],"about":[{"href":"https:\/\/nabytoklaguna.sk\/sk\/wp-json\/wp\/v2\/types\/product"}],"replies":[{"embeddable":true,"href":"https:\/\/nabytoklaguna.sk\/sk\/wp-json\/wp\/v2\/comments?post=16184"}],"wp:featuredmedia":[{"embeddable":true,"href":"https:\/\/nabytoklaguna.sk\/sk\/wp-json\/wp\/v2\/media\/16189"}],"wp:attachment":[{"href":"https:\/\/nabytoklaguna.sk\/sk\/wp-json\/wp\/v2\/media?parent=16184"}],"wp:term":[{"taxonomy":"product_brand","embeddable":true,"href":"https:\/\/nabytoklaguna.sk\/sk\/wp-json\/wp\/v2\/product_brand?post=16184"},{"taxonomy":"product_cat","embeddable":true,"href":"https:\/\/nabytoklaguna.sk\/sk\/wp-json\/wp\/v2\/product_cat?post=16184"},{"taxonomy":"product_tag","embeddable":true,"href":"https:\/\/nabytoklaguna.sk\/sk\/wp-json\/wp\/v2\/product_tag?post=16184"}],"curies":[{"name":"wp","href":"https:\/\/api.w.org\/{rel}","templated":true}]}}

DENVER 150 SKRIŇA

<p>Praktická  dvojdverová skriňa <strong>DENVER 150</strong>  v nadčasovom dizajne s posuvnými dverami. V ľavej časti skrine je závesná tyč, pravá je vybavená policami. Možnosť objednať vo farebnom prevedení: biela, čierna, choco, sonoma, trufel</p>
<p>Rozmer /ŠxHxV/:150 x 58 x 200cm</p>
<p><strong>Možnosť dokúpiť LED RGB osvetlenie za 39,- € </strong>(pri objednávke potrebné uviesť v poznámke).</p>
<p><strong>Parametre výrobku</strong></p>
<table style="width: 652px;" border="0" cellspacing="5" cellpadding="1">
<tbody>
<tr>
<td style="width: 320px;"><strong>Typ výrobku</strong></td>
<td style="width: 332px;">Skriňa</td>
</tr>
<tr>
<td style="width: 320px;"><strong>Materiál</strong></td>
<td style="width: 332px;">laminovaná DTD</td>
</tr>
<tr>
<td style="width: 320px;"><strong>Rozmery š/h/v<br />
</strong></td>
<td style="width: 332px;">150x58x200</td>
</tr>
<tr>
<td style="width: 320px;"><strong>Balenie</strong></td>
<td style="width: 332px;">demont</td>
</tr>
<tr>
<td style="width: 320px;"><strong>Záruka</strong></td>
<td style="width: 332px;">2 roky</td>
</tr>
<tr>
<td style="width: 320px;"></td>
<td style="width: 332px;"></td>
</tr>
</tbody>
</table>
<p>&nbsp;</p>

<p>Praktická  dvojdverová skriňa DENVER 150  v nadčasovom dizajne s posuvnými dverami. V ľavej časti skrine je závesná tyč, pravá je vybavená policami. Možnosť objednať vo farebnom prevedení: biela, čierna, choco, sonoma, trufel Rozmer /ŠxHxV/:150 x 58 x 200cm Možnosť dokúpiť LED RGB osvetlenie za 39,- € (pri objednávke potrebné uviesť v poznámke). Parametre výrobku Typ&#8230;</p>
