{"id":16812,"date":"2021-02-22T16:54:36","date_gmt":"2021-02-22T15:54:36","guid":{"rendered":"http:\/\/nabytoklaguna.sk\/sk\/?post_type=product&#038;p=16812"},"modified":"2025-11-10T10:14:17","modified_gmt":"2025-11-10T09:14:17","slug":"ka-2325","status":"publish","type":"product","link":"https:\/\/nabytoklaguna.sk\/sk\/produkt\/ka-2325\/","title":{"rendered":"KA-2325"},"content":{"rendered":"<div id=\"full-product-description\">\n<p>Jednoduch\u00e1 kancel\u00e1rska stoli\u010dka v kombinovanom farebnom preveden\u00ed rozjasn\u00ed ka\u017ed\u00fa kancel\u00e1riu \u010di detsk\u00fa izbu. Kancel\u00e1rska stoli\u010dka m\u00e1 plynov\u00fd piest &#8211; je v\u00fd\u0161kovo nastavite\u013en\u00e1.Kr\u00ed\u017e stoli\u010dky je plastov\u00fd, \u010dal\u00fanenie sedadla a operadla je vyroben\u00e9 z l\u00e1tky MESH. Nosnos\u0165 do 60 kg.<\/p>\n<p>Rozmery: 43x43x86-98&#215;42-54<\/p>\n<p>Farebn\u00e9 prevedenia:<\/p>\n<ul>\n<li>\u0161ed\u00e1 \/ \u010dierna<\/li>\n<li>ru\u017eov\u00e1 s mot\u00edvom<\/li>\n<li>zelen\u00e1 \/ \u010dierna<\/li>\n<li>oran\u017eov\u00e1 \/ \u010dierna<\/li>\n<\/ul>\n<\/div>\n<p><strong>Parametre v\u00fdrobku<\/strong><\/p>\n<table border=\"0\" cellspacing=\"5\" cellpadding=\"1\">\n<tbody>\n<tr>\n<td><strong>Typ v\u00fdrobku<\/strong><\/td>\n<td>Kancel\u00e1rska stoli\u010dka KA \u2013 2325 GREY\/GRN\/ORA\/PINK\/BKW<\/td>\n<\/tr>\n<tr>\n<td><strong>Materi\u00e1l<\/strong><\/td>\n<td>po\u0165ah \u2013 l\u00e1tka MESH,kostra \u2013 plast<\/td>\n<\/tr>\n<tr>\n<td><strong>Farebn\u00e9 prevedenie korpusu<\/strong><\/td>\n<td>vi\u010f text vy\u0161\u0161ie<\/td>\n<\/tr>\n<tr>\n<td><strong>Rozmery \u0161xhxv,v\u00fd\u0161ka sedu<br \/>\n<\/strong><\/td>\n<td>43x43x86-98 cm, 42-54 cm<\/td>\n<\/tr>\n<tr>\n<td><strong>Balenie<\/strong><\/td>\n<td>demont<\/td>\n<\/tr>\n<tr>\n<td><strong>Z\u00e1ruka<\/strong><\/td>\n<td>2 roky<\/td>\n<\/tr>\n<\/tbody>\n<\/table>\n<p>&nbsp;<\/p>\n","protected":false},"excerpt":{"rendered":"<p>Jednoduch\u00e1 kancel\u00e1rska stoli\u010dka v kombinovanom farebnom preveden\u00ed rozjasn\u00ed ka\u017ed\u00fa kancel\u00e1riu \u010di detsk\u00fa izbu. Kancel\u00e1rska stoli\u010dka m\u00e1 plynov\u00fd piest &#8211; je v\u00fd\u0161kovo nastavite\u013en\u00e1.Kr\u00ed\u017e stoli\u010dky je plastov\u00fd, \u010dal\u00fanenie sedadla a operadla je vyroben\u00e9 z l\u00e1tky MESH. Nosnos\u0165 do 60 kg. Rozmery: 43x43x86-98&#215;42-54 Farebn\u00e9 prevedenia: \u0161ed\u00e1 \/ \u010dierna ru\u017eov\u00e1 s mot\u00edvom zelen\u00e1 \/ \u010dierna oran\u017eov\u00e1 \/ \u010dierna Parametre&#8230;<\/p>\n","protected":false},"featured_media":16813,"comment_status":"closed","ping_status":"closed","template":"","meta":{"_seopress_robots_primary_cat":"242","_seopress_titles_title":"","_seopress_titles_desc":"","_seopress_robots_index":""},"product_brand":[],"product_cat":[242],"product_tag":[],"class_list":{"0":"post-16812","1":"product","2":"type-product","3":"status-publish","4":"has-post-thumbnail","6":"product_cat-kancelarske-stolicky","8":"first","9":"onbackorder","10":"shipping-taxable","11":"purchasable","12":"product-type-variable"},"_links":{"self":[{"href":"https:\/\/nabytoklaguna.sk\/sk\/wp-json\/wp\/v2\/product\/16812","targetHints":{"allow":["GET"]}}],"collection":[{"href":"https:\/\/nabytoklaguna.sk\/sk\/wp-json\/wp\/v2\/product"}],"about":[{"href":"https:\/\/nabytoklaguna.sk\/sk\/wp-json\/wp\/v2\/types\/product"}],"replies":[{"embeddable":true,"href":"https:\/\/nabytoklaguna.sk\/sk\/wp-json\/wp\/v2\/comments?post=16812"}],"wp:featuredmedia":[{"embeddable":true,"href":"https:\/\/nabytoklaguna.sk\/sk\/wp-json\/wp\/v2\/media\/16813"}],"wp:attachment":[{"href":"https:\/\/nabytoklaguna.sk\/sk\/wp-json\/wp\/v2\/media?parent=16812"}],"wp:term":[{"taxonomy":"product_brand","embeddable":true,"href":"https:\/\/nabytoklaguna.sk\/sk\/wp-json\/wp\/v2\/product_brand?post=16812"},{"taxonomy":"product_cat","embeddable":true,"href":"https:\/\/nabytoklaguna.sk\/sk\/wp-json\/wp\/v2\/product_cat?post=16812"},{"taxonomy":"product_tag","embeddable":true,"href":"https:\/\/nabytoklaguna.sk\/sk\/wp-json\/wp\/v2\/product_tag?post=16812"}],"curies":[{"name":"wp","href":"https:\/\/api.w.org\/{rel}","templated":true}]}}

<div id="full-product-description">
<p>Jednoduchá kancelárska stolička v kombinovanom farebnom prevedení rozjasní každú kanceláriu či detskú izbu. Kancelárska stolička má plynový piest &#8211; je výškovo nastaviteľná.Kríž stoličky je plastový, čalúnenie sedadla a operadla je vyrobené z látky MESH. Nosnosť do 60 kg.</p>
<p>Rozmery: 43x43x86-98&#215;42-54</p>
<p>Farebné prevedenia:</p>
<ul>
<li>šedá / čierna</li>
<li>ružová s motívom</li>
<li>zelená / čierna</li>
<li>oranžová / čierna</li>
</ul>
</div>
<p><strong>Parametre výrobku</strong></p>
<table border="0" cellspacing="5" cellpadding="1">
<tbody>
<tr>
<td><strong>Typ výrobku</strong></td>
<td>Kancelárska stolička KA – 2325 GREY/GRN/ORA/PINK/BKW</td>
</tr>
<tr>
<td><strong>Materiál</strong></td>
<td>poťah – látka MESH,kostra – plast</td>
</tr>
<tr>
<td><strong>Farebné prevedenie korpusu</strong></td>
<td>viď text vyššie</td>
</tr>
<tr>
<td><strong>Rozmery šxhxv,výška sedu<br />
</strong></td>
<td>43x43x86-98 cm, 42-54 cm</td>
</tr>
<tr>
<td><strong>Balenie</strong></td>
<td>demont</td>
</tr>
<tr>
<td><strong>Záruka</strong></td>
<td>2 roky</td>
</tr>
</tbody>
</table>
<p>&nbsp;</p>

<p>Jednoduchá kancelárska stolička v kombinovanom farebnom prevedení rozjasní každú kanceláriu či detskú izbu. Kancelárska stolička má plynový piest &#8211; je výškovo nastaviteľná.Kríž stoličky je plastový, čalúnenie sedadla a operadla je vyrobené z látky MESH. Nosnosť do 60 kg. Rozmery: 43x43x86-98&#215;42-54 Farebné prevedenia: šedá / čierna ružová s motívom zelená / čierna oranžová / čierna Parametre&#8230;</p>
