{"id":21586,"date":"2021-02-22T16:54:36","date_gmt":"2021-02-22T15:54:36","guid":{"rendered":"http:\/\/nabytoklaguna.sk\/sk\/?post_type=product&#038;p=21586"},"modified":"2025-02-24T11:41:50","modified_gmt":"2025-02-24T10:41:50","slug":"tempo-kondela-cuba-dvojkreslo","status":"publish","type":"product","link":"https:\/\/nabytoklaguna.sk\/sk\/produkt\/tempo-kondela-cuba-dvojkreslo\/","title":{"rendered":"K CUBA dvojkreslo"},"content":{"rendered":"<p>Preme\u0148te svoj domov na\u00a0<b>\u0161t\u00fdlov\u00e9<\/b>\u00a0miesto a vyberte si kreslo\u00a0<b>CUBA<\/b>. Okrem toho, \u017ee je\u00a0<b>praktick\u00e9<\/b>, d\u00fdcha aj nov\u00fdm\u00a0<b>dizajnom<\/b>. Svojim priaznivcom poskytuje\u00a0<b>pr\u00edjemn\u00e9<\/b>\u00a0sedenie aj vo dvojici. Jadro sedadla tvor\u00ed\u00a0<b>purpena<\/b>\u00a0s v\u00fd\u0161kou sedu\u00a0<b>45 cm<\/b>\u00a0a h\u013abkou sedu\u00a0<b>42 cm<\/b>.<\/p>\n<p>V\u00fd\u0161ka a h\u013abka sedenia 45&#215;45 cm.<\/p>\n<p>Rozmery: \u0161xhxv: 124x60x77 cm.<\/p>\n<p>&nbsp;<\/p>\n","protected":false},"excerpt":{"rendered":"<p>Preme\u0148te svoj domov na\u00a0\u0161t\u00fdlov\u00e9\u00a0miesto a vyberte si kreslo\u00a0CUBA. Okrem toho, \u017ee je\u00a0praktick\u00e9, d\u00fdcha aj nov\u00fdm\u00a0dizajnom. Svojim priaznivcom poskytuje\u00a0pr\u00edjemn\u00e9\u00a0sedenie aj vo dvojici. Jadro sedadla tvor\u00ed\u00a0purpena\u00a0s v\u00fd\u0161kou sedu\u00a045 cm\u00a0a h\u013abkou sedu\u00a042 cm. V\u00fd\u0161ka a h\u013abka sedenia 45&#215;45 cm. Rozmery: \u0161xhxv: 124x60x77 cm. &nbsp;<\/p>\n","protected":false},"featured_media":21587,"comment_status":"closed","ping_status":"closed","template":"","meta":{"_seopress_robots_primary_cat":"140","_seopress_titles_title":"","_seopress_titles_desc":"","_seopress_robots_index":""},"product_brand":[],"product_cat":[140,231],"product_tag":[],"class_list":{"0":"post-21586","1":"product","2":"type-product","3":"status-publish","4":"has-post-thumbnail","6":"product_cat-sedacie-supravy","7":"product_cat-kresla","8":"pa_farba-bezova-ekokoza","9":"pa_farba-cierna-ekokoza","10":"pa_farba-latka-cervena","11":"pa_farba-latka-hneda","12":"pa_farba-oranzova-ekokoza","14":"first","15":"onbackorder","16":"shipping-taxable","17":"purchasable","18":"product-type-variable"},"_links":{"self":[{"href":"https:\/\/nabytoklaguna.sk\/sk\/wp-json\/wp\/v2\/product\/21586","targetHints":{"allow":["GET"]}}],"collection":[{"href":"https:\/\/nabytoklaguna.sk\/sk\/wp-json\/wp\/v2\/product"}],"about":[{"href":"https:\/\/nabytoklaguna.sk\/sk\/wp-json\/wp\/v2\/types\/product"}],"replies":[{"embeddable":true,"href":"https:\/\/nabytoklaguna.sk\/sk\/wp-json\/wp\/v2\/comments?post=21586"}],"wp:featuredmedia":[{"embeddable":true,"href":"https:\/\/nabytoklaguna.sk\/sk\/wp-json\/wp\/v2\/media\/21587"}],"wp:attachment":[{"href":"https:\/\/nabytoklaguna.sk\/sk\/wp-json\/wp\/v2\/media?parent=21586"}],"wp:term":[{"taxonomy":"product_brand","embeddable":true,"href":"https:\/\/nabytoklaguna.sk\/sk\/wp-json\/wp\/v2\/product_brand?post=21586"},{"taxonomy":"product_cat","embeddable":true,"href":"https:\/\/nabytoklaguna.sk\/sk\/wp-json\/wp\/v2\/product_cat?post=21586"},{"taxonomy":"product_tag","embeddable":true,"href":"https:\/\/nabytoklaguna.sk\/sk\/wp-json\/wp\/v2\/product_tag?post=21586"}],"curies":[{"name":"wp","href":"https:\/\/api.w.org\/{rel}","templated":true}]}}

<p>Premeňte svoj domov na <b>štýlové</b> miesto a vyberte si kreslo <b>CUBA</b>. Okrem toho, že je <b>praktické</b>, dýcha aj novým <b>dizajnom</b>. Svojim priaznivcom poskytuje <b>príjemné</b> sedenie aj vo dvojici. Jadro sedadla tvorí <b>purpena</b> s výškou sedu <b>45 cm</b> a hĺbkou sedu <b>42 cm</b>.</p>
<p>Výška a hĺbka sedenia 45&#215;45 cm.</p>
<p>Rozmery: šxhxv: 124x60x77 cm.</p>
<p>&nbsp;</p>

<p>Premeňte svoj domov na štýlové miesto a vyberte si kreslo CUBA. Okrem toho, že je praktické, dýcha aj novým dizajnom. Svojim priaznivcom poskytuje príjemné sedenie aj vo dvojici. Jadro sedadla tvorí purpena s výškou sedu 45 cm a hĺbkou sedu 42 cm. Výška a hĺbka sedenia 45&#215;45 cm. Rozmery: šxhxv: 124x60x77 cm. &nbsp;</p>
