{"id":23271,"date":"2021-02-22T16:54:36","date_gmt":"2021-02-22T15:54:36","guid":{"rendered":"http:\/\/nabytoklaguna.sk\/sk\/?post_type=product&#038;p=23271"},"modified":"2025-09-11T09:52:33","modified_gmt":"2025-09-11T07:52:33","slug":"tempo-kondela-leo-obyvacia-stena","status":"publish","type":"product","link":"https:\/\/nabytoklaguna.sk\/sk\/produkt\/tempo-kondela-leo-obyvacia-stena\/","title":{"rendered":"K LEO ob\u00fdvacia stena"},"content":{"rendered":"<p>Ob\u00fdvacia stena s LED osvetlen\u00edm (modr\u00e9 podfarbenie), DTD laminovan\u00e1, fronty MDF extra vysok\u00fd lesk HG, prevedenie biela\/\u010dierna-extra vysok\u00fd lesk HG alebo biela\/biela &#8211; extra vysok\u00fd lesk HG.<\/p>\n<p>Rozmery: \u0161xhxv: 250x180x42 cm.<\/p>\n<p>&nbsp;<\/p>\n<ul>\n<li><b>Materi\u00e1l:<\/b>\u00a0DTD laminovan\u00e1\/fronty MDF<\/li>\n<li><b>Farba:<\/b>\u00a0biela\/\u010dierny extra vysok\u00fd lesk HG<\/li>\n<li><b>Rozmery (\u0160xHxV):<\/b>\u00a0250x42x180 cm<\/li>\n<li><b>RTV stol\u00edk (\u0160xHxV):<\/b>\u00a0250x42x32 cm<\/li>\n<li><b>U\u017e\u0161ia polica (\u0160xH):<\/b>\u00a0100&#215;18 cm<\/li>\n<li><b>\u0160ir\u0161ia polica (\u0160xH):<\/b>\u00a0150&#215;18 cm<\/li>\n<li><b>\u0160ir\u0161ia z\u00e1vesn\u00e1 skrinka (\u0160xHxV):<\/b>100x28x50 cm<\/li>\n<li><b>Z\u00e1vesn\u00e1 skrinka (\u0160xHxV):<\/b>50x28x100 cm<\/li>\n<li><b>Hr\u00fabka materi\u00e1lu vrchnej dosky spodnej skrinky:<\/b>\u00a022 mm<\/li>\n<li><b>Hr\u00fabka materi\u00e1lu korpus:<\/b>\u00a016 mm<\/li>\n<li>RTV skrinka<\/li>\n<li>Dve z\u00e1vesn\u00e9 sklenen\u00e9 skrinky<\/li>\n<li>Dve police<\/li>\n<li>Sklenen\u00e9 dvierka<\/li>\n<li>S LED osvetlen\u00edm (modr\u00e9 podfarbenie)<\/li>\n<li>Extra vysok\u00fd lesk HG<\/li>\n<li>Dod\u00e1van\u00e9 v demonte<\/li>\n<\/ul>\n<p>&nbsp;<\/p>\n","protected":false},"excerpt":{"rendered":"<p>Ob\u00fdvacia stena s LED osvetlen\u00edm (modr\u00e9 podfarbenie), DTD laminovan\u00e1, fronty MDF extra vysok\u00fd lesk HG, prevedenie biela\/\u010dierna-extra vysok\u00fd lesk HG alebo biela\/biela &#8211; extra vysok\u00fd lesk HG. Rozmery: \u0161xhxv: 250x180x42 cm. &nbsp; Materi\u00e1l:\u00a0DTD laminovan\u00e1\/fronty MDF Farba:\u00a0biela\/\u010dierny extra vysok\u00fd lesk HG Rozmery (\u0160xHxV):\u00a0250x42x180 cm RTV stol\u00edk (\u0160xHxV):\u00a0250x42x32 cm U\u017e\u0161ia polica (\u0160xH):\u00a0100&#215;18 cm \u0160ir\u0161ia polica (\u0160xH):\u00a0150&#215;18 cm&#8230;<\/p>\n","protected":false},"featured_media":23274,"comment_status":"closed","ping_status":"closed","template":"","meta":{"_seopress_robots_primary_cat":"182","_seopress_titles_title":"","_seopress_titles_desc":"","_seopress_robots_index":""},"product_brand":[],"product_cat":[182,251],"product_tag":[],"class_list":{"0":"post-23271","1":"product","2":"type-product","3":"status-publish","4":"has-post-thumbnail","6":"product_cat-obyvacie-steny","7":"product_cat-steny","9":"first","10":"onbackorder","11":"shipping-taxable","12":"purchasable","13":"product-type-variable"},"_links":{"self":[{"href":"https:\/\/nabytoklaguna.sk\/sk\/wp-json\/wp\/v2\/product\/23271","targetHints":{"allow":["GET"]}}],"collection":[{"href":"https:\/\/nabytoklaguna.sk\/sk\/wp-json\/wp\/v2\/product"}],"about":[{"href":"https:\/\/nabytoklaguna.sk\/sk\/wp-json\/wp\/v2\/types\/product"}],"replies":[{"embeddable":true,"href":"https:\/\/nabytoklaguna.sk\/sk\/wp-json\/wp\/v2\/comments?post=23271"}],"wp:featuredmedia":[{"embeddable":true,"href":"https:\/\/nabytoklaguna.sk\/sk\/wp-json\/wp\/v2\/media\/23274"}],"wp:attachment":[{"href":"https:\/\/nabytoklaguna.sk\/sk\/wp-json\/wp\/v2\/media?parent=23271"}],"wp:term":[{"taxonomy":"product_brand","embeddable":true,"href":"https:\/\/nabytoklaguna.sk\/sk\/wp-json\/wp\/v2\/product_brand?post=23271"},{"taxonomy":"product_cat","embeddable":true,"href":"https:\/\/nabytoklaguna.sk\/sk\/wp-json\/wp\/v2\/product_cat?post=23271"},{"taxonomy":"product_tag","embeddable":true,"href":"https:\/\/nabytoklaguna.sk\/sk\/wp-json\/wp\/v2\/product_tag?post=23271"}],"curies":[{"name":"wp","href":"https:\/\/api.w.org\/{rel}","templated":true}]}}

K LEO obývacia stena

<p>Obývacia stena s LED osvetlením (modré podfarbenie), DTD laminovaná, fronty MDF extra vysoký lesk HG, prevedenie biela/čierna-extra vysoký lesk HG alebo biela/biela &#8211; extra vysoký lesk HG.</p>
<p>Rozmery: šxhxv: 250x180x42 cm.</p>
<p>&nbsp;</p>
<ul>
<li><b>Materiál:</b> DTD laminovaná/fronty MDF</li>
<li><b>Farba:</b> biela/čierny extra vysoký lesk HG</li>
<li><b>Rozmery (ŠxHxV):</b> 250x42x180 cm</li>
<li><b>RTV stolík (ŠxHxV):</b> 250x42x32 cm</li>
<li><b>Užšia polica (ŠxH):</b> 100&#215;18 cm</li>
<li><b>Širšia polica (ŠxH):</b> 150&#215;18 cm</li>
<li><b>Širšia závesná skrinka (ŠxHxV):</b>100x28x50 cm</li>
<li><b>Závesná skrinka (ŠxHxV):</b>50x28x100 cm</li>
<li><b>Hrúbka materiálu vrchnej dosky spodnej skrinky:</b> 22 mm</li>
<li><b>Hrúbka materiálu korpus:</b> 16 mm</li>
<li>RTV skrinka</li>
<li>Dve závesné sklenené skrinky</li>
<li>Dve police</li>
<li>Sklenené dvierka</li>
<li>S LED osvetlením (modré podfarbenie)</li>
<li>Extra vysoký lesk HG</li>
<li>Dodávané v demonte</li>
</ul>
<p>&nbsp;</p>

<p>Obývacia stena s LED osvetlením (modré podfarbenie), DTD laminovaná, fronty MDF extra vysoký lesk HG, prevedenie biela/čierna-extra vysoký lesk HG alebo biela/biela &#8211; extra vysoký lesk HG. Rozmery: šxhxv: 250x180x42 cm. &nbsp; Materiál: DTD laminovaná/fronty MDF Farba: biela/čierny extra vysoký lesk HG Rozmery (ŠxHxV): 250x42x180 cm RTV stolík (ŠxHxV): 250x42x32 cm Užšia polica (ŠxH): 100&#215;18 cm Širšia polica (ŠxH): 150&#215;18 cm&#8230;</p>
