{"id":23321,"date":"2021-02-22T16:54:36","date_gmt":"2021-02-22T15:54:36","guid":{"rendered":"http:\/\/nabytoklaguna.sk\/sk\/?post_type=product&#038;p=23321"},"modified":"2026-02-10T10:18:48","modified_gmt":"2026-02-10T09:18:48","slug":"k-korina","status":"publish","type":"product","link":"https:\/\/nabytoklaguna.sk\/sk\/produkt\/k-korina\/","title":{"rendered":"K KORINA"},"content":{"rendered":"<p>Praktick\u00e1 a kombinovate\u013en\u00e1 ob\u00fdvacia stena KORINA. Vyroben\u00e1 je z modernej DTD laminovanej vo farebnom preveden\u00e9 dub tmav\u00fd v kombin\u00e1cii s dub jasn\u00fd. \u00dachytky s\u00fa v striebornej farbe. Li\u0161ty s\u00fa z kvalitnej MDF. Sklad\u00e1 sa z RTV stol\u00edka, skriniek, \u0161upl\u00edkov a police.<\/p>\n<p>Komoda KORINA je taktie\u017e vyroben\u00e9 z DTD laminovanej.<\/p>\n<p>K ob\u00fdvacej stene odpor\u00fa\u010dame zak\u00fapi\u0165 LED osvetlenie s bielym podfarben\u00edm v cene 28,- \u20ac<\/p>\n<ul>\n<li><b>Materi\u00e1l:<\/b>\u00a0DTD laminovan\u00e1<\/li>\n<li><b>Farba:<\/b>\u00a0dub tmav\u00e1\/dub jasn\u00e1<\/li>\n<li><b>Rozmery ob\u00fdvacej steny (\u0160xHxV):<\/b>\u00a0330&#215;40\/54&#215;200 cm<\/li>\n<li><strong>Priestor na TV<\/strong>: 116&#215;72,5 cm<\/li>\n<li><b>Rozmery komody (\u0160xHxV):<\/b>\u00a0140x48x100 cm<\/li>\n<li>\u00dachytky v striebornej farbe<\/li>\n<li>Li\u0161ty s\u00fa vyroben\u00e9 z MDF<\/li>\n<li>Mno\u017estvo \u00falo\u017en\u00e9ho priestoru<\/li>\n<li>Dod\u00e1van\u00e9 bez LED osvetlenia<\/li>\n<li>Dod\u00e1van\u00e9 v demonte<\/li>\n<\/ul>\n","protected":false},"excerpt":{"rendered":"<p>Praktick\u00e1 a kombinovate\u013en\u00e1 ob\u00fdvacia stena KORINA. Vyroben\u00e1 je z modernej DTD laminovanej vo farebnom preveden\u00e9 dub tmav\u00fd v kombin\u00e1cii s dub jasn\u00fd. \u00dachytky s\u00fa v striebornej farbe. Li\u0161ty s\u00fa z kvalitnej MDF. Sklad\u00e1 sa z RTV stol\u00edka, skriniek, \u0161upl\u00edkov a police. Komoda KORINA je taktie\u017e vyroben\u00e9 z DTD laminovanej. K ob\u00fdvacej stene odpor\u00fa\u010dame zak\u00fapi\u0165 LED&#8230;<\/p>\n","protected":false},"featured_media":67324,"comment_status":"closed","ping_status":"closed","template":"","meta":{"_seopress_robots_primary_cat":"182","_seopress_titles_title":"","_seopress_titles_desc":"","_seopress_robots_index":""},"product_brand":[],"product_cat":[182,251,1109,222],"product_tag":[],"class_list":{"0":"post-23321","1":"product","2":"type-product","3":"status-publish","4":"has-post-thumbnail","6":"product_cat-obyvacie-steny","7":"product_cat-steny","8":"product_cat-komody-k-obyvacim-stenam","9":"product_cat-komody","10":"pa_typ-produktu-komoda","11":"pa_typ-produktu-obyvacia-stena","13":"first","14":"onbackorder","15":"shipping-taxable","16":"purchasable","17":"product-type-variable"},"_links":{"self":[{"href":"https:\/\/nabytoklaguna.sk\/sk\/wp-json\/wp\/v2\/product\/23321","targetHints":{"allow":["GET"]}}],"collection":[{"href":"https:\/\/nabytoklaguna.sk\/sk\/wp-json\/wp\/v2\/product"}],"about":[{"href":"https:\/\/nabytoklaguna.sk\/sk\/wp-json\/wp\/v2\/types\/product"}],"replies":[{"embeddable":true,"href":"https:\/\/nabytoklaguna.sk\/sk\/wp-json\/wp\/v2\/comments?post=23321"}],"wp:featuredmedia":[{"embeddable":true,"href":"https:\/\/nabytoklaguna.sk\/sk\/wp-json\/wp\/v2\/media\/67324"}],"wp:attachment":[{"href":"https:\/\/nabytoklaguna.sk\/sk\/wp-json\/wp\/v2\/media?parent=23321"}],"wp:term":[{"taxonomy":"product_brand","embeddable":true,"href":"https:\/\/nabytoklaguna.sk\/sk\/wp-json\/wp\/v2\/product_brand?post=23321"},{"taxonomy":"product_cat","embeddable":true,"href":"https:\/\/nabytoklaguna.sk\/sk\/wp-json\/wp\/v2\/product_cat?post=23321"},{"taxonomy":"product_tag","embeddable":true,"href":"https:\/\/nabytoklaguna.sk\/sk\/wp-json\/wp\/v2\/product_tag?post=23321"}],"curies":[{"name":"wp","href":"https:\/\/api.w.org\/{rel}","templated":true}]}}

<p>Praktická a kombinovateľná obývacia stena KORINA. Vyrobená je z modernej DTD laminovanej vo farebnom prevedené dub tmavý v kombinácii s dub jasný. Úchytky sú v striebornej farbe. Lišty sú z kvalitnej MDF. Skladá sa z RTV stolíka, skriniek, šuplíkov a police.</p>
<p>Komoda KORINA je taktiež vyrobené z DTD laminovanej.</p>
<p>K obývacej stene odporúčame zakúpiť LED osvetlenie s bielym podfarbením v cene 28,- €</p>
<ul>
<li><b>Materiál:</b> DTD laminovaná</li>
<li><b>Farba:</b> dub tmavá/dub jasná</li>
<li><b>Rozmery obývacej steny (ŠxHxV):</b> 330&#215;40/54&#215;200 cm</li>
<li><strong>Priestor na TV</strong>: 116&#215;72,5 cm</li>
<li><b>Rozmery komody (ŠxHxV):</b> 140x48x100 cm</li>
<li>Úchytky v striebornej farbe</li>
<li>Lišty sú vyrobené z MDF</li>
<li>Množstvo úložného priestoru</li>
<li>Dodávané bez LED osvetlenia</li>
<li>Dodávané v demonte</li>
</ul>

<p>Praktická a kombinovateľná obývacia stena KORINA. Vyrobená je z modernej DTD laminovanej vo farebnom prevedené dub tmavý v kombinácii s dub jasný. Úchytky sú v striebornej farbe. Lišty sú z kvalitnej MDF. Skladá sa z RTV stolíka, skriniek, šuplíkov a police. Komoda KORINA je taktiež vyrobené z DTD laminovanej. K obývacej stene odporúčame zakúpiť LED&#8230;</p>
