{"id":24709,"date":"2021-02-22T16:54:36","date_gmt":"2021-02-22T15:54:36","guid":{"rendered":"http:\/\/nabytoklaguna.sk\/sk\/?post_type=product&#038;p=24709"},"modified":"2025-01-16T13:33:07","modified_gmt":"2025-01-16T12:33:07","slug":"infinity-komoda-07","status":"publish","type":"product","link":"https:\/\/nabytoklaguna.sk\/sk\/produkt\/infinity-komoda-07\/","title":{"rendered":"INDIANAPOLIS komoda 07"},"content":{"rendered":"<p>Luxusn\u00fd sektorov\u00fd n\u00e1bytok vysokej kvality v mas\u00edvnom dizajne s prvkami surov\u00e9ho ma\u013eovan\u00e9ho dreva a v\u00fdraznou reli\u00e9fovou kresbou, s efekt\u00edvnym LED podsvieten\u00edm, vhodn\u00fd na zariadenie ob\u00fdvac\u00edch izieb, sp\u00e1ln\u00ed a jed\u00e1ln\u00ed. Korpus hrub\u00fd a\u017e 48 mm, \u00fachytky kovov\u00e9, materi\u00e1l DTD laminovan\u00e1, ABS hrany. Farebn\u00e9 prevedenia: jase\u0148 svetl\u00fd, jase\u0148 tmav\u00fd alebo jase\u0148 biely. Na obr\u00e1zku je komoda. Mo\u017enos\u0165 dok\u00fapenia LED osvetlenia v cene 40 \u20ac.(nieje s\u00fa\u010das\u0165ou)<\/p>\n<p>Rozmery: \u0161xhxv: 137x42x103,5 cm.<\/p>\n","protected":false},"excerpt":{"rendered":"<p>Luxusn\u00fd sektorov\u00fd n\u00e1bytok vysokej kvality v mas\u00edvnom dizajne s prvkami surov\u00e9ho ma\u013eovan\u00e9ho dreva a v\u00fdraznou reli\u00e9fovou kresbou, s efekt\u00edvnym LED podsvieten\u00edm, vhodn\u00fd na zariadenie ob\u00fdvac\u00edch izieb, sp\u00e1ln\u00ed a jed\u00e1ln\u00ed. Korpus hrub\u00fd a\u017e 48 mm, \u00fachytky kovov\u00e9, materi\u00e1l DTD laminovan\u00e1, ABS hrany. Farebn\u00e9 prevedenia: jase\u0148 svetl\u00fd, jase\u0148 tmav\u00fd alebo jase\u0148 biely. Na obr\u00e1zku je komoda. Mo\u017enos\u0165&#8230;<\/p>\n","protected":false},"featured_media":24713,"comment_status":"closed","ping_status":"closed","template":"","meta":{"_seopress_robots_primary_cat":"none","_seopress_titles_title":"","_seopress_titles_desc":"","_seopress_robots_index":""},"product_brand":[],"product_cat":[1109,222],"product_tag":[],"class_list":{"0":"post-24709","1":"product","2":"type-product","3":"status-publish","4":"has-post-thumbnail","6":"product_cat-komody-k-obyvacim-stenam","7":"product_cat-komody","8":"pa_farba-jasen-biely","9":"pa_farba-jasen-svetly","10":"pa_farba-jasen-tmavy","12":"first","13":"onbackorder","14":"shipping-taxable","15":"purchasable","16":"product-type-variable"},"_links":{"self":[{"href":"https:\/\/nabytoklaguna.sk\/sk\/wp-json\/wp\/v2\/product\/24709","targetHints":{"allow":["GET"]}}],"collection":[{"href":"https:\/\/nabytoklaguna.sk\/sk\/wp-json\/wp\/v2\/product"}],"about":[{"href":"https:\/\/nabytoklaguna.sk\/sk\/wp-json\/wp\/v2\/types\/product"}],"replies":[{"embeddable":true,"href":"https:\/\/nabytoklaguna.sk\/sk\/wp-json\/wp\/v2\/comments?post=24709"}],"wp:featuredmedia":[{"embeddable":true,"href":"https:\/\/nabytoklaguna.sk\/sk\/wp-json\/wp\/v2\/media\/24713"}],"wp:attachment":[{"href":"https:\/\/nabytoklaguna.sk\/sk\/wp-json\/wp\/v2\/media?parent=24709"}],"wp:term":[{"taxonomy":"product_brand","embeddable":true,"href":"https:\/\/nabytoklaguna.sk\/sk\/wp-json\/wp\/v2\/product_brand?post=24709"},{"taxonomy":"product_cat","embeddable":true,"href":"https:\/\/nabytoklaguna.sk\/sk\/wp-json\/wp\/v2\/product_cat?post=24709"},{"taxonomy":"product_tag","embeddable":true,"href":"https:\/\/nabytoklaguna.sk\/sk\/wp-json\/wp\/v2\/product_tag?post=24709"}],"curies":[{"name":"wp","href":"https:\/\/api.w.org\/{rel}","templated":true}]}}

<p>Luxusný sektorový nábytok vysokej kvality v masívnom dizajne s prvkami surového maľovaného dreva a výraznou reliéfovou kresbou, s efektívnym LED podsvietením, vhodný na zariadenie obývacích izieb, spální a jedální. Korpus hrubý až 48 mm, úchytky kovové, materiál DTD laminovaná, ABS hrany. Farebné prevedenia: jaseň svetlý, jaseň tmavý alebo jaseň biely. Na obrázku je komoda. Možnosť dokúpenia LED osvetlenia v cene 40 €.(nieje súčasťou)</p>
<p>Rozmery: šxhxv: 137x42x103,5 cm.</p>

<p>Luxusný sektorový nábytok vysokej kvality v masívnom dizajne s prvkami surového maľovaného dreva a výraznou reliéfovou kresbou, s efektívnym LED podsvietením, vhodný na zariadenie obývacích izieb, spální a jedální. Korpus hrubý až 48 mm, úchytky kovové, materiál DTD laminovaná, ABS hrany. Farebné prevedenia: jaseň svetlý, jaseň tmavý alebo jaseň biely. Na obrázku je komoda. Možnosť&#8230;</p>
