{"id":24955,"date":"2021-02-22T16:54:36","date_gmt":"2021-02-22T15:54:36","guid":{"rendered":"http:\/\/nabytoklaguna.sk\/sk\/?post_type=product&#038;p=24955"},"modified":"2026-01-08T11:36:43","modified_gmt":"2026-01-08T10:36:43","slug":"k-verner-new-pc-stolik","status":"publish","type":"product","link":"https:\/\/nabytoklaguna.sk\/sk\/produkt\/k-verner-new-pc-stolik\/","title":{"rendered":"K VERNER NEW"},"content":{"rendered":"<p>PC stol\u00edk, materi\u00e1l DTD laminovan\u00e1. Vo farebnom preveden\u00ed:\u00a0 dub sonoma, biela. SLOVENSK\u00dd V\u00ddROBOK.<\/p>\n<ul>\n<li><b>Materi\u00e1l:<\/b>\u00a0DTD laminovan\u00e1<\/li>\n<li><b>Farba:<\/b>\u00a0biela, dub sonoma<\/li>\n<li><b>Rozmery (\u0160xHxV):<\/b>\u00a082x50x74,6 cm<\/li>\n<li>S v\u00fdsuvnou policou<\/li>\n<li><b>Rozmery v\u00fdsuvnej police (\u0160xH):<\/b>\u00a065&#215;28,8 cm<\/li>\n<li><b>V\u00fd\u0161ka po v\u00fdsuvn\u00fa policu:<\/b>\u00a050 cm<\/li>\n<li>Dod\u00e1van\u00e9 v demonte<\/li>\n<li><b>Kvalitn\u00fd slovensk\u00fd v\u00fdrobok<\/b><\/li>\n<\/ul>\n","protected":false},"excerpt":{"rendered":"<p>PC stol\u00edk, materi\u00e1l DTD laminovan\u00e1. Vo farebnom preveden\u00ed:\u00a0 dub sonoma, biela. SLOVENSK\u00dd V\u00ddROBOK. Materi\u00e1l:\u00a0DTD laminovan\u00e1 Farba:\u00a0biela, dub sonoma Rozmery (\u0160xHxV):\u00a082x50x74,6 cm S v\u00fdsuvnou policou Rozmery v\u00fdsuvnej police (\u0160xH):\u00a065&#215;28,8 cm V\u00fd\u0161ka po v\u00fdsuvn\u00fa policu:\u00a050 cm Dod\u00e1van\u00e9 v demonte Kvalitn\u00fd slovensk\u00fd v\u00fdrobok<\/p>\n","protected":false},"featured_media":24960,"comment_status":"closed","ping_status":"closed","template":"","meta":{"_seopress_robots_primary_cat":"243","_seopress_titles_title":"","_seopress_titles_desc":"","_seopress_robots_index":""},"product_brand":[],"product_cat":[247],"product_tag":[],"class_list":{"0":"post-24955","1":"product","2":"type-product","3":"status-publish","4":"has-post-thumbnail","6":"product_cat-pisacie-pocitacove-stoly","7":"pa_farba-biela","8":"pa_farba-dub-sonoma","9":"pa_farba-slivka","11":"first","12":"onbackorder","13":"shipping-taxable","14":"purchasable","15":"product-type-variable"},"_links":{"self":[{"href":"https:\/\/nabytoklaguna.sk\/sk\/wp-json\/wp\/v2\/product\/24955","targetHints":{"allow":["GET"]}}],"collection":[{"href":"https:\/\/nabytoklaguna.sk\/sk\/wp-json\/wp\/v2\/product"}],"about":[{"href":"https:\/\/nabytoklaguna.sk\/sk\/wp-json\/wp\/v2\/types\/product"}],"replies":[{"embeddable":true,"href":"https:\/\/nabytoklaguna.sk\/sk\/wp-json\/wp\/v2\/comments?post=24955"}],"wp:featuredmedia":[{"embeddable":true,"href":"https:\/\/nabytoklaguna.sk\/sk\/wp-json\/wp\/v2\/media\/24960"}],"wp:attachment":[{"href":"https:\/\/nabytoklaguna.sk\/sk\/wp-json\/wp\/v2\/media?parent=24955"}],"wp:term":[{"taxonomy":"product_brand","embeddable":true,"href":"https:\/\/nabytoklaguna.sk\/sk\/wp-json\/wp\/v2\/product_brand?post=24955"},{"taxonomy":"product_cat","embeddable":true,"href":"https:\/\/nabytoklaguna.sk\/sk\/wp-json\/wp\/v2\/product_cat?post=24955"},{"taxonomy":"product_tag","embeddable":true,"href":"https:\/\/nabytoklaguna.sk\/sk\/wp-json\/wp\/v2\/product_tag?post=24955"}],"curies":[{"name":"wp","href":"https:\/\/api.w.org\/{rel}","templated":true}]}}

<p>PC stolík, materiál DTD laminovaná. Vo farebnom prevedení:  dub sonoma, biela. SLOVENSKÝ VÝROBOK.</p>
<ul>
<li><b>Materiál:</b> DTD laminovaná</li>
<li><b>Farba:</b> biela, dub sonoma</li>
<li><b>Rozmery (ŠxHxV):</b> 82x50x74,6 cm</li>
<li>S výsuvnou policou</li>
<li><b>Rozmery výsuvnej police (ŠxH):</b> 65&#215;28,8 cm</li>
<li><b>Výška po výsuvnú policu:</b> 50 cm</li>
<li>Dodávané v demonte</li>
<li><b>Kvalitný slovenský výrobok</b></li>
</ul>

<p>PC stolík, materiál DTD laminovaná. Vo farebnom prevedení:  dub sonoma, biela. SLOVENSKÝ VÝROBOK. Materiál: DTD laminovaná Farba: biela, dub sonoma Rozmery (ŠxHxV): 82x50x74,6 cm S výsuvnou policou Rozmery výsuvnej police (ŠxH): 65&#215;28,8 cm Výška po výsuvnú policu: 50 cm Dodávané v demonte Kvalitný slovenský výrobok</p>
