{"id":25012,"date":"2021-02-22T16:54:36","date_gmt":"2021-02-22T15:54:36","guid":{"rendered":"http:\/\/nabytoklaguna.sk\/sk\/?post_type=product&#038;p=25012"},"modified":"2026-01-08T16:36:03","modified_gmt":"2026-01-08T15:36:03","slug":"k-versal-new-pc-stolik","status":"publish","type":"product","link":"https:\/\/nabytoklaguna.sk\/sk\/produkt\/k-versal-new-pc-stolik\/","title":{"rendered":"K VERSAL NEW"},"content":{"rendered":"<p>Modern\u00fd PC stol\u00edk VERSAL NEW ocen\u00edte hlavne kv\u00f4li tomu, \u017ee je rozkladac\u00ed a je to kvalitn\u00fd slovensk\u00fd v\u00fdrobok. Pod pracovnom doskou n\u00e1jdete 2 \u0161upl\u00edky. Je vyroben\u00fd z DTD laminovanej.<\/p>\n<ul>\n<li><b>Materi\u00e1l:<\/b>\u00a0DTD laminovan\u00e1 drevotrieska<\/li>\n<li><b>Farba:<\/b>\u00a0biela, dub sonoma\/biela<\/li>\n<li>Rozkladac\u00ed<\/li>\n<li><b>Rozmery v\u00e4\u010d\u0161ej \u010dasti (\u0160xHxV):<\/b>\u00a0120x50x75 cm<\/li>\n<li><b>Rozmery men\u0161ej \u010dasti (\u0160xHxV):<\/b>\u00a0113&#215;36,4&#215;72 cm<\/li>\n<li>Dva \u0161upl\u00edky<\/li>\n<li><b>Rozmery \u0161upl\u00edka (\u0160xHxV):<\/b>\u00a053,8&#215;30,6&#215;12,6 cm<\/li>\n<li><b>Hr\u00fabka lamina:<\/b>\u00a02,2 cm<\/li>\n<li><b>V\u00fd\u0161ka koliesok:<\/b>\u00a05 cm<\/li>\n<li><b>Nosnos\u0165 v\u00e4\u010d\u0161ej \u010dasti stola:<\/b>\u00a030 kg<\/li>\n<li><b>Nosnos\u0165 men\u0161ej \u010dasti stola:<\/b>\u00a025 kg<\/li>\n<li><b>Kvalitn\u00fd slovensk\u00fd v\u00fdrobok<\/b><\/li>\n<li>Dod\u00e1van\u00e9 v demonte<\/li>\n<\/ul>\n","protected":false},"excerpt":{"rendered":"<p>Modern\u00fd PC stol\u00edk VERSAL NEW ocen\u00edte hlavne kv\u00f4li tomu, \u017ee je rozkladac\u00ed a je to kvalitn\u00fd slovensk\u00fd v\u00fdrobok. Pod pracovnom doskou n\u00e1jdete 2 \u0161upl\u00edky. Je vyroben\u00fd z DTD laminovanej. Materi\u00e1l:\u00a0DTD laminovan\u00e1 drevotrieska Farba:\u00a0biela, dub sonoma\/biela Rozkladac\u00ed Rozmery v\u00e4\u010d\u0161ej \u010dasti (\u0160xHxV):\u00a0120x50x75 cm Rozmery men\u0161ej \u010dasti (\u0160xHxV):\u00a0113&#215;36,4&#215;72 cm Dva \u0161upl\u00edky Rozmery \u0161upl\u00edka (\u0160xHxV):\u00a053,8&#215;30,6&#215;12,6 cm Hr\u00fabka lamina:\u00a02,2 cm&#8230;<\/p>\n","protected":false},"featured_media":25021,"comment_status":"closed","ping_status":"closed","template":"","meta":{"_seopress_robots_primary_cat":"243","_seopress_titles_title":"","_seopress_titles_desc":"","_seopress_robots_index":""},"product_brand":[],"product_cat":[247],"product_tag":[],"class_list":{"0":"post-25012","1":"product","2":"type-product","3":"status-publish","4":"has-post-thumbnail","6":"product_cat-pisacie-pocitacove-stoly","7":"pa_farba-biely","8":"pa_farba-buk","9":"pa_farba-dub-sonomabiela","11":"first","12":"onbackorder","13":"shipping-taxable","14":"purchasable","15":"product-type-variable"},"_links":{"self":[{"href":"https:\/\/nabytoklaguna.sk\/sk\/wp-json\/wp\/v2\/product\/25012","targetHints":{"allow":["GET"]}}],"collection":[{"href":"https:\/\/nabytoklaguna.sk\/sk\/wp-json\/wp\/v2\/product"}],"about":[{"href":"https:\/\/nabytoklaguna.sk\/sk\/wp-json\/wp\/v2\/types\/product"}],"replies":[{"embeddable":true,"href":"https:\/\/nabytoklaguna.sk\/sk\/wp-json\/wp\/v2\/comments?post=25012"}],"wp:featuredmedia":[{"embeddable":true,"href":"https:\/\/nabytoklaguna.sk\/sk\/wp-json\/wp\/v2\/media\/25021"}],"wp:attachment":[{"href":"https:\/\/nabytoklaguna.sk\/sk\/wp-json\/wp\/v2\/media?parent=25012"}],"wp:term":[{"taxonomy":"product_brand","embeddable":true,"href":"https:\/\/nabytoklaguna.sk\/sk\/wp-json\/wp\/v2\/product_brand?post=25012"},{"taxonomy":"product_cat","embeddable":true,"href":"https:\/\/nabytoklaguna.sk\/sk\/wp-json\/wp\/v2\/product_cat?post=25012"},{"taxonomy":"product_tag","embeddable":true,"href":"https:\/\/nabytoklaguna.sk\/sk\/wp-json\/wp\/v2\/product_tag?post=25012"}],"curies":[{"name":"wp","href":"https:\/\/api.w.org\/{rel}","templated":true}]}}

<p>Moderný PC stolík VERSAL NEW oceníte hlavne kvôli tomu, že je rozkladací a je to kvalitný slovenský výrobok. Pod pracovnom doskou nájdete 2 šuplíky. Je vyrobený z DTD laminovanej.</p>
<ul>
<li><b>Materiál:</b> DTD laminovaná drevotrieska</li>
<li><b>Farba:</b> biela, dub sonoma/biela</li>
<li>Rozkladací</li>
<li><b>Rozmery väčšej časti (ŠxHxV):</b> 120x50x75 cm</li>
<li><b>Rozmery menšej časti (ŠxHxV):</b> 113&#215;36,4&#215;72 cm</li>
<li>Dva šuplíky</li>
<li><b>Rozmery šuplíka (ŠxHxV):</b> 53,8&#215;30,6&#215;12,6 cm</li>
<li><b>Hrúbka lamina:</b> 2,2 cm</li>
<li><b>Výška koliesok:</b> 5 cm</li>
<li><b>Nosnosť väčšej časti stola:</b> 30 kg</li>
<li><b>Nosnosť menšej časti stola:</b> 25 kg</li>
<li><b>Kvalitný slovenský výrobok</b></li>
<li>Dodávané v demonte</li>
</ul>

<p>Moderný PC stolík VERSAL NEW oceníte hlavne kvôli tomu, že je rozkladací a je to kvalitný slovenský výrobok. Pod pracovnom doskou nájdete 2 šuplíky. Je vyrobený z DTD laminovanej. Materiál: DTD laminovaná drevotrieska Farba: biela, dub sonoma/biela Rozkladací Rozmery väčšej časti (ŠxHxV): 120x50x75 cm Rozmery menšej časti (ŠxHxV): 113&#215;36,4&#215;72 cm Dva šuplíky Rozmery šuplíka (ŠxHxV): 53,8&#215;30,6&#215;12,6 cm Hrúbka lamina: 2,2 cm&#8230;</p>
