{"id":26426,"date":"2021-02-22T16:54:36","date_gmt":"2021-02-22T15:54:36","guid":{"rendered":"http:\/\/nabytoklaguna.sk\/sk\/?post_type=product&#038;p=26426"},"modified":"2024-04-15T14:02:50","modified_gmt":"2024-04-15T12:02:50","slug":"artelb-vera-spalnovy-komplet-3","status":"publish","type":"product","link":"https:\/\/nabytoklaguna.sk\/sk\/produkt\/artelb-vera-spalnovy-komplet-3\/","title":{"rendered":"ELB ADELA sp\u00e1l\u0148a dub monastery\/\u010dierna"},"content":{"rendered":"<p>Kr\u00e1sna a modern\u00e1 sp\u00e1l\u0148a za v\u00fdhodn\u00fa cenu. Materi\u00e1l laminovan\u00e1 DTDL. V zostave sa nach\u00e1dza priestrann\u00e1 \u0161atn\u00edkov\u00e1 skri\u0148a, ktor\u00e1 je rozdelen\u00e1 na policov\u00fa \u010das\u0165 a na \u0161atn\u00edkov\u00fa s ty\u010dou na ve\u0161anie,\u00a0 komoda, matrac HELVETIA na drevenom r\u00e1me,poste\u013e v dvoch ve\u013ekostiach ( 180 alebo 160 cm)pred\u00e1van\u00e1 spolu s no\u010dn\u00fdmi stol\u00edkmi. Dva no\u010dn\u00e9 stol\u00edky s\u00fa neoddelite\u013enou s\u00fa\u010das\u0165ou postele a nedaj\u00fa sa k\u00fapi\u0165 samostatne.<\/p>\n<p>Jednotliv\u00e9 komponenty je mo\u017en\u00e9 zak\u00fapi\u0165 aj jednotlivo:<\/p>\n<ol>\n<li>Skri\u0148a 4.dverov\u00e1 (\u0160xHxV)\u00a0 225x58x214 cm za cenu <strong>483\u00a0EUR<\/strong><\/li>\n<li>Poste\u013e 160 s no\u010dn\u00fdmi stol\u00edkmi (\u0160xHxV) 258x205x85 cm za cenu <strong>288\u00a0EUR<\/strong><\/li>\n<li>Poste\u013e 180 s no\u010dn\u00fdmi stol\u00edkmi (\u0160xHxV) 278x205x85 cm za cenu <strong>294 EUR<\/strong><\/li>\n<li>Komoda (\u0160xHxV) 132x38x92 cm za cenu <strong>175 EUR<\/strong><\/li>\n<li>Matrac HELVETIA na drevenom r\u00e1me (80,90\/200) za cenu<strong> 102 \/109\u00a0 \u00a0EUR\/1KS<\/strong><\/li>\n<\/ol>\n<p><strong>Pros\u00edm uvies\u0165 do pozn\u00e1mky rozmer postele 160 alebo 180 cm !!!<\/strong><\/p>\n<ul style=\"list-style-type: circle;\">\n<li><\/li>\n<\/ul>\n<p>POZN. Poste\u013e s no\u010dn\u00fdmi stol\u00edkmi neobsahuje matrac a ro\u0161t. Je potrebn\u00e9 zak\u00fapi\u0165 matrac na drevenom r\u00e1me (HELVETIA) alebo samostatn\u00fd ro\u0161\u0165 a matrac (Pozrite si na\u0161u ponuku ro\u0161tov a matracov). Spacia plocha postele je 160&#215;200 alebo 180&#215;200 cm<\/p>\n<p>&nbsp;<\/p>\n<p>&nbsp;<\/p>\n<p>&nbsp;<\/p>\n<p>&nbsp;<\/p>\n<p>&nbsp;<\/p>\n","protected":false},"excerpt":{"rendered":"<p>Kr\u00e1sna a modern\u00e1 sp\u00e1l\u0148a za v\u00fdhodn\u00fa cenu. Materi\u00e1l laminovan\u00e1 DTDL. V zostave sa nach\u00e1dza priestrann\u00e1 \u0161atn\u00edkov\u00e1 skri\u0148a, ktor\u00e1 je rozdelen\u00e1 na policov\u00fa \u010das\u0165 a na \u0161atn\u00edkov\u00fa s ty\u010dou na ve\u0161anie,\u00a0 komoda, matrac HELVETIA na drevenom r\u00e1me,poste\u013e v dvoch ve\u013ekostiach ( 180 alebo 160 cm)pred\u00e1van\u00e1 spolu s no\u010dn\u00fdmi stol\u00edkmi. Dva no\u010dn\u00e9 stol\u00edky s\u00fa neoddelite\u013enou s\u00fa\u010das\u0165ou postele&#8230;<\/p>\n","protected":false},"featured_media":121404,"comment_status":"closed","ping_status":"closed","template":"","meta":{"_seopress_robots_primary_cat":"none","_seopress_titles_title":"","_seopress_titles_desc":"","_seopress_robots_index":""},"product_brand":[],"product_cat":[615,223],"product_tag":[],"class_list":{"0":"post-26426","1":"product","2":"type-product","3":"status-publish","4":"has-post-thumbnail","6":"product_cat-spalnove-komplety","7":"product_cat-spalne","8":"pa_typ-produktu-komoda","9":"pa_typ-produktu-matrac-helvetia","10":"pa_typ-produktu-postel-160-s-nocnymi-stolikmi","11":"pa_typ-produktu-postel-180-s-nocnymi-stolikmi","12":"pa_typ-produktu-postel-s-nocnymi-stolikmi","13":"pa_typ-produktu-skrina-4dv","14":"pa_typ-produktu-spalnovy-komplet","16":"first","17":"onbackorder","18":"shipping-taxable","19":"purchasable","20":"product-type-variable"},"_links":{"self":[{"href":"https:\/\/nabytoklaguna.sk\/sk\/wp-json\/wp\/v2\/product\/26426","targetHints":{"allow":["GET"]}}],"collection":[{"href":"https:\/\/nabytoklaguna.sk\/sk\/wp-json\/wp\/v2\/product"}],"about":[{"href":"https:\/\/nabytoklaguna.sk\/sk\/wp-json\/wp\/v2\/types\/product"}],"replies":[{"embeddable":true,"href":"https:\/\/nabytoklaguna.sk\/sk\/wp-json\/wp\/v2\/comments?post=26426"}],"wp:featuredmedia":[{"embeddable":true,"href":"https:\/\/nabytoklaguna.sk\/sk\/wp-json\/wp\/v2\/media\/121404"}],"wp:attachment":[{"href":"https:\/\/nabytoklaguna.sk\/sk\/wp-json\/wp\/v2\/media?parent=26426"}],"wp:term":[{"taxonomy":"product_brand","embeddable":true,"href":"https:\/\/nabytoklaguna.sk\/sk\/wp-json\/wp\/v2\/product_brand?post=26426"},{"taxonomy":"product_cat","embeddable":true,"href":"https:\/\/nabytoklaguna.sk\/sk\/wp-json\/wp\/v2\/product_cat?post=26426"},{"taxonomy":"product_tag","embeddable":true,"href":"https:\/\/nabytoklaguna.sk\/sk\/wp-json\/wp\/v2\/product_tag?post=26426"}],"curies":[{"name":"wp","href":"https:\/\/api.w.org\/{rel}","templated":true}]}}

ELB ADELA spálňa dub monastery/čierna

<p>Krásna a moderná spálňa za výhodnú cenu. Materiál laminovaná DTDL. V zostave sa nachádza priestranná šatníková skriňa, ktorá je rozdelená na policovú časť a na šatníkovú s tyčou na vešanie,  komoda, matrac HELVETIA na drevenom ráme,posteľ v dvoch veľkostiach ( 180 alebo 160 cm)predávaná spolu s nočnými stolíkmi. Dva nočné stolíky sú neoddeliteľnou súčasťou postele a nedajú sa kúpiť samostatne.</p>
<p>Jednotlivé komponenty je možné zakúpiť aj jednotlivo:</p>
<ol>
<li>Skriňa 4.dverová (ŠxHxV)  225x58x214 cm za cenu <strong>483 EUR</strong></li>
<li>Posteľ 160 s nočnými stolíkmi (ŠxHxV) 258x205x85 cm za cenu <strong>288 EUR</strong></li>
<li>Posteľ 180 s nočnými stolíkmi (ŠxHxV) 278x205x85 cm za cenu <strong>294 EUR</strong></li>
<li>Komoda (ŠxHxV) 132x38x92 cm za cenu <strong>175 EUR</strong></li>
<li>Matrac HELVETIA na drevenom ráme (80,90/200) za cenu<strong> 102 /109   EUR/1KS</strong></li>
</ol>
<p><strong>Prosím uviesť do poznámky rozmer postele 160 alebo 180 cm !!!</strong></p>
<ul style="list-style-type: circle;">
<li></li>
</ul>
<p>POZN. Posteľ s nočnými stolíkmi neobsahuje matrac a rošt. Je potrebné zakúpiť matrac na drevenom ráme (HELVETIA) alebo samostatný rošť a matrac (Pozrite si našu ponuku roštov a matracov). Spacia plocha postele je 160&#215;200 alebo 180&#215;200 cm</p>
<p>&nbsp;</p>
<p>&nbsp;</p>
<p>&nbsp;</p>
<p>&nbsp;</p>
<p>&nbsp;</p>

<p>Krásna a moderná spálňa za výhodnú cenu. Materiál laminovaná DTDL. V zostave sa nachádza priestranná šatníková skriňa, ktorá je rozdelená na policovú časť a na šatníkovú s tyčou na vešanie,  komoda, matrac HELVETIA na drevenom ráme,posteľ v dvoch veľkostiach ( 180 alebo 160 cm)predávaná spolu s nočnými stolíkmi. Dva nočné stolíky sú neoddeliteľnou súčasťou postele&#8230;</p>
