{"id":26814,"date":"2021-02-22T16:54:36","date_gmt":"2021-02-22T15:54:36","guid":{"rendered":"http:\/\/nabytoklaguna.sk\/sk\/?post_type=product&#038;p=26814"},"modified":"2025-11-24T11:16:05","modified_gmt":"2025-11-24T10:16:05","slug":"infinity-obyvacia-stena","status":"publish","type":"product","link":"https:\/\/nabytoklaguna.sk\/sk\/produkt\/infinity-obyvacia-stena\/","title":{"rendered":"INDIANAPOLIS, ob\u00fdvacia stena"},"content":{"rendered":"<p>H\u013ead\u00e1te kvalitn\u00fd modern\u00fd n\u00e1bytok, ktor\u00fd o\u017eiv\u00fd ka\u017ed\u00fd priestor? <strong>Ob\u00fdvacia zostava INDIANAPOLIS<\/strong><strong>\u00a0<\/strong>je pre V\u00e1s to prav\u00e9.\u00a0 Syst\u00e9m <b>INDIANAPOLIS<\/b>\u00a0je <strong>exkluzivn\u00e1 kolekcia<\/strong> navrhnut\u00e1\u00a0 v <strong>modernom duchu<\/strong>. Cel\u00e1 rada sa vyzna\u010duje <strong>eleganciou a jednoduch\u00fdmi tvarmi<\/strong>, ktor\u00e9 zaru\u010duj\u00fa <strong>pln\u00e9 vyu\u017eitie priestoru<\/strong>. N\u00e1bytok je vyroben\u00fd z kvalitn\u00e9ho lamina, \u00fachyty s\u00fa z kovu. Farebn\u00e9 prevedenie je mo\u017enos\u0165 z v\u00fdberu jase\u0148 svetl\u00fd, jase\u0148 tmav\u00fd alebo kraft biely.<\/p>\n<p>T\u00e1to zostava sa sklad\u00e1: ( \u0161xhxv )<\/p>\n<p>Vitr\u00edna ( 56 x 42 x 192 cm )<\/p>\n<p>Komoda ( 76 x 42 x 127 cm )<\/p>\n<p>RTV stol\u00edk ( 137 x 42 x 53 cm )<\/p>\n<p>Polica ( 120 x 18 x 32 cm<\/p>\n<p>N\u00e1bytok neobsahuje LED osvetlenie v cene, mo\u017enos\u0165 dok\u00fapi\u0165 . V na\u0161ej ponuke n\u00e1jdete aj \u010fal\u0161\u00ed sortiment z rady INDIANAPOLIS. Dod\u00e1vame v demonte.<\/p>\n","protected":false},"excerpt":{"rendered":"<p>H\u013ead\u00e1te kvalitn\u00fd modern\u00fd n\u00e1bytok, ktor\u00fd o\u017eiv\u00fd ka\u017ed\u00fd priestor? Ob\u00fdvacia zostava INDIANAPOLIS\u00a0je pre V\u00e1s to prav\u00e9.\u00a0 Syst\u00e9m INDIANAPOLIS\u00a0je exkluzivn\u00e1 kolekcia navrhnut\u00e1\u00a0 v modernom duchu. Cel\u00e1 rada sa vyzna\u010duje eleganciou a jednoduch\u00fdmi tvarmi, ktor\u00e9 zaru\u010duj\u00fa pln\u00e9 vyu\u017eitie priestoru. N\u00e1bytok je vyroben\u00fd z kvalitn\u00e9ho lamina, \u00fachyty s\u00fa z kovu. Farebn\u00e9 prevedenie je mo\u017enos\u0165 z v\u00fdberu jase\u0148 svetl\u00fd, jase\u0148&#8230;<\/p>\n","protected":false},"featured_media":121680,"comment_status":"closed","ping_status":"closed","template":"","meta":{"_seopress_robots_primary_cat":"251","_seopress_titles_title":"","_seopress_titles_desc":"","_seopress_robots_index":""},"product_brand":[],"product_cat":[251],"product_tag":[],"class_list":{"0":"post-26814","1":"product","2":"type-product","3":"status-publish","4":"has-post-thumbnail","6":"product_cat-steny","7":"pa_farba-jasen-biely","8":"pa_farba-jasen-svetly","9":"pa_farba-jasen-tmavy","11":"first","12":"instock","13":"sale","14":"shipping-taxable","15":"purchasable","16":"product-type-variable","17":"has-default-attributes"},"_links":{"self":[{"href":"https:\/\/nabytoklaguna.sk\/sk\/wp-json\/wp\/v2\/product\/26814","targetHints":{"allow":["GET"]}}],"collection":[{"href":"https:\/\/nabytoklaguna.sk\/sk\/wp-json\/wp\/v2\/product"}],"about":[{"href":"https:\/\/nabytoklaguna.sk\/sk\/wp-json\/wp\/v2\/types\/product"}],"replies":[{"embeddable":true,"href":"https:\/\/nabytoklaguna.sk\/sk\/wp-json\/wp\/v2\/comments?post=26814"}],"wp:featuredmedia":[{"embeddable":true,"href":"https:\/\/nabytoklaguna.sk\/sk\/wp-json\/wp\/v2\/media\/121680"}],"wp:attachment":[{"href":"https:\/\/nabytoklaguna.sk\/sk\/wp-json\/wp\/v2\/media?parent=26814"}],"wp:term":[{"taxonomy":"product_brand","embeddable":true,"href":"https:\/\/nabytoklaguna.sk\/sk\/wp-json\/wp\/v2\/product_brand?post=26814"},{"taxonomy":"product_cat","embeddable":true,"href":"https:\/\/nabytoklaguna.sk\/sk\/wp-json\/wp\/v2\/product_cat?post=26814"},{"taxonomy":"product_tag","embeddable":true,"href":"https:\/\/nabytoklaguna.sk\/sk\/wp-json\/wp\/v2\/product_tag?post=26814"}],"curies":[{"name":"wp","href":"https:\/\/api.w.org\/{rel}","templated":true}]}}

INDIANAPOLIS, obývacia stena

<p>Hľadáte kvalitný moderný nábytok, ktorý oživý každý priestor? <strong>Obývacia zostava INDIANAPOLIS</strong><strong> </strong>je pre Vás to pravé.  Systém <b>INDIANAPOLIS</b> je <strong>exkluzivná kolekcia</strong> navrhnutá  v <strong>modernom duchu</strong>. Celá rada sa vyznačuje <strong>eleganciou a jednoduchými tvarmi</strong>, ktoré zaručujú <strong>plné využitie priestoru</strong>. Nábytok je vyrobený z kvalitného lamina, úchyty sú z kovu. Farebné prevedenie je možnosť z výberu jaseň svetlý, jaseň tmavý alebo kraft biely.</p>
<p>Táto zostava sa skladá: ( šxhxv )</p>
<p>Vitrína ( 56 x 42 x 192 cm )</p>
<p>Komoda ( 76 x 42 x 127 cm )</p>
<p>RTV stolík ( 137 x 42 x 53 cm )</p>
<p>Polica ( 120 x 18 x 32 cm</p>
<p>Nábytok neobsahuje LED osvetlenie v cene, možnosť dokúpiť . V našej ponuke nájdete aj ďalší sortiment z rady INDIANAPOLIS. Dodávame v demonte.</p>

<p>Hľadáte kvalitný moderný nábytok, ktorý oživý každý priestor? Obývacia zostava INDIANAPOLIS je pre Vás to pravé.  Systém INDIANAPOLIS je exkluzivná kolekcia navrhnutá  v modernom duchu. Celá rada sa vyznačuje eleganciou a jednoduchými tvarmi, ktoré zaručujú plné využitie priestoru. Nábytok je vyrobený z kvalitného lamina, úchyty sú z kovu. Farebné prevedenie je možnosť z výberu jaseň svetlý, jaseň&#8230;</p>
