{"id":28693,"date":"2021-02-22T16:54:36","date_gmt":"2021-02-22T15:54:36","guid":{"rendered":"http:\/\/nabytoklaguna.sk\/sk\/?post_type=product&#038;p=28693"},"modified":"2025-05-29T14:46:55","modified_gmt":"2025-05-29T12:46:55","slug":"tempo-kondela-emily-u","status":"publish","type":"product","link":"https:\/\/nabytoklaguna.sk\/sk\/produkt\/tempo-kondela-emily-u\/","title":{"rendered":"K EMILY U"},"content":{"rendered":"<p><strong>Sedacia<\/strong> s\u00faprava <strong>EMILY v tvare U<\/strong> sa vyzna\u010duje jemn\u00fdmi l\u00edniami, ktor\u00e9 sa spajaj\u00fa s <strong>modern\u00fdm dizajnom<\/strong> a nad\u010dasovos\u0165ou. Funkcia rozkladu a \u00falo\u017en\u00fd priestor ur\u010dite ocen\u00edte. S\u00fa\u010das\u0165ou sedacej s\u00fapravy je <strong>6 vank\u00fa\u0161ikov<\/strong> , ktor\u00e9 V\u00e1m umo\u017e\u0148uj\u00fa pohodlne sa oprie\u0165. Komfortn\u00e9 sedenie zais\u0165uje pru\u017eina <strong>FALISTA<\/strong> a PUR pena Sedaciu s\u00fapravu je mo\u017en\u00e9 umiestni <strong>do priestoru,<\/strong> ked\u017ee je celo\u010dal\u00fanen\u00e1.Mo\u017enos\u0165 v\u00fdberu prav\u00e9ho alebo \u013eav\u00e9ho prevedenia<\/p>\n<p>Zobrazen\u00e1 sedacia s\u00faprava je v po\u0165ahovej l\u00e1tke Portland 24 hned\u00e1\/ekoko\u017ea hned\u00e1<\/p>\n<p>Po\u0165ahov\u00e1 l\u00e1tka Portland s gram\u00e1\u017eou 300g\/m\u00b2 zaru\u010duje dokonal\u00fa kombin\u00e1ciu odolnosti a pohodlia, v\u010faka \u010domu bude v\u00e1\u0161 n\u00e1bytok pohodln\u00fd a vydr\u017e\u00ed ka\u017edodenn\u00e9 pou\u017e\u00edvanie. <b>L\u00e1tka<\/b>\u00a0s takouto \u0161pecifik\u00e1ciou zais\u0165uje dlh\u00fa \u017eivotnos\u0165 a \u0161t\u00fdlov\u00fd vzh\u013ead v\u00e1\u0161ho n\u00e1bytku.<\/p>\n<p>Mo\u017enos\u0165 objednania v 4 farebn\u00fdch odtie\u0148och ekoko\u017ee a v 6 farebn\u00fdch odtie\u0148och l\u00e1tky Portland v cene 1.559 EUR. Doba dodania 6-8 t\u00fd\u017ed\u0148ov<\/p>\n<h3 class=\"page-product-heading\">VLASTNOSTI<\/h3>\n<table class=\"table-data-sheet\">\n<tbody>\n<tr class=\"odd\">\n<td>H\u013abka<\/td>\n<td>272\/174 cm<\/td>\n<\/tr>\n<tr class=\"even\">\n<td>\u0160\u00edrka<\/td>\n<td>343 cm<\/td>\n<\/tr>\n<tr class=\"odd\">\n<td>V\u00fd\u0161ka<\/td>\n<td>83 cm<\/td>\n<\/tr>\n<tr class=\"even\">\n<td>Vhodn\u00e1 miestnos\u0165<\/td>\n<td>ob\u00fdva\u010dka, spolo\u010densk\u00e1 miestnos\u0165, hotely, kaviarne<\/td>\n<\/tr>\n<tr class=\"odd\">\n<td>Typ n\u00e1bytku<\/td>\n<td>sedacia s\u00faprava v tvare U<\/td>\n<\/tr>\n<tr class=\"even\">\n<td>\u0160t\u00fdl n\u00e1bytku<\/td>\n<td>modern\u00fd<\/td>\n<\/tr>\n<tr class=\"odd\">\n<td>Z\u00e1ruka<\/td>\n<td>2 roky<\/td>\n<\/tr>\n<tr class=\"even\">\n<td>Sp\u00f4sob dodania<\/td>\n<td>demont v troch bal\u00edkoch<\/td>\n<\/tr>\n<tr class=\"odd\">\n<td>Hmotnos\u0165<\/td>\n<td>150 kg<\/td>\n<\/tr>\n<tr class=\"even\">\n<td>\u00dalo\u017en\u00fd priestor<\/td>\n<td>\u00e1no<\/td>\n<\/tr>\n<tr class=\"odd\">\n<td>Rohov\u00e9 prevedenie<\/td>\n<td>\u00e1no<\/td>\n<\/tr>\n<tr class=\"even\">\n<td>V\u00fd\u0161ka sed\u00e1ka<\/td>\n<td>43 cm<\/td>\n<\/tr>\n<tr class=\"odd\">\n<td>V\u00fd\u0161ka zadn\u00e9ho \u010dela<\/td>\n<td>max. 83 cm<\/td>\n<\/tr>\n<tr class=\"even\">\n<td>Mo\u017enos\u0165 rozkladania<\/td>\n<td>\u00e1no<\/td>\n<\/tr>\n<tr class=\"odd\">\n<td>Plocha na spanie:<\/td>\n<td>129&#215;275 cm<\/td>\n<\/tr>\n<tr class=\"even\">\n<td>Kon\u0161trukcia<\/td>\n<td>DTD<\/td>\n<\/tr>\n<tr class=\"odd\">\n<td>N\u00f4\u017eky<\/td>\n<td>kov<\/td>\n<\/tr>\n<tr class=\"even\">\n<td>Obsahuje vank\u00fa\u0161e<\/td>\n<td>\u00e1no(dekora\u010dn\u00e9)<\/td>\n<\/tr>\n<tr class=\"odd\">\n<td>Nastavenie opierok<\/td>\n<td>nie<\/td>\n<\/tr>\n<tr class=\"even\">\n<td>V\u00fdpl\u0148 seda\u010dky<\/td>\n<td>pena+ pru\u017eina<\/td>\n<\/tr>\n<\/tbody>\n<\/table>\n<p>&nbsp;<\/p>\n<p>&nbsp;<\/p>\n","protected":false},"excerpt":{"rendered":"<p>Sedacia s\u00faprava EMILY v tvare U sa vyzna\u010duje jemn\u00fdmi l\u00edniami, ktor\u00e9 sa spajaj\u00fa s modern\u00fdm dizajnom a nad\u010dasovos\u0165ou. Funkcia rozkladu a \u00falo\u017en\u00fd priestor ur\u010dite ocen\u00edte. S\u00fa\u010das\u0165ou sedacej s\u00fapravy je 6 vank\u00fa\u0161ikov , ktor\u00e9 V\u00e1m umo\u017e\u0148uj\u00fa pohodlne sa oprie\u0165. Komfortn\u00e9 sedenie zais\u0165uje pru\u017eina FALISTA a PUR pena Sedaciu s\u00fapravu je mo\u017en\u00e9 umiestni do priestoru, ked\u017ee je&#8230;<\/p>\n","protected":false},"featured_media":90197,"comment_status":"closed","ping_status":"closed","template":"","meta":{"_seopress_robots_primary_cat":"254","_seopress_titles_title":"","_seopress_titles_desc":"","_seopress_robots_index":""},"product_brand":[],"product_cat":[140,254],"product_tag":[],"class_list":{"0":"post-28693","1":"product","2":"type-product","3":"status-publish","4":"has-post-thumbnail","6":"product_cat-sedacie-supravy","7":"product_cat-sedacie-supravy-u","9":"first","10":"onbackorder","11":"shipping-taxable","12":"purchasable","13":"product-type-variable"},"_links":{"self":[{"href":"https:\/\/nabytoklaguna.sk\/sk\/wp-json\/wp\/v2\/product\/28693","targetHints":{"allow":["GET"]}}],"collection":[{"href":"https:\/\/nabytoklaguna.sk\/sk\/wp-json\/wp\/v2\/product"}],"about":[{"href":"https:\/\/nabytoklaguna.sk\/sk\/wp-json\/wp\/v2\/types\/product"}],"replies":[{"embeddable":true,"href":"https:\/\/nabytoklaguna.sk\/sk\/wp-json\/wp\/v2\/comments?post=28693"}],"wp:featuredmedia":[{"embeddable":true,"href":"https:\/\/nabytoklaguna.sk\/sk\/wp-json\/wp\/v2\/media\/90197"}],"wp:attachment":[{"href":"https:\/\/nabytoklaguna.sk\/sk\/wp-json\/wp\/v2\/media?parent=28693"}],"wp:term":[{"taxonomy":"product_brand","embeddable":true,"href":"https:\/\/nabytoklaguna.sk\/sk\/wp-json\/wp\/v2\/product_brand?post=28693"},{"taxonomy":"product_cat","embeddable":true,"href":"https:\/\/nabytoklaguna.sk\/sk\/wp-json\/wp\/v2\/product_cat?post=28693"},{"taxonomy":"product_tag","embeddable":true,"href":"https:\/\/nabytoklaguna.sk\/sk\/wp-json\/wp\/v2\/product_tag?post=28693"}],"curies":[{"name":"wp","href":"https:\/\/api.w.org\/{rel}","templated":true}]}}

<p><strong>Sedacia</strong> súprava <strong>EMILY v tvare U</strong> sa vyznačuje jemnými líniami, ktoré sa spajajú s <strong>moderným dizajnom</strong> a nadčasovosťou. Funkcia rozkladu a úložný priestor určite oceníte. Súčasťou sedacej súpravy je <strong>6 vankúšikov</strong> , ktoré Vám umožňujú pohodlne sa oprieť. Komfortné sedenie zaisťuje pružina <strong>FALISTA</strong> a PUR pena Sedaciu súpravu je možné umiestni <strong>do priestoru,</strong> kedže je celočalúnená.Možnosť výberu pravého alebo ľavého prevedenia</p>
<p>Zobrazená sedacia súprava je v poťahovej látke Portland 24 hnedá/ekokoža hnedá</p>
<p>Poťahová látka Portland s gramážou 300g/m² zaručuje dokonalú kombináciu odolnosti a pohodlia, vďaka čomu bude váš nábytok pohodlný a vydrží každodenné používanie. <b>Látka</b> s takouto špecifikáciou zaisťuje dlhú životnosť a štýlový vzhľad vášho nábytku.</p>
<p>Možnosť objednania v 4 farebných odtieňoch ekokože a v 6 farebných odtieňoch látky Portland v cene 1.559 EUR. Doba dodania 6-8 týždňov</p>
<h3 class="page-product-heading">VLASTNOSTI</h3>
<table class="table-data-sheet">
<tbody>
<tr class="odd">
<td>Hĺbka</td>
<td>272/174 cm</td>
</tr>
<tr class="even">
<td>Šírka</td>
<td>343 cm</td>
</tr>
<tr class="odd">
<td>Výška</td>
<td>83 cm</td>
</tr>
<tr class="even">
<td>Vhodná miestnosť</td>
<td>obývačka, spoločenská miestnosť, hotely, kaviarne</td>
</tr>
<tr class="odd">
<td>Typ nábytku</td>
<td>sedacia súprava v tvare U</td>
</tr>
<tr class="even">
<td>Štýl nábytku</td>
<td>moderný</td>
</tr>
<tr class="odd">
<td>Záruka</td>
<td>2 roky</td>
</tr>
<tr class="even">
<td>Spôsob dodania</td>
<td>demont v troch balíkoch</td>
</tr>
<tr class="odd">
<td>Hmotnosť</td>
<td>150 kg</td>
</tr>
<tr class="even">
<td>Úložný priestor</td>
<td>áno</td>
</tr>
<tr class="odd">
<td>Rohové prevedenie</td>
<td>áno</td>
</tr>
<tr class="even">
<td>Výška sedáka</td>
<td>43 cm</td>
</tr>
<tr class="odd">
<td>Výška zadného čela</td>
<td>max. 83 cm</td>
</tr>
<tr class="even">
<td>Možnosť rozkladania</td>
<td>áno</td>
</tr>
<tr class="odd">
<td>Plocha na spanie:</td>
<td>129&#215;275 cm</td>
</tr>
<tr class="even">
<td>Konštrukcia</td>
<td>DTD</td>
</tr>
<tr class="odd">
<td>Nôžky</td>
<td>kov</td>
</tr>
<tr class="even">
<td>Obsahuje vankúše</td>
<td>áno(dekoračné)</td>
</tr>
<tr class="odd">
<td>Nastavenie opierok</td>
<td>nie</td>
</tr>
<tr class="even">
<td>Výplň sedačky</td>
<td>pena+ pružina</td>
</tr>
</tbody>
</table>
<p>&nbsp;</p>
<p>&nbsp;</p>

<p>Sedacia súprava EMILY v tvare U sa vyznačuje jemnými líniami, ktoré sa spajajú s moderným dizajnom a nadčasovosťou. Funkcia rozkladu a úložný priestor určite oceníte. Súčasťou sedacej súpravy je 6 vankúšikov , ktoré Vám umožňujú pohodlne sa oprieť. Komfortné sedenie zaisťuje pružina FALISTA a PUR pena Sedaciu súpravu je možné umiestni do priestoru, kedže je&#8230;</p>
