{"id":29265,"date":"2021-02-22T16:54:36","date_gmt":"2021-02-22T15:54:36","guid":{"rendered":"http:\/\/nabytoklaguna.sk\/sk\/?post_type=product&#038;p=29265"},"modified":"2026-02-04T15:41:56","modified_gmt":"2026-02-04T14:41:56","slug":"pyka-everest","status":"publish","type":"product","link":"https:\/\/nabytoklaguna.sk\/sk\/produkt\/pyka-everest\/","title":{"rendered":"EVEREST ko\u017een\u00e1 sedacia s\u00faprava"},"content":{"rendered":"<p>Seda\u010dka\u00a0 <strong>EVEREST<\/strong> je modern\u00e1 neprehliadnute\u013en\u00e1 seda\u010dka vyroben\u00e1 z <strong>kvalitnej talianskej hov\u00e4dzej ko\u017ee<\/strong> v z\u00e1kladnej hr\u00fabke cca 2 mm.\u00a0 Sedenie sedacej s\u00fapravy\u00a0 je vyroben\u00e9 z<strong> kvalitnej HR peny<\/strong> v spojen\u00ed s pru\u017einami falista, ktor\u00e9 zabezpe\u010duj\u00fa <strong>dlhodob\u00fa pohodlnos\u0165<\/strong> sedacej \u010dasti na seda\u010dke.\u00a0 3sed seda\u010dky je mo\u017en\u00e9 rozlo\u017ei\u0165 na<strong> pr\u00edle\u017eitostn\u00e9<\/strong> <strong>spanie<\/strong> s plochou 135x200cm. Pri seda\u010dke<strong> EVEREST<\/strong> nie je mo\u017en\u00e9 zak\u00fapi\u0165\u00a0 2sed s rozkladom. Opierky hlavy seda\u010dky <strong>s\u00fa polohovate\u013en\u00e9.<\/strong>\u00a0 No\u017ei\u010dky seda\u010dky s\u00fa vyroben\u00e9 z <strong>kvalitn\u00e9ho dubov\u00e9ho dreva.<\/strong><br \/>\nZostava <strong>EVEREST<\/strong> 3+2+1 zah\u0155\u0148a 3sed s rozkladom.<\/p>\n<p><strong>Rozmery trojsed:<\/strong><\/p>\n<p><strong>\u0160\u00edrka:\u00a0<\/strong>225 cm<\/p>\n<p><strong>V\u00fd\u0161ka:\u00a0<\/strong>85-103 cm<\/p>\n<p><strong>H\u013abka:\u00a0<\/strong>100 cm<\/p>\n<p><strong>Spacia plocha:\u00a0<\/strong>135&#215;200 cm<\/p>\n<p>&nbsp;<\/p>\n<p><strong>Rozmery dvojsed:<\/strong><\/p>\n<p><strong>\u0160\u00edrka:\u00a0<\/strong>180 cm<\/p>\n<p><strong>V\u00fd\u0161ka:\u00a0<\/strong>85-103 cm<\/p>\n<p><strong>H\u013abka:\u00a0<\/strong>100 cm<\/p>\n<p>&nbsp;<\/p>\n<p>&nbsp;<\/p>\n<p><strong>Rozmery kreslo:<\/strong><\/p>\n<p><strong>\u0160\u00edrka:\u00a0<\/strong>115 cm<\/p>\n<p><strong>V\u00fd\u0161ka:\u00a0<\/strong>85-103 cm<\/p>\n<p><strong>H\u013abka:\u00a0<\/strong>100 cm<\/p>\n<p><strong>Materi\u00e1l:<\/strong>\u00a0ko\u017ea<\/p>\n","protected":false},"excerpt":{"rendered":"<p>Seda\u010dka\u00a0 EVEREST je modern\u00e1 neprehliadnute\u013en\u00e1 seda\u010dka vyroben\u00e1 z kvalitnej talianskej hov\u00e4dzej ko\u017ee v z\u00e1kladnej hr\u00fabke cca 2 mm.\u00a0 Sedenie sedacej s\u00fapravy\u00a0 je vyroben\u00e9 z kvalitnej HR peny v spojen\u00ed s pru\u017einami falista, ktor\u00e9 zabezpe\u010duj\u00fa dlhodob\u00fa pohodlnos\u0165 sedacej \u010dasti na seda\u010dke.\u00a0 3sed seda\u010dky je mo\u017en\u00e9 rozlo\u017ei\u0165 na pr\u00edle\u017eitostn\u00e9 spanie s plochou 135x200cm. Pri seda\u010dke EVEREST nie&#8230;<\/p>\n","protected":false},"featured_media":29273,"comment_status":"closed","ping_status":"closed","template":"","meta":{"_seopress_robots_primary_cat":"140","_seopress_titles_title":"","_seopress_titles_desc":"","_seopress_robots_index":""},"product_brand":[],"product_cat":[256,140,214],"product_tag":[],"class_list":{"0":"post-29265","1":"product","2":"type-product","3":"status-publish","4":"has-post-thumbnail","6":"product_cat-supravy-311","7":"product_cat-sedacie-supravy","8":"product_cat-kozene-sedacie-supravy","9":"pa_typ-produktu-3r1kreslo","10":"pa_typ-produktu-1-kreslo","11":"pa_typ-produktu-2-sed","12":"pa_typ-produktu-3-sed-s-rozkladom","13":"pa_typ-produktu-3r21","15":"first","16":"instock","17":"shipping-taxable","18":"purchasable","19":"product-type-variable"},"_links":{"self":[{"href":"https:\/\/nabytoklaguna.sk\/sk\/wp-json\/wp\/v2\/product\/29265","targetHints":{"allow":["GET"]}}],"collection":[{"href":"https:\/\/nabytoklaguna.sk\/sk\/wp-json\/wp\/v2\/product"}],"about":[{"href":"https:\/\/nabytoklaguna.sk\/sk\/wp-json\/wp\/v2\/types\/product"}],"replies":[{"embeddable":true,"href":"https:\/\/nabytoklaguna.sk\/sk\/wp-json\/wp\/v2\/comments?post=29265"}],"wp:featuredmedia":[{"embeddable":true,"href":"https:\/\/nabytoklaguna.sk\/sk\/wp-json\/wp\/v2\/media\/29273"}],"wp:attachment":[{"href":"https:\/\/nabytoklaguna.sk\/sk\/wp-json\/wp\/v2\/media?parent=29265"}],"wp:term":[{"taxonomy":"product_brand","embeddable":true,"href":"https:\/\/nabytoklaguna.sk\/sk\/wp-json\/wp\/v2\/product_brand?post=29265"},{"taxonomy":"product_cat","embeddable":true,"href":"https:\/\/nabytoklaguna.sk\/sk\/wp-json\/wp\/v2\/product_cat?post=29265"},{"taxonomy":"product_tag","embeddable":true,"href":"https:\/\/nabytoklaguna.sk\/sk\/wp-json\/wp\/v2\/product_tag?post=29265"}],"curies":[{"name":"wp","href":"https:\/\/api.w.org\/{rel}","templated":true}]}}

EVEREST kožená sedacia súprava

<p>Sedačka  <strong>EVEREST</strong> je moderná neprehliadnuteľná sedačka vyrobená z <strong>kvalitnej talianskej hovädzej kože</strong> v základnej hrúbke cca 2 mm.  Sedenie sedacej súpravy  je vyrobené z<strong> kvalitnej HR peny</strong> v spojení s pružinami falista, ktoré zabezpečujú <strong>dlhodobú pohodlnosť</strong> sedacej časti na sedačke.  3sed sedačky je možné rozložiť na<strong> príležitostné</strong> <strong>spanie</strong> s plochou 135x200cm. Pri sedačke<strong> EVEREST</strong> nie je možné zakúpiť  2sed s rozkladom. Opierky hlavy sedačky <strong>sú polohovateľné.</strong>  Nožičky sedačky sú vyrobené z <strong>kvalitného dubového dreva.</strong><br />
Zostava <strong>EVEREST</strong> 3+2+1 zahŕňa 3sed s rozkladom.</p>
<p><strong>Rozmery trojsed:</strong></p>
<p><strong>Šírka: </strong>225 cm</p>
<p><strong>Výška: </strong>85-103 cm</p>
<p><strong>Hĺbka: </strong>100 cm</p>
<p><strong>Spacia plocha: </strong>135&#215;200 cm</p>
<p>&nbsp;</p>
<p><strong>Rozmery dvojsed:</strong></p>
<p><strong>Šírka: </strong>180 cm</p>
<p><strong>Výška: </strong>85-103 cm</p>
<p><strong>Hĺbka: </strong>100 cm</p>
<p>&nbsp;</p>
<p>&nbsp;</p>
<p><strong>Rozmery kreslo:</strong></p>
<p><strong>Šírka: </strong>115 cm</p>
<p><strong>Výška: </strong>85-103 cm</p>
<p><strong>Hĺbka: </strong>100 cm</p>
<p><strong>Materiál:</strong> koža</p>

<p>Sedačka  EVEREST je moderná neprehliadnuteľná sedačka vyrobená z kvalitnej talianskej hovädzej kože v základnej hrúbke cca 2 mm.  Sedenie sedacej súpravy  je vyrobené z kvalitnej HR peny v spojení s pružinami falista, ktoré zabezpečujú dlhodobú pohodlnosť sedacej časti na sedačke.  3sed sedačky je možné rozložiť na príležitostné spanie s plochou 135x200cm. Pri sedačke EVEREST nie&#8230;</p>
