{"id":29276,"date":"2021-02-22T16:54:36","date_gmt":"2021-02-22T15:54:36","guid":{"rendered":"http:\/\/nabytoklaguna.sk\/sk\/?post_type=product&#038;p=29276"},"modified":"2025-06-05T12:38:54","modified_gmt":"2025-06-05T10:38:54","slug":"pyka-mediolan","status":"publish","type":"product","link":"https:\/\/nabytoklaguna.sk\/sk\/produkt\/pyka-mediolan\/","title":{"rendered":"MEDIOLAN ko\u017een\u00e1 sedacia s\u00faprava"},"content":{"rendered":"<p><strong>Modern\u00e1, luxusn\u00e1 a nev\u0161edn\u00e1.<\/strong> T\u00fdmito troma slovami vieme op\u00edsa\u0165 sedaciu s\u00fapravu <strong>MEDIOLAN<\/strong>. Je vyroben\u00e1 <strong>z mas\u00edvneho dreva<\/strong>. \u010do je garanciu trv\u00e1cnosti a odolnosti. \u010cal\u00fanen\u00e1 je\u00a0<strong> kvalitnou talianskou hov\u00e4dzou ko\u017eou.<\/strong> O maxim\u00e1lne pohodlie sa postaraj\u00fa <strong>v\u00fdsuvn\u00e9 lak\u0165ov\u00e9 opierky a operadlo.<\/strong>\u00a0 Sedacia \u010das\u0165 seda\u010dky je <strong>pre\u0161\u00edvan\u00e1<\/strong> \u010d\u00edm p\u00f4sob\u00ed seda\u010dka ve\u013emi <strong>luxusne<\/strong>. Sedacia s\u00faprava nem\u00e1 funkciu rozkladu a taktie\u017e ani \u00falo\u017en\u00fd priestor. <strong>Mo\u017enos\u0165 v\u00fdberu<\/strong> prav\u00e9ho \u010di \u013eav\u00e9ho prevedenia<\/p>\n<p>&nbsp;<\/p>\n<h3 class=\"page-product-heading\">VLASTNOSTI<\/h3>\n<table class=\"table-data-sheet\">\n<tbody>\n<tr class=\"odd\">\n<td>H\u013abka<\/td>\n<td>220 cm<\/td>\n<\/tr>\n<tr class=\"even\">\n<td>\u0160\u00edrka<\/td>\n<td>330 cm<\/td>\n<\/tr>\n<tr class=\"odd\">\n<td>V\u00fd\u0161ka<\/td>\n<td>93 cm<\/td>\n<\/tr>\n<tr class=\"even\">\n<td>Vhodn\u00e1 miestnos\u0165<\/td>\n<td>ob\u00fdva\u010dka, spolo\u010densk\u00e1 miestnos\u0165, hotely, kaviarne<\/td>\n<\/tr>\n<tr class=\"odd\">\n<td>Typ n\u00e1bytku<\/td>\n<td>rohov\u00e1 sedacia s\u00faprava<\/td>\n<\/tr>\n<tr class=\"even\">\n<td>\u0160t\u00fdl n\u00e1bytku<\/td>\n<td>modern\u00fd<\/td>\n<\/tr>\n<tr class=\"odd\">\n<td>Z\u00e1ruka<\/td>\n<td>2 roky<\/td>\n<\/tr>\n<tr class=\"even\">\n<td>Sp\u00f4sob dodania<\/td>\n<td>demont v\u00a0 bal\u00edkoch<\/td>\n<\/tr>\n<tr class=\"odd\">\n<td>Hmotnos\u0165<\/td>\n<td>184 kg<\/td>\n<\/tr>\n<tr class=\"even\">\n<td><\/td>\n<td><\/td>\n<\/tr>\n<tr class=\"odd\">\n<td>Rohov\u00e9 prevedenie<\/td>\n<td>\u00e1no<\/td>\n<\/tr>\n<tr class=\"even\">\n<td><\/td>\n<td><\/td>\n<\/tr>\n<tr class=\"odd\">\n<td>V\u00fd\u0161ka zadn\u00e9ho \u010dela<\/td>\n<td>90 cm-max. 93 cm<\/td>\n<\/tr>\n<tr class=\"even\">\n<td><\/td>\n<td><\/td>\n<\/tr>\n<tr class=\"odd\">\n<td><\/td>\n<td><\/td>\n<\/tr>\n<tr class=\"even\">\n<td>Kon\u0161trukcia<\/td>\n<td>mas\u00edv<\/td>\n<\/tr>\n<tr class=\"odd\">\n<td><\/td>\n<td><\/td>\n<\/tr>\n<tr class=\"even\">\n<td>Obsahuje vank\u00fa\u0161e<\/td>\n<td>nie<\/td>\n<\/tr>\n<tr class=\"odd\">\n<td>Nastavenie opierok<\/td>\n<td>\u00e1no<\/td>\n<\/tr>\n<tr class=\"even\">\n<td>V\u00fdpl\u0148 seda\u010dky<\/td>\n<td>pena+ pru\u017eina<\/td>\n<\/tr>\n<\/tbody>\n<\/table>\n","protected":false},"excerpt":{"rendered":"<p>Modern\u00e1, luxusn\u00e1 a nev\u0161edn\u00e1. T\u00fdmito troma slovami vieme op\u00edsa\u0165 sedaciu s\u00fapravu MEDIOLAN. Je vyroben\u00e1 z mas\u00edvneho dreva. \u010do je garanciu trv\u00e1cnosti a odolnosti. \u010cal\u00fanen\u00e1 je\u00a0 kvalitnou talianskou hov\u00e4dzou ko\u017eou. O maxim\u00e1lne pohodlie sa postaraj\u00fa v\u00fdsuvn\u00e9 lak\u0165ov\u00e9 opierky a operadlo.\u00a0 Sedacia \u010das\u0165 seda\u010dky je pre\u0161\u00edvan\u00e1 \u010d\u00edm p\u00f4sob\u00ed seda\u010dka ve\u013emi luxusne. Sedacia s\u00faprava nem\u00e1 funkciu rozkladu a&#8230;<\/p>\n","protected":false},"featured_media":29277,"comment_status":"closed","ping_status":"closed","template":"","meta":{"_seopress_robots_primary_cat":"140","_seopress_titles_title":"","_seopress_titles_desc":"","_seopress_robots_index":""},"product_brand":[],"product_cat":[255,140,214],"product_tag":[],"class_list":{"0":"post-29276","1":"product","2":"type-product","3":"status-publish","4":"has-post-thumbnail","6":"product_cat-rohove-supravy","7":"product_cat-sedacie-supravy","8":"product_cat-kozene-sedacie-supravy","10":"first","11":"onbackorder","12":"shipping-taxable","13":"purchasable","14":"product-type-variable"},"_links":{"self":[{"href":"https:\/\/nabytoklaguna.sk\/sk\/wp-json\/wp\/v2\/product\/29276","targetHints":{"allow":["GET"]}}],"collection":[{"href":"https:\/\/nabytoklaguna.sk\/sk\/wp-json\/wp\/v2\/product"}],"about":[{"href":"https:\/\/nabytoklaguna.sk\/sk\/wp-json\/wp\/v2\/types\/product"}],"replies":[{"embeddable":true,"href":"https:\/\/nabytoklaguna.sk\/sk\/wp-json\/wp\/v2\/comments?post=29276"}],"wp:featuredmedia":[{"embeddable":true,"href":"https:\/\/nabytoklaguna.sk\/sk\/wp-json\/wp\/v2\/media\/29277"}],"wp:attachment":[{"href":"https:\/\/nabytoklaguna.sk\/sk\/wp-json\/wp\/v2\/media?parent=29276"}],"wp:term":[{"taxonomy":"product_brand","embeddable":true,"href":"https:\/\/nabytoklaguna.sk\/sk\/wp-json\/wp\/v2\/product_brand?post=29276"},{"taxonomy":"product_cat","embeddable":true,"href":"https:\/\/nabytoklaguna.sk\/sk\/wp-json\/wp\/v2\/product_cat?post=29276"},{"taxonomy":"product_tag","embeddable":true,"href":"https:\/\/nabytoklaguna.sk\/sk\/wp-json\/wp\/v2\/product_tag?post=29276"}],"curies":[{"name":"wp","href":"https:\/\/api.w.org\/{rel}","templated":true}]}}

MEDIOLAN kožená sedacia súprava

<p><strong>Moderná, luxusná a nevšedná.</strong> Týmito troma slovami vieme opísať sedaciu súpravu <strong>MEDIOLAN</strong>. Je vyrobená <strong>z masívneho dreva</strong>. čo je garanciu trvácnosti a odolnosti. Čalúnená je <strong> kvalitnou talianskou hovädzou kožou.</strong> O maximálne pohodlie sa postarajú <strong>výsuvné lakťové opierky a operadlo.</strong>  Sedacia časť sedačky je <strong>prešívaná</strong> čím pôsobí sedačka veľmi <strong>luxusne</strong>. Sedacia súprava nemá funkciu rozkladu a taktiež ani úložný priestor. <strong>Možnosť výberu</strong> pravého či ľavého prevedenia</p>
<p>&nbsp;</p>
<h3 class="page-product-heading">VLASTNOSTI</h3>
<table class="table-data-sheet">
<tbody>
<tr class="odd">
<td>Hĺbka</td>
<td>220 cm</td>
</tr>
<tr class="even">
<td>Šírka</td>
<td>330 cm</td>
</tr>
<tr class="odd">
<td>Výška</td>
<td>93 cm</td>
</tr>
<tr class="even">
<td>Vhodná miestnosť</td>
<td>obývačka, spoločenská miestnosť, hotely, kaviarne</td>
</tr>
<tr class="odd">
<td>Typ nábytku</td>
<td>rohová sedacia súprava</td>
</tr>
<tr class="even">
<td>Štýl nábytku</td>
<td>moderný</td>
</tr>
<tr class="odd">
<td>Záruka</td>
<td>2 roky</td>
</tr>
<tr class="even">
<td>Spôsob dodania</td>
<td>demont v  balíkoch</td>
</tr>
<tr class="odd">
<td>Hmotnosť</td>
<td>184 kg</td>
</tr>
<tr class="even">
<td></td>
<td></td>
</tr>
<tr class="odd">
<td>Rohové prevedenie</td>
<td>áno</td>
</tr>
<tr class="even">
<td></td>
<td></td>
</tr>
<tr class="odd">
<td>Výška zadného čela</td>
<td>90 cm-max. 93 cm</td>
</tr>
<tr class="even">
<td></td>
<td></td>
</tr>
<tr class="odd">
<td></td>
<td></td>
</tr>
<tr class="even">
<td>Konštrukcia</td>
<td>masív</td>
</tr>
<tr class="odd">
<td></td>
<td></td>
</tr>
<tr class="even">
<td>Obsahuje vankúše</td>
<td>nie</td>
</tr>
<tr class="odd">
<td>Nastavenie opierok</td>
<td>áno</td>
</tr>
<tr class="even">
<td>Výplň sedačky</td>
<td>pena+ pružina</td>
</tr>
</tbody>
</table>

<p>Moderná, luxusná a nevšedná. Týmito troma slovami vieme opísať sedaciu súpravu MEDIOLAN. Je vyrobená z masívneho dreva. čo je garanciu trvácnosti a odolnosti. Čalúnená je  kvalitnou talianskou hovädzou kožou. O maximálne pohodlie sa postarajú výsuvné lakťové opierky a operadlo.  Sedacia časť sedačky je prešívaná čím pôsobí sedačka veľmi luxusne. Sedacia súprava nemá funkciu rozkladu a&#8230;</p>
