{"id":29375,"date":"2021-02-22T16:54:36","date_gmt":"2021-02-22T15:54:36","guid":{"rendered":"http:\/\/nabytoklaguna.sk\/sk\/?post_type=product&#038;p=29375"},"modified":"2026-04-20T11:28:06","modified_gmt":"2026-04-20T09:28:06","slug":"tempo-kondela-santiago-u-sedacia-suprava","status":"publish","type":"product","link":"https:\/\/nabytoklaguna.sk\/sk\/produkt\/tempo-kondela-santiago-u-sedacia-suprava\/","title":{"rendered":"K SANTIAGO U sedacia s\u00faprava"},"content":{"rendered":"<p>Ka\u017ed\u00fd t\u00fa\u017ei po <strong>kr\u00e1snej a ve\u013ekej sedacej<\/strong> s\u00faprave, ktor\u00e1 bude reprezentova\u0165 ob\u00fdvaciu izbu. Jedine\u010dn\u00fd vzh\u013ead a modern\u00fd dizajn- to je sedacia s\u00faprava <strong>SANTIAGO U.<\/strong> O maxim\u00e1lne pohodlie sa postaraj\u00fa \u0161peci\u00e1lne tvarovan\u00e9 <strong>polohovacie opierky hlavy<\/strong>. Sedacia s\u00faprava m\u00e1 f<strong>unkciu rozkladu<\/strong>, manu\u00e1lnym syst\u00e9mom\u00a0 ju jednoducho rozlo\u017e\u00edte. Samozrejmos\u0165ou je<strong> \u00falo\u017en\u00fd priestor<\/strong>, kde si m\u00f4\u017eete ulo\u017ei\u0165 veci, ktor\u00e9 nepotrebujete ma\u0165 ihne\u010f po ruke. <strong>Je celo\u010dal\u00fanen\u00e1<\/strong> a tak je mo\u017en\u00e9 ju umiestni\u0165 <strong>aj do priestoru.<\/strong> O dokonal\u00e9 sedenie sa postar\u00e1 pru\u017eina Bonel. Mo\u017enos\u0165 v\u00fdberu prav\u00e9ho alebo \u013eav\u00e9ho prevedenia. V\u00fd\u0161ka spodn\u00e9ho priestoru od podlahy je 10 cm<\/p>\n<p>Mo\u017enos\u0165 objednania v 6 farebn\u00fdch prevedeniach l\u00e1tky MATRIX a v 6 farebn\u00fdch prevedeniach ekoko\u017ee v cene 1359,- Eur. Doba dodania je 8-10 t\u00fd\u017ed\u0148ov.<\/p>\n<h3 class=\"page-product-heading\">VLASTNOSTI<\/h3>\n<table class=\"table-data-sheet\">\n<tbody>\n<tr class=\"odd\">\n<td>H\u013abka<\/td>\n<td>168\/217 cm<\/td>\n<\/tr>\n<tr class=\"even\">\n<td>\u0160\u00edrka<\/td>\n<td>325 cm<\/td>\n<\/tr>\n<tr class=\"odd\">\n<td>V\u00fd\u0161ka<\/td>\n<td>86-106 cm<\/td>\n<\/tr>\n<tr class=\"even\">\n<td>Vhodn\u00e1 miestnos\u0165<\/td>\n<td>ob\u00fdva\u010dka, spolo\u010densk\u00e1 miestnos\u0165, hotely, kaviarne<\/td>\n<\/tr>\n<tr class=\"odd\">\n<td>Typ n\u00e1bytku<\/td>\n<td>sedacia s\u00faprava v tvare U<\/td>\n<\/tr>\n<tr class=\"even\">\n<td>\u0160t\u00fdl n\u00e1bytku<\/td>\n<td>modern\u00fd<\/td>\n<\/tr>\n<tr class=\"odd\">\n<td>Z\u00e1ruka<\/td>\n<td>2 roky<\/td>\n<\/tr>\n<tr class=\"even\">\n<td>Sp\u00f4sob dodania<\/td>\n<td>demont v troch bal\u00edkoch<\/td>\n<\/tr>\n<tr class=\"odd\">\n<td>Hmotnos\u0165<\/td>\n<td>140 kg<\/td>\n<\/tr>\n<tr class=\"even\">\n<td>\u00dalo\u017en\u00fd priestor<\/td>\n<td>\u00e1no<\/td>\n<\/tr>\n<tr class=\"odd\">\n<td>Rohov\u00e9 prevedenie<\/td>\n<td>\u00e1no<\/td>\n<\/tr>\n<tr class=\"even\">\n<td>V\u00fd\u0161ka sed\u00e1ka<\/td>\n<td>41 cm<\/td>\n<\/tr>\n<tr class=\"odd\">\n<td>V\u00fd\u0161ka zadn\u00e9ho \u010dela<\/td>\n<td>max. 106 cm<\/td>\n<\/tr>\n<tr class=\"even\">\n<td>Mo\u017enos\u0165 rozkladania<\/td>\n<td>\u00e1no<\/td>\n<\/tr>\n<tr class=\"odd\">\n<td>Plocha na spanie:<\/td>\n<td>116x260cm<\/td>\n<\/tr>\n<tr class=\"even\">\n<td>Kon\u0161trukcia<\/td>\n<td>DTD<\/td>\n<\/tr>\n<tr class=\"odd\">\n<td>N\u00f4\u017eky<\/td>\n<td>kov<\/td>\n<\/tr>\n<tr class=\"even\">\n<td>Obsahuje vank\u00fa\u0161e<\/td>\n<td>nie<\/td>\n<\/tr>\n<tr class=\"odd\">\n<td>Nastavenie opierok<\/td>\n<td>\u00e1no<\/td>\n<\/tr>\n<tr class=\"even\">\n<td>V\u00fdpl\u0148 seda\u010dky<\/td>\n<td>pena+ pru\u017eina<\/td>\n<\/tr>\n<\/tbody>\n<\/table>\n<p>&nbsp;<\/p>\n","protected":false},"excerpt":{"rendered":"<p>Ka\u017ed\u00fd t\u00fa\u017ei po kr\u00e1snej a ve\u013ekej sedacej s\u00faprave, ktor\u00e1 bude reprezentova\u0165 ob\u00fdvaciu izbu. Jedine\u010dn\u00fd vzh\u013ead a modern\u00fd dizajn- to je sedacia s\u00faprava SANTIAGO U. O maxim\u00e1lne pohodlie sa postaraj\u00fa \u0161peci\u00e1lne tvarovan\u00e9 polohovacie opierky hlavy. Sedacia s\u00faprava m\u00e1 funkciu rozkladu, manu\u00e1lnym syst\u00e9mom\u00a0 ju jednoducho rozlo\u017e\u00edte. Samozrejmos\u0165ou je \u00falo\u017en\u00fd priestor, kde si m\u00f4\u017eete ulo\u017ei\u0165 veci, ktor\u00e9 nepotrebujete&#8230;<\/p>\n","protected":false},"featured_media":123500,"comment_status":"closed","ping_status":"closed","template":"","meta":{"_seopress_robots_primary_cat":"254","_seopress_titles_title":"","_seopress_titles_desc":"","_seopress_robots_index":""},"product_brand":[],"product_cat":[140,254],"product_tag":[],"class_list":{"0":"post-29375","1":"product","2":"type-product","3":"status-publish","4":"has-post-thumbnail","6":"product_cat-sedacie-supravy","7":"product_cat-sedacie-supravy-u","9":"first","10":"instock","11":"shipping-taxable","12":"purchasable","13":"product-type-variable"},"_links":{"self":[{"href":"https:\/\/nabytoklaguna.sk\/sk\/wp-json\/wp\/v2\/product\/29375","targetHints":{"allow":["GET"]}}],"collection":[{"href":"https:\/\/nabytoklaguna.sk\/sk\/wp-json\/wp\/v2\/product"}],"about":[{"href":"https:\/\/nabytoklaguna.sk\/sk\/wp-json\/wp\/v2\/types\/product"}],"replies":[{"embeddable":true,"href":"https:\/\/nabytoklaguna.sk\/sk\/wp-json\/wp\/v2\/comments?post=29375"}],"wp:featuredmedia":[{"embeddable":true,"href":"https:\/\/nabytoklaguna.sk\/sk\/wp-json\/wp\/v2\/media\/123500"}],"wp:attachment":[{"href":"https:\/\/nabytoklaguna.sk\/sk\/wp-json\/wp\/v2\/media?parent=29375"}],"wp:term":[{"taxonomy":"product_brand","embeddable":true,"href":"https:\/\/nabytoklaguna.sk\/sk\/wp-json\/wp\/v2\/product_brand?post=29375"},{"taxonomy":"product_cat","embeddable":true,"href":"https:\/\/nabytoklaguna.sk\/sk\/wp-json\/wp\/v2\/product_cat?post=29375"},{"taxonomy":"product_tag","embeddable":true,"href":"https:\/\/nabytoklaguna.sk\/sk\/wp-json\/wp\/v2\/product_tag?post=29375"}],"curies":[{"name":"wp","href":"https:\/\/api.w.org\/{rel}","templated":true}]}}

K SANTIAGO U sedacia súprava

<p>Každý túži po <strong>krásnej a veľkej sedacej</strong> súprave, ktorá bude reprezentovať obývaciu izbu. Jedinečný vzhľad a moderný dizajn- to je sedacia súprava <strong>SANTIAGO U.</strong> O maximálne pohodlie sa postarajú špeciálne tvarované <strong>polohovacie opierky hlavy</strong>. Sedacia súprava má f<strong>unkciu rozkladu</strong>, manuálnym systémom  ju jednoducho rozložíte. Samozrejmosťou je<strong> úložný priestor</strong>, kde si môžete uložiť veci, ktoré nepotrebujete mať ihneď po ruke. <strong>Je celočalúnená</strong> a tak je možné ju umiestniť <strong>aj do priestoru.</strong> O dokonalé sedenie sa postará pružina Bonel. Možnosť výberu pravého alebo ľavého prevedenia. Výška spodného priestoru od podlahy je 10 cm</p>
<p>Možnosť objednania v 6 farebných prevedeniach látky MATRIX a v 6 farebných prevedeniach ekokože v cene 1359,- Eur. Doba dodania je 8-10 týždňov.</p>
<h3 class="page-product-heading">VLASTNOSTI</h3>
<table class="table-data-sheet">
<tbody>
<tr class="odd">
<td>Hĺbka</td>
<td>168/217 cm</td>
</tr>
<tr class="even">
<td>Šírka</td>
<td>325 cm</td>
</tr>
<tr class="odd">
<td>Výška</td>
<td>86-106 cm</td>
</tr>
<tr class="even">
<td>Vhodná miestnosť</td>
<td>obývačka, spoločenská miestnosť, hotely, kaviarne</td>
</tr>
<tr class="odd">
<td>Typ nábytku</td>
<td>sedacia súprava v tvare U</td>
</tr>
<tr class="even">
<td>Štýl nábytku</td>
<td>moderný</td>
</tr>
<tr class="odd">
<td>Záruka</td>
<td>2 roky</td>
</tr>
<tr class="even">
<td>Spôsob dodania</td>
<td>demont v troch balíkoch</td>
</tr>
<tr class="odd">
<td>Hmotnosť</td>
<td>140 kg</td>
</tr>
<tr class="even">
<td>Úložný priestor</td>
<td>áno</td>
</tr>
<tr class="odd">
<td>Rohové prevedenie</td>
<td>áno</td>
</tr>
<tr class="even">
<td>Výška sedáka</td>
<td>41 cm</td>
</tr>
<tr class="odd">
<td>Výška zadného čela</td>
<td>max. 106 cm</td>
</tr>
<tr class="even">
<td>Možnosť rozkladania</td>
<td>áno</td>
</tr>
<tr class="odd">
<td>Plocha na spanie:</td>
<td>116x260cm</td>
</tr>
<tr class="even">
<td>Konštrukcia</td>
<td>DTD</td>
</tr>
<tr class="odd">
<td>Nôžky</td>
<td>kov</td>
</tr>
<tr class="even">
<td>Obsahuje vankúše</td>
<td>nie</td>
</tr>
<tr class="odd">
<td>Nastavenie opierok</td>
<td>áno</td>
</tr>
<tr class="even">
<td>Výplň sedačky</td>
<td>pena+ pružina</td>
</tr>
</tbody>
</table>
<p>&nbsp;</p>

<p>Každý túži po krásnej a veľkej sedacej súprave, ktorá bude reprezentovať obývaciu izbu. Jedinečný vzhľad a moderný dizajn- to je sedacia súprava SANTIAGO U. O maximálne pohodlie sa postarajú špeciálne tvarované polohovacie opierky hlavy. Sedacia súprava má funkciu rozkladu, manuálnym systémom  ju jednoducho rozložíte. Samozrejmosťou je úložný priestor, kde si môžete uložiť veci, ktoré nepotrebujete&#8230;</p>
