{"id":29962,"date":"2021-02-22T16:54:36","date_gmt":"2021-02-22T15:54:36","guid":{"rendered":"http:\/\/nabytoklaguna.sk\/sk\/?post_type=product&#038;p=29962"},"modified":"2025-11-24T09:58:15","modified_gmt":"2025-11-24T08:58:15","slug":"gamin","status":"publish","type":"product","link":"https:\/\/nabytoklaguna.sk\/sk\/produkt\/gamin\/","title":{"rendered":"K GAMIN"},"content":{"rendered":"<p>Jed\u00e1lensk\u00fd st\u00f4l\u00a0<b>GAMIN\u00a0<\/b>sa v\u010faka svojmu okr\u00fahlemu prevedeniu hod\u00ed aj do mal\u00fdch priestorov, napr\u00edklad balk\u00f3ny a terasy. Vyroben\u00fd z kvalitn\u00e9ho a odoln\u00e9ho materi\u00e1lu. Nohy s\u00fa dreven\u00e9 v\u00a0<b>preveden\u00ed buk<\/b>, pl\u00e1t stola je vyroben\u00fd z kvalitnej MDF vo farbe biela<\/p>\n<ul>\n<li><b>Materi\u00e1l:<\/b>\u00a0MDF, drevo, kov<\/li>\n<li><b>Farba:<\/b>\u00a0buk \/ biela<\/li>\n<li><b>Rozmery (priemer x V):<\/b>\u00a060&#215;72 cm<\/li>\n<li><b>Rozmery (priemer x V):\u00a0<\/b>80&#215;74 cm<\/li>\n<li><b>Rozmery (priemer x V):\u00a0<\/b>90&#215;74 cm<\/li>\n<li>Dod\u00e1van\u00e9 v demonte<\/li>\n<\/ul>\n<p>Samotn\u00fd st\u00f4l neocen\u00edte tak, ako ke\u010f k nemu dok\u00fapite stoli\u010dky. Z na\u0161ej ponuky odpor\u00fa\u010dame stoli\u010dku\u00a0<a href=\"https:\/\/nabytoklaguna.sk\/sk\/obchod\/stolicky\/dizajnove-a-plastove-stolicky\/tempo-kondela-cinkla-2-new\/\">CINKLA<\/a>,\u00a0<a href=\"https:\/\/nabytoklaguna.sk\/sk\/obchod\/stolicky\/dizajnove-a-plastove-stolicky\/tempo-kondela-damen-new\/\">DAMEN<\/a>,\u00a0<a href=\"https:\/\/nabytoklaguna.sk\/sk\/obchod\/stolicky\/drevene-stolicky\/tempo-kondela-kima-new-typ-1\/\">KIMA<\/a>,\u00a0<a href=\"https:\/\/nabytoklaguna.sk\/sk\/obchod\/stolicky\/dizajnove-a-plastove-stolicky\/rege\/\">REGE<\/a>,\u00a0<a href=\"https:\/\/nabytoklaguna.sk\/sk\/obchod\/stolicky\/dizajnove-a-plastove-stolicky\/tempo-kondela-candie-new-typ-2\/\">CANDIE<\/a>\u00a0alebo\u00a0<a href=\"https:\/\/nabytoklaguna.sk\/sk\/obchod\/stolicky\/dizajnove-a-plastove-stolicky\/tempo-kondela-tobo-2-new\/\">TOBO 2 NEW<\/a>.<\/p>\n","protected":false},"excerpt":{"rendered":"<p>Jed\u00e1lensk\u00fd st\u00f4l\u00a0GAMIN\u00a0sa v\u010faka svojmu okr\u00fahlemu prevedeniu hod\u00ed aj do mal\u00fdch priestorov, napr\u00edklad balk\u00f3ny a terasy. Vyroben\u00fd z kvalitn\u00e9ho a odoln\u00e9ho materi\u00e1lu. Nohy s\u00fa dreven\u00e9 v\u00a0preveden\u00ed buk, pl\u00e1t stola je vyroben\u00fd z kvalitnej MDF vo farbe biela Materi\u00e1l:\u00a0MDF, drevo, kov Farba:\u00a0buk \/ biela Rozmery (priemer x V):\u00a060&#215;72 cm Rozmery (priemer x V):\u00a080&#215;74 cm Rozmery (priemer x&#8230;<\/p>\n","protected":false},"featured_media":29963,"comment_status":"closed","ping_status":"closed","template":"","meta":{"_seopress_robots_primary_cat":"244","_seopress_titles_title":"","_seopress_titles_desc":"","_seopress_robots_index":""},"product_brand":[],"product_cat":[244],"product_tag":[],"class_list":{"0":"post-29962","1":"product","2":"type-product","3":"status-publish","4":"has-post-thumbnail","6":"product_cat-drevene-stoly","8":"first","9":"onbackorder","10":"shipping-taxable","11":"purchasable","12":"product-type-variable"},"_links":{"self":[{"href":"https:\/\/nabytoklaguna.sk\/sk\/wp-json\/wp\/v2\/product\/29962","targetHints":{"allow":["GET"]}}],"collection":[{"href":"https:\/\/nabytoklaguna.sk\/sk\/wp-json\/wp\/v2\/product"}],"about":[{"href":"https:\/\/nabytoklaguna.sk\/sk\/wp-json\/wp\/v2\/types\/product"}],"replies":[{"embeddable":true,"href":"https:\/\/nabytoklaguna.sk\/sk\/wp-json\/wp\/v2\/comments?post=29962"}],"wp:featuredmedia":[{"embeddable":true,"href":"https:\/\/nabytoklaguna.sk\/sk\/wp-json\/wp\/v2\/media\/29963"}],"wp:attachment":[{"href":"https:\/\/nabytoklaguna.sk\/sk\/wp-json\/wp\/v2\/media?parent=29962"}],"wp:term":[{"taxonomy":"product_brand","embeddable":true,"href":"https:\/\/nabytoklaguna.sk\/sk\/wp-json\/wp\/v2\/product_brand?post=29962"},{"taxonomy":"product_cat","embeddable":true,"href":"https:\/\/nabytoklaguna.sk\/sk\/wp-json\/wp\/v2\/product_cat?post=29962"},{"taxonomy":"product_tag","embeddable":true,"href":"https:\/\/nabytoklaguna.sk\/sk\/wp-json\/wp\/v2\/product_tag?post=29962"}],"curies":[{"name":"wp","href":"https:\/\/api.w.org\/{rel}","templated":true}]}}

<p>Jedálenský stôl <b>GAMIN </b>sa vďaka svojmu okrúhlemu prevedeniu hodí aj do malých priestorov, napríklad balkóny a terasy. Vyrobený z kvalitného a odolného materiálu. Nohy sú drevené v <b>prevedení buk</b>, plát stola je vyrobený z kvalitnej MDF vo farbe biela</p>
<ul>
<li><b>Materiál:</b> MDF, drevo, kov</li>
<li><b>Farba:</b> buk / biela</li>
<li><b>Rozmery (priemer x V):</b> 60&#215;72 cm</li>
<li><b>Rozmery (priemer x V): </b>80&#215;74 cm</li>
<li><b>Rozmery (priemer x V): </b>90&#215;74 cm</li>
<li>Dodávané v demonte</li>
</ul>
<p>Samotný stôl neoceníte tak, ako keď k nemu dokúpite stoličky. Z našej ponuky odporúčame stoličku <a href="https://nabytoklaguna.sk/sk/obchod/stolicky/dizajnove-a-plastove-stolicky/tempo-kondela-cinkla-2-new/">CINKLA</a>, <a href="https://nabytoklaguna.sk/sk/obchod/stolicky/dizajnove-a-plastove-stolicky/tempo-kondela-damen-new/">DAMEN</a>, <a href="https://nabytoklaguna.sk/sk/obchod/stolicky/drevene-stolicky/tempo-kondela-kima-new-typ-1/">KIMA</a>, <a href="https://nabytoklaguna.sk/sk/obchod/stolicky/dizajnove-a-plastove-stolicky/rege/">REGE</a>, <a href="https://nabytoklaguna.sk/sk/obchod/stolicky/dizajnove-a-plastove-stolicky/tempo-kondela-candie-new-typ-2/">CANDIE</a> alebo <a href="https://nabytoklaguna.sk/sk/obchod/stolicky/dizajnove-a-plastove-stolicky/tempo-kondela-tobo-2-new/">TOBO 2 NEW</a>.</p>

<p>Jedálenský stôl GAMIN sa vďaka svojmu okrúhlemu prevedeniu hodí aj do malých priestorov, napríklad balkóny a terasy. Vyrobený z kvalitného a odolného materiálu. Nohy sú drevené v prevedení buk, plát stola je vyrobený z kvalitnej MDF vo farbe biela Materiál: MDF, drevo, kov Farba: buk / biela Rozmery (priemer x V): 60&#215;72 cm Rozmery (priemer x V): 80&#215;74 cm Rozmery (priemer x&#8230;</p>
