{"id":30044,"date":"2021-02-22T16:54:36","date_gmt":"2021-02-22T15:54:36","guid":{"rendered":"http:\/\/nabytoklaguna.sk\/sk\/?post_type=product&#038;p=30044"},"modified":"2025-11-18T15:13:41","modified_gmt":"2025-11-18T14:13:41","slug":"k-gerda","status":"publish","type":"product","link":"https:\/\/nabytoklaguna.sk\/sk\/produkt\/k-gerda\/","title":{"rendered":"K GERDA NEW"},"content":{"rendered":"<p>\u0160t\u00fdlov\u00fa a univerz\u00e1lnu jed\u00e1lensk\u00fa stoli\u010dku\u00a0<b>GERDA NEW<\/b>, ktor\u00e1 sa hod\u00ed do ka\u017edej jed\u00e1lne, v\u00e1m bud\u00fa v\u0161etci z\u00e1vidie\u0165. Modern\u00e9 tvary pov\u00fd\u0161ili stoli\u010dku na origin\u00e1lny a jedine\u010dn\u00fd k\u00fasok. Stoli\u010dka je nen\u00e1ro\u010dn\u00e1 na \u00fadr\u017ebu. \u010cal\u00fanen\u00e1 l\u00e1tkou v kombin\u00e1cii s ekoko\u017eou. O stabilitu stoli\u010dky sa postaraj\u00fa chr\u00f3mov\u00e9 no\u017ei\u010dky<\/p>\n<p>VLASTNOSTI<\/p>\n<ul>\n<li><b>Materi\u00e1l:<\/b>\u00a0l\u00e1tka\/ekoko\u017ea\/chr\u00f3m<\/li>\n<li><b>Farba:<\/b> svetlosiv\u00e1\/tmavosiv\u00e1, b\u00e9\u017eov\u00e1\/b\u00e9\u017eov\u00e1, mentolov\u00e1\/siv\u00e1, hned\u00e1\/b\u00e9\u017eov\u00e1. tmavosiv\u00e1\/biela<\/li>\n<li><b>Rozmery (\u0160xHxV):<\/b>\u00a042x58x103 cm<\/li>\n<li><b>V\u00fd\u0161ka sedu:<\/b>\u00a045 cm<\/li>\n<li><b>H\u013abka sedu:<\/b>\u00a043 cm<\/li>\n<li><b>Nosnos\u0165:<\/b>\u00a0110 kg<\/li>\n<li>Dod\u00e1van\u00e9 v demonte.<\/li>\n<\/ul>\n<p>&nbsp;<\/p>\n","protected":false},"excerpt":{"rendered":"<p>\u0160t\u00fdlov\u00fa a univerz\u00e1lnu jed\u00e1lensk\u00fa stoli\u010dku\u00a0GERDA NEW, ktor\u00e1 sa hod\u00ed do ka\u017edej jed\u00e1lne, v\u00e1m bud\u00fa v\u0161etci z\u00e1vidie\u0165. Modern\u00e9 tvary pov\u00fd\u0161ili stoli\u010dku na origin\u00e1lny a jedine\u010dn\u00fd k\u00fasok. Stoli\u010dka je nen\u00e1ro\u010dn\u00e1 na \u00fadr\u017ebu. \u010cal\u00fanen\u00e1 l\u00e1tkou v kombin\u00e1cii s ekoko\u017eou. O stabilitu stoli\u010dky sa postaraj\u00fa chr\u00f3mov\u00e9 no\u017ei\u010dky VLASTNOSTI Materi\u00e1l:\u00a0l\u00e1tka\/ekoko\u017ea\/chr\u00f3m Farba: svetlosiv\u00e1\/tmavosiv\u00e1, b\u00e9\u017eov\u00e1\/b\u00e9\u017eov\u00e1, mentolov\u00e1\/siv\u00e1, hned\u00e1\/b\u00e9\u017eov\u00e1. tmavosiv\u00e1\/biela Rozmery (\u0160xHxV):\u00a042x58x103 cm V\u00fd\u0161ka&#8230;<\/p>\n","protected":false},"featured_media":30045,"comment_status":"closed","ping_status":"closed","template":"","meta":{"_seopress_robots_primary_cat":"239","_seopress_titles_title":"","_seopress_titles_desc":"","_seopress_robots_index":""},"product_brand":[],"product_cat":[239],"product_tag":[],"class_list":{"0":"post-30044","1":"product","2":"type-product","3":"status-publish","4":"has-post-thumbnail","6":"product_cat-kovove-stolicky","8":"first","9":"onbackorder","10":"shipping-taxable","11":"purchasable","12":"product-type-variable"},"_links":{"self":[{"href":"https:\/\/nabytoklaguna.sk\/sk\/wp-json\/wp\/v2\/product\/30044","targetHints":{"allow":["GET"]}}],"collection":[{"href":"https:\/\/nabytoklaguna.sk\/sk\/wp-json\/wp\/v2\/product"}],"about":[{"href":"https:\/\/nabytoklaguna.sk\/sk\/wp-json\/wp\/v2\/types\/product"}],"replies":[{"embeddable":true,"href":"https:\/\/nabytoklaguna.sk\/sk\/wp-json\/wp\/v2\/comments?post=30044"}],"wp:featuredmedia":[{"embeddable":true,"href":"https:\/\/nabytoklaguna.sk\/sk\/wp-json\/wp\/v2\/media\/30045"}],"wp:attachment":[{"href":"https:\/\/nabytoklaguna.sk\/sk\/wp-json\/wp\/v2\/media?parent=30044"}],"wp:term":[{"taxonomy":"product_brand","embeddable":true,"href":"https:\/\/nabytoklaguna.sk\/sk\/wp-json\/wp\/v2\/product_brand?post=30044"},{"taxonomy":"product_cat","embeddable":true,"href":"https:\/\/nabytoklaguna.sk\/sk\/wp-json\/wp\/v2\/product_cat?post=30044"},{"taxonomy":"product_tag","embeddable":true,"href":"https:\/\/nabytoklaguna.sk\/sk\/wp-json\/wp\/v2\/product_tag?post=30044"}],"curies":[{"name":"wp","href":"https:\/\/api.w.org\/{rel}","templated":true}]}}

<p>Štýlovú a univerzálnu jedálenskú stoličku <b>GERDA NEW</b>, ktorá sa hodí do každej jedálne, vám budú všetci závidieť. Moderné tvary povýšili stoličku na originálny a jedinečný kúsok. Stolička je nenáročná na údržbu. Čalúnená látkou v kombinácii s ekokožou. O stabilitu stoličky sa postarajú chrómové nožičky</p>
<p>VLASTNOSTI</p>
<ul>
<li><b>Materiál:</b> látka/ekokoža/chróm</li>
<li><b>Farba:</b> svetlosivá/tmavosivá, béžová/béžová, mentolová/sivá, hnedá/béžová. tmavosivá/biela</li>
<li><b>Rozmery (ŠxHxV):</b> 42x58x103 cm</li>
<li><b>Výška sedu:</b> 45 cm</li>
<li><b>Hĺbka sedu:</b> 43 cm</li>
<li><b>Nosnosť:</b> 110 kg</li>
<li>Dodávané v demonte.</li>
</ul>
<p>&nbsp;</p>

<p>Štýlovú a univerzálnu jedálenskú stoličku GERDA NEW, ktorá sa hodí do každej jedálne, vám budú všetci závidieť. Moderné tvary povýšili stoličku na originálny a jedinečný kúsok. Stolička je nenáročná na údržbu. Čalúnená látkou v kombinácii s ekokožou. O stabilitu stoličky sa postarajú chrómové nožičky VLASTNOSTI Materiál: látka/ekokoža/chróm Farba: svetlosivá/tmavosivá, béžová/béžová, mentolová/sivá, hnedá/béžová. tmavosivá/biela Rozmery (ŠxHxV): 42x58x103 cm Výška&#8230;</p>
