{"id":30221,"date":"2021-02-22T16:54:36","date_gmt":"2021-02-22T15:54:36","guid":{"rendered":"http:\/\/nabytoklaguna.sk\/sk\/?post_type=product&#038;p=30221"},"modified":"2026-04-23T14:05:59","modified_gmt":"2026-04-23T12:05:59","slug":"k-coleta-nova","status":"publish","type":"product","link":"https:\/\/nabytoklaguna.sk\/sk\/produkt\/k-coleta-nova\/","title":{"rendered":"K COLETA NOVA"},"content":{"rendered":"<p>Modern\u00e1 stoli\u010dka zo s\u00e9rie\u00a0<b>COLETA<\/b> v bielej ekoko\u017ei so stabiln\u00fdm kovov\u00fdm r\u00e1mom. S komfortnou v\u00fd\u0161kou sedu 45 cm si budete m\u00f4c\u0165 vychutna\u0165 nede\u013en\u00fd obed v absol\u00fatnom pohodl\u00ed. Farebn\u00e9 prevedenie: biela ekoko\u017ea + biely r\u00e1m, \u010dierna ekoko\u017ea + \u010dierny r\u00e1m, siv\u00e1 ekoko\u017ea + siv\u00fd r\u00e1m, b\u00e9\u017eov\u00e1 ekoko\u017ea +\u00a0 siv\u00fd r\u00e1m, karamel ekoko\u017ea + siv\u00fd r\u00e1m, p\u00fadrov\u00e1 r\u00fa\u017eov\u00e1 ekoko\u017ea + siv\u00fd r\u00e1m, hned\u00e1 l\u00e1tka\u00a0 + \u010dierny r\u00e1m, b\u00e9\u017eov\u00e1 l\u00e1tka\u00a0 + biely r\u00e1m, smaragdov\u00e1 l\u00e1tka + \u010dierny r\u00e1m, svetlosiv\u00e1 l\u00e1tka\u00a0 + biely r\u00e1m, tmavosiv\u00e1 l\u00e1tka\u00a0 + \u010dierny r\u00e1m, alebo tmavohned\u00e1 l\u00e1tka + r\u00e1m s povrchovou \u00fapravou buk, zelen\u00e1 l\u00e1tka + r\u00e1m s povrchovou \u00fapravou buk, b\u00e9\u017eov\u00e1 l\u00e1tka + r\u00e1m s povrchovou buk, svetlosiv\u00e1 l\u00e1tka + r\u00e1m s povrchovou \u00fapravou buk, rozmery \u0160xHxV: 41x49x96 cm, v\u00fd\u0161ka sedenia: 45 cm.<\/p>\n<ul>\n<li><b>Materi\u00e1l:<\/b>\u00a0ekoko\u017ea alebo l\u00e1tka + kov<\/li>\n<li><b>Rozmery (\u0160xHxV):<\/b>\u00a041x49x96 cm<\/li>\n<li><b>V\u00fd\u0161ka sedu :<\/b>\u00a045 cm<\/li>\n<li><b>Nosnos\u0165:<\/b>\u00a0110 kg<\/li>\n<li>Dod\u00e1van\u00e9 v demonte.<\/li>\n<\/ul>\n","protected":false},"excerpt":{"rendered":"<p>Modern\u00e1 stoli\u010dka zo s\u00e9rie\u00a0COLETA v bielej ekoko\u017ei so stabiln\u00fdm kovov\u00fdm r\u00e1mom. S komfortnou v\u00fd\u0161kou sedu 45 cm si budete m\u00f4c\u0165 vychutna\u0165 nede\u013en\u00fd obed v absol\u00fatnom pohodl\u00ed. Farebn\u00e9 prevedenie: biela ekoko\u017ea + biely r\u00e1m, \u010dierna ekoko\u017ea + \u010dierny r\u00e1m, siv\u00e1 ekoko\u017ea + siv\u00fd r\u00e1m, b\u00e9\u017eov\u00e1 ekoko\u017ea +\u00a0 siv\u00fd r\u00e1m, karamel ekoko\u017ea + siv\u00fd r\u00e1m, p\u00fadrov\u00e1 r\u00fa\u017eov\u00e1&#8230;<\/p>\n","protected":false},"featured_media":92774,"comment_status":"closed","ping_status":"closed","template":"","meta":{"_seopress_robots_primary_cat":"239","_seopress_titles_title":"","_seopress_titles_desc":"","_seopress_robots_index":""},"product_brand":[],"product_cat":[239],"product_tag":[],"class_list":{"0":"post-30221","1":"product","2":"type-product","3":"status-publish","4":"has-post-thumbnail","6":"product_cat-kovove-stolicky","8":"first","9":"onbackorder","10":"shipping-taxable","11":"purchasable","12":"product-type-variable"},"_links":{"self":[{"href":"https:\/\/nabytoklaguna.sk\/sk\/wp-json\/wp\/v2\/product\/30221","targetHints":{"allow":["GET"]}}],"collection":[{"href":"https:\/\/nabytoklaguna.sk\/sk\/wp-json\/wp\/v2\/product"}],"about":[{"href":"https:\/\/nabytoklaguna.sk\/sk\/wp-json\/wp\/v2\/types\/product"}],"replies":[{"embeddable":true,"href":"https:\/\/nabytoklaguna.sk\/sk\/wp-json\/wp\/v2\/comments?post=30221"}],"wp:featuredmedia":[{"embeddable":true,"href":"https:\/\/nabytoklaguna.sk\/sk\/wp-json\/wp\/v2\/media\/92774"}],"wp:attachment":[{"href":"https:\/\/nabytoklaguna.sk\/sk\/wp-json\/wp\/v2\/media?parent=30221"}],"wp:term":[{"taxonomy":"product_brand","embeddable":true,"href":"https:\/\/nabytoklaguna.sk\/sk\/wp-json\/wp\/v2\/product_brand?post=30221"},{"taxonomy":"product_cat","embeddable":true,"href":"https:\/\/nabytoklaguna.sk\/sk\/wp-json\/wp\/v2\/product_cat?post=30221"},{"taxonomy":"product_tag","embeddable":true,"href":"https:\/\/nabytoklaguna.sk\/sk\/wp-json\/wp\/v2\/product_tag?post=30221"}],"curies":[{"name":"wp","href":"https:\/\/api.w.org\/{rel}","templated":true}]}}

<p>Moderná stolička zo série <b>COLETA</b> v bielej ekokoži so stabilným kovovým rámom. S komfortnou výškou sedu 45 cm si budete môcť vychutnať nedeľný obed v absolútnom pohodlí. Farebné prevedenie: biela ekokoža + biely rám, čierna ekokoža + čierny rám, sivá ekokoža + sivý rám, béžová ekokoža +  sivý rám, karamel ekokoža + sivý rám, púdrová rúžová ekokoža + sivý rám, hnedá látka  + čierny rám, béžová látka  + biely rám, smaragdová látka + čierny rám, svetlosivá látka  + biely rám, tmavosivá látka  + čierny rám, alebo tmavohnedá látka + rám s povrchovou úpravou buk, zelená látka + rám s povrchovou úpravou buk, béžová látka + rám s povrchovou buk, svetlosivá látka + rám s povrchovou úpravou buk, rozmery ŠxHxV: 41x49x96 cm, výška sedenia: 45 cm.</p>
<ul>
<li><b>Materiál:</b> ekokoža alebo látka + kov</li>
<li><b>Rozmery (ŠxHxV):</b> 41x49x96 cm</li>
<li><b>Výška sedu :</b> 45 cm</li>
<li><b>Nosnosť:</b> 110 kg</li>
<li>Dodávané v demonte.</li>
</ul>

<p>Moderná stolička zo série COLETA v bielej ekokoži so stabilným kovovým rámom. S komfortnou výškou sedu 45 cm si budete môcť vychutnať nedeľný obed v absolútnom pohodlí. Farebné prevedenie: biela ekokoža + biely rám, čierna ekokoža + čierny rám, sivá ekokoža + sivý rám, béžová ekokoža +  sivý rám, karamel ekokoža + sivý rám, púdrová rúžová&#8230;</p>
