{"id":30307,"date":"2021-02-22T16:54:36","date_gmt":"2021-02-22T15:54:36","guid":{"rendered":"http:\/\/nabytoklaguna.sk\/sk\/?post_type=product&#038;p=30307"},"modified":"2026-04-23T12:58:35","modified_gmt":"2026-04-23T10:58:35","slug":"k-amina","status":"publish","type":"product","link":"https:\/\/nabytoklaguna.sk\/sk\/produkt\/k-amina\/","title":{"rendered":"K AMINA"},"content":{"rendered":"<p>Modern\u00e1 jed\u00e1lensk\u00e1 stoli\u010dka AMINA V\u00e1s up\u00fata hne\u010f na prv\u00fd poh\u013ead. \u010cal\u00fanen\u00e1 je pr\u00edjemnou l\u00e1tkou, kon\u0161trukcia je pevn\u00e1 z chr\u00f3mu. Na v\u00fdber s\u00fa tri farebn\u00e9 prevedenia a tak ju dolad\u00edte k svojmu interi\u00e9ru<\/p>\n<p>VLASTNOSTI<\/p>\n<div class=\"text\">\n<ul>\n<li><b>Materi\u00e1l:<\/b>\u00a0l\u00e1tka\/chr\u00f3m<\/li>\n<li><b>Farba:<\/b> svetlosiv\u00e1, tmavosiv\u00e1, b\u00e9\u017eov\u00e1<\/li>\n<li><b>Rozmery (\u0160xHxV):<\/b>\u00a044x46x110 cm<\/li>\n<li><b>V\u00fd\u0161ka sedu:<\/b>\u00a048 cm<\/li>\n<li><b>H\u013abka sedu:<\/b>\u00a042 cm<\/li>\n<li><b>Nosnos\u0165:<\/b>\u00a0110 kg<\/li>\n<li>Dod\u00e1van\u00e9 v demonte<\/li>\n<\/ul>\n<\/div>\n","protected":false},"excerpt":{"rendered":"<p>Modern\u00e1 jed\u00e1lensk\u00e1 stoli\u010dka AMINA V\u00e1s up\u00fata hne\u010f na prv\u00fd poh\u013ead. \u010cal\u00fanen\u00e1 je pr\u00edjemnou l\u00e1tkou, kon\u0161trukcia je pevn\u00e1 z chr\u00f3mu. Na v\u00fdber s\u00fa tri farebn\u00e9 prevedenia a tak ju dolad\u00edte k svojmu interi\u00e9ru VLASTNOSTI Materi\u00e1l:\u00a0l\u00e1tka\/chr\u00f3m Farba: svetlosiv\u00e1, tmavosiv\u00e1, b\u00e9\u017eov\u00e1 Rozmery (\u0160xHxV):\u00a044x46x110 cm V\u00fd\u0161ka sedu:\u00a048 cm H\u013abka sedu:\u00a042 cm Nosnos\u0165:\u00a0110 kg Dod\u00e1van\u00e9 v demonte<\/p>\n","protected":false},"featured_media":127791,"comment_status":"closed","ping_status":"closed","template":"","meta":{"_seopress_robots_primary_cat":"239","_seopress_titles_title":"","_seopress_titles_desc":"","_seopress_robots_index":""},"product_brand":[],"product_cat":[239,237],"product_tag":[],"class_list":{"0":"post-30307","1":"product","2":"type-product","3":"status-publish","4":"has-post-thumbnail","6":"product_cat-kovove-stolicky","7":"product_cat-stolicky","8":"pa_farba-bezova","9":"pa_farba-svetlosiva","10":"pa_farba-tmavosiva","12":"first","13":"onbackorder","14":"shipping-taxable","15":"purchasable","16":"product-type-variable"},"_links":{"self":[{"href":"https:\/\/nabytoklaguna.sk\/sk\/wp-json\/wp\/v2\/product\/30307","targetHints":{"allow":["GET"]}}],"collection":[{"href":"https:\/\/nabytoklaguna.sk\/sk\/wp-json\/wp\/v2\/product"}],"about":[{"href":"https:\/\/nabytoklaguna.sk\/sk\/wp-json\/wp\/v2\/types\/product"}],"replies":[{"embeddable":true,"href":"https:\/\/nabytoklaguna.sk\/sk\/wp-json\/wp\/v2\/comments?post=30307"}],"wp:featuredmedia":[{"embeddable":true,"href":"https:\/\/nabytoklaguna.sk\/sk\/wp-json\/wp\/v2\/media\/127791"}],"wp:attachment":[{"href":"https:\/\/nabytoklaguna.sk\/sk\/wp-json\/wp\/v2\/media?parent=30307"}],"wp:term":[{"taxonomy":"product_brand","embeddable":true,"href":"https:\/\/nabytoklaguna.sk\/sk\/wp-json\/wp\/v2\/product_brand?post=30307"},{"taxonomy":"product_cat","embeddable":true,"href":"https:\/\/nabytoklaguna.sk\/sk\/wp-json\/wp\/v2\/product_cat?post=30307"},{"taxonomy":"product_tag","embeddable":true,"href":"https:\/\/nabytoklaguna.sk\/sk\/wp-json\/wp\/v2\/product_tag?post=30307"}],"curies":[{"name":"wp","href":"https:\/\/api.w.org\/{rel}","templated":true}]}}

<p>Moderná jedálenská stolička AMINA Vás upúta hneď na prvý pohľad. Čalúnená je príjemnou látkou, konštrukcia je pevná z chrómu. Na výber sú tri farebné prevedenia a tak ju doladíte k svojmu interiéru</p>
<p>VLASTNOSTI</p>
<div class="text">
<ul>
<li><b>Materiál:</b> látka/chróm</li>
<li><b>Farba:</b> svetlosivá, tmavosivá, béžová</li>
<li><b>Rozmery (ŠxHxV):</b> 44x46x110 cm</li>
<li><b>Výška sedu:</b> 48 cm</li>
<li><b>Hĺbka sedu:</b> 42 cm</li>
<li><b>Nosnosť:</b> 110 kg</li>
<li>Dodávané v demonte</li>
</ul>
</div>

<p>Moderná jedálenská stolička AMINA Vás upúta hneď na prvý pohľad. Čalúnená je príjemnou látkou, konštrukcia je pevná z chrómu. Na výber sú tri farebné prevedenia a tak ju doladíte k svojmu interiéru VLASTNOSTI Materiál: látka/chróm Farba: svetlosivá, tmavosivá, béžová Rozmery (ŠxHxV): 44x46x110 cm Výška sedu: 48 cm Hĺbka sedu: 42 cm Nosnosť: 110 kg Dodávané v demonte</p>
