{"id":30348,"date":"2021-02-22T16:54:36","date_gmt":"2021-02-22T15:54:36","guid":{"rendered":"http:\/\/nabytoklaguna.sk\/sk\/?post_type=product&#038;p=30348"},"modified":"2026-04-21T14:59:29","modified_gmt":"2026-04-21T12:59:29","slug":"k-dulcia","status":"publish","type":"product","link":"https:\/\/nabytoklaguna.sk\/sk\/produkt\/k-dulcia\/","title":{"rendered":"K DULCIA"},"content":{"rendered":"<p>Elegantn\u00e1 jed\u00e1lensk\u00e1 stoli\u010dka DULCIA nesmie ch\u00fdba\u0165 v \u017eiadnej dom\u00e1cnosti. Vyroben\u00e1 je z kvalitn\u00e9ho chr\u00f3mu, \u010dal\u00fanen\u00e1 je ekoko\u017eou. Stoli\u010dka je pre\u0161\u00edvan\u00e1 \u010do prid\u00e1va na jej dizajne. Operadlo je ergonomicky tvarovan\u00e9, \u010d\u00edm bude Va\u0161e sedenie pohodlnej\u0161ie. Doprajte sebe aj svojej rodine pohodlie.<\/p>\n<p>VLASTNOSTI.<\/p>\n<div class=\"text\">\n<ul>\n<li><b>Materi\u00e1l:<\/b>\u00a0ekoko\u017ea\/chr\u00f3m<\/li>\n<li><b>Farba:<\/b> \u010dierna, biela<\/li>\n<li><b>Rozmery (\u0160xHxV):<\/b>\u00a040x58x103 cm<\/li>\n<li><b>V\u00fd\u0161ka sedu:<\/b>\u00a048 cm<\/li>\n<li><b>H\u013abka sedu:<\/b>\u00a042 cm<\/li>\n<li>Chr\u00f3mov\u00e1 kon\u0161trukcia<\/li>\n<li>Dod\u00e1van\u00e9 v demonte<\/li>\n<\/ul>\n<\/div>\n","protected":false},"excerpt":{"rendered":"<p>Elegantn\u00e1 jed\u00e1lensk\u00e1 stoli\u010dka DULCIA nesmie ch\u00fdba\u0165 v \u017eiadnej dom\u00e1cnosti. Vyroben\u00e1 je z kvalitn\u00e9ho chr\u00f3mu, \u010dal\u00fanen\u00e1 je ekoko\u017eou. Stoli\u010dka je pre\u0161\u00edvan\u00e1 \u010do prid\u00e1va na jej dizajne. Operadlo je ergonomicky tvarovan\u00e9, \u010d\u00edm bude Va\u0161e sedenie pohodlnej\u0161ie. Doprajte sebe aj svojej rodine pohodlie. VLASTNOSTI. Materi\u00e1l:\u00a0ekoko\u017ea\/chr\u00f3m Farba: \u010dierna, biela Rozmery (\u0160xHxV):\u00a040x58x103 cm V\u00fd\u0161ka sedu:\u00a048 cm H\u013abka sedu:\u00a042 cm Chr\u00f3mov\u00e1&#8230;<\/p>\n","protected":false},"featured_media":9591,"comment_status":"closed","ping_status":"closed","template":"","meta":{"_seopress_robots_primary_cat":"239","_seopress_titles_title":"","_seopress_titles_desc":"","_seopress_robots_index":""},"product_brand":[],"product_cat":[239,237],"product_tag":[],"class_list":{"0":"post-30348","1":"product","2":"type-product","3":"status-publish","4":"has-post-thumbnail","6":"product_cat-kovove-stolicky","7":"product_cat-stolicky","8":"pa_farba-biela","9":"pa_farba-cierna-2","11":"first","12":"onbackorder","13":"shipping-taxable","14":"purchasable","15":"product-type-variable"},"_links":{"self":[{"href":"https:\/\/nabytoklaguna.sk\/sk\/wp-json\/wp\/v2\/product\/30348","targetHints":{"allow":["GET"]}}],"collection":[{"href":"https:\/\/nabytoklaguna.sk\/sk\/wp-json\/wp\/v2\/product"}],"about":[{"href":"https:\/\/nabytoklaguna.sk\/sk\/wp-json\/wp\/v2\/types\/product"}],"replies":[{"embeddable":true,"href":"https:\/\/nabytoklaguna.sk\/sk\/wp-json\/wp\/v2\/comments?post=30348"}],"wp:featuredmedia":[{"embeddable":true,"href":"https:\/\/nabytoklaguna.sk\/sk\/wp-json\/wp\/v2\/media\/9591"}],"wp:attachment":[{"href":"https:\/\/nabytoklaguna.sk\/sk\/wp-json\/wp\/v2\/media?parent=30348"}],"wp:term":[{"taxonomy":"product_brand","embeddable":true,"href":"https:\/\/nabytoklaguna.sk\/sk\/wp-json\/wp\/v2\/product_brand?post=30348"},{"taxonomy":"product_cat","embeddable":true,"href":"https:\/\/nabytoklaguna.sk\/sk\/wp-json\/wp\/v2\/product_cat?post=30348"},{"taxonomy":"product_tag","embeddable":true,"href":"https:\/\/nabytoklaguna.sk\/sk\/wp-json\/wp\/v2\/product_tag?post=30348"}],"curies":[{"name":"wp","href":"https:\/\/api.w.org\/{rel}","templated":true}]}}

<p>Elegantná jedálenská stolička DULCIA nesmie chýbať v žiadnej domácnosti. Vyrobená je z kvalitného chrómu, čalúnená je ekokožou. Stolička je prešívaná čo pridáva na jej dizajne. Operadlo je ergonomicky tvarované, čím bude Vaše sedenie pohodlnejšie. Doprajte sebe aj svojej rodine pohodlie.</p>
<p>VLASTNOSTI.</p>
<div class="text">
<ul>
<li><b>Materiál:</b> ekokoža/chróm</li>
<li><b>Farba:</b> čierna, biela</li>
<li><b>Rozmery (ŠxHxV):</b> 40x58x103 cm</li>
<li><b>Výška sedu:</b> 48 cm</li>
<li><b>Hĺbka sedu:</b> 42 cm</li>
<li>Chrómová konštrukcia</li>
<li>Dodávané v demonte</li>
</ul>
</div>

<p>Elegantná jedálenská stolička DULCIA nesmie chýbať v žiadnej domácnosti. Vyrobená je z kvalitného chrómu, čalúnená je ekokožou. Stolička je prešívaná čo pridáva na jej dizajne. Operadlo je ergonomicky tvarované, čím bude Vaše sedenie pohodlnejšie. Doprajte sebe aj svojej rodine pohodlie. VLASTNOSTI. Materiál: ekokoža/chróm Farba: čierna, biela Rozmery (ŠxHxV): 40x58x103 cm Výška sedu: 48 cm Hĺbka sedu: 42 cm Chrómová&#8230;</p>
