{"id":30669,"date":"2021-02-22T16:54:36","date_gmt":"2021-02-22T15:54:36","guid":{"rendered":"http:\/\/nabytoklaguna.sk\/sk\/?post_type=product&#038;p=30669"},"modified":"2022-11-10T15:19:43","modified_gmt":"2022-11-10T14:19:43","slug":"tempo-kondela-rost-basic-flex","status":"publish","type":"product","link":"https:\/\/nabytoklaguna.sk\/sk\/produkt\/tempo-kondela-rost-basic-flex\/","title":{"rendered":"Tempo Kondela Ro\u0161t BASIC FLEX"},"content":{"rendered":"<p>Ro\u0161t tvoria oh\u00fdban\u00e9 lamely, brezov\u00e9 drevo, osaden\u00e9 v plastov\u00fdch p\u00fazdrach na r\u00e1me ro\u0161tu. Odpor\u00fa\u010dame kombinova\u0165 s pru\u017einov\u00fdmi matracmi.<\/p>\n<p>Rozmer<strong>\u00a0160&#215;200 cm:<\/strong>\u00a0ide\u00e1lne sa prisp\u00f4sobuje tvaru a hmotnosti tela.<\/p>\n<p>Mechanick\u00e1 regul\u00e1cia.<\/p>\n<p>Dod\u00e1van\u00fd so spodnou sololitovou doskou \/t\u00fdm sa vytvor\u00ed \u00fal. priestor\/, po\u010det lamiel 16<\/p>\n<p>Rozmer <strong>180&#215;200 cm<\/strong>: Mechanick\u00e1 regul\u00e1cia.<\/p>\n<p>Ro\u0161t o rozmere 180&#215;200 je mo\u017en\u00e9 k\u00fapi\u0165 len k posteli so stredovou deliacou li\u0161tou a je nutn\u00e9 si k nemu k\u00fapi\u0165 2 ks matraca o rozmere 90&#215;200 cm.\u00a0 \u00a0 \u00a0 \u00a0 \u00a0 \u00a0 \u00a0 \u00a0 \u00a0 \u00a0 \u00a0 \u00a0 \u00a0 \u00a0 \u00a0 \u00a0 \u00a0 \u00a0 \u00a0 \u00a0 \u00a0 \u00a0 \u00a0 \u00a0 \u00a0Dod\u00e1van\u00fd so spodnou sololitovou doskou \/t\u00fdm sa vytvor\u00ed \u00fal. priestor\/, po\u010det lamiel 16.<\/p>\n<p>&nbsp;<\/p>\n","protected":false},"excerpt":{"rendered":"<p>Ro\u0161t tvoria oh\u00fdban\u00e9 lamely, brezov\u00e9 drevo, osaden\u00e9 v plastov\u00fdch p\u00fazdrach na r\u00e1me ro\u0161tu. Odpor\u00fa\u010dame kombinova\u0165 s pru\u017einov\u00fdmi matracmi. Rozmer\u00a0160&#215;200 cm:\u00a0ide\u00e1lne sa prisp\u00f4sobuje tvaru a hmotnosti tela. Mechanick\u00e1 regul\u00e1cia. Dod\u00e1van\u00fd so spodnou sololitovou doskou \/t\u00fdm sa vytvor\u00ed \u00fal. priestor\/, po\u010det lamiel 16 Rozmer 180&#215;200 cm: Mechanick\u00e1 regul\u00e1cia. Ro\u0161t o rozmere 180&#215;200 je mo\u017en\u00e9 k\u00fapi\u0165 len k&#8230;<\/p>\n","protected":false},"featured_media":0,"comment_status":"closed","ping_status":"closed","template":"","meta":{"_seopress_robots_primary_cat":"227","_seopress_titles_title":"","_seopress_titles_desc":"","_seopress_robots_index":""},"product_brand":[],"product_cat":[227],"product_tag":[],"class_list":{"0":"post-30669","1":"product","2":"type-product","3":"status-publish","5":"product_cat-rosty-matrace","7":"first","8":"onbackorder","9":"shipping-taxable","10":"purchasable","11":"product-type-variable"},"_links":{"self":[{"href":"https:\/\/nabytoklaguna.sk\/sk\/wp-json\/wp\/v2\/product\/30669","targetHints":{"allow":["GET"]}}],"collection":[{"href":"https:\/\/nabytoklaguna.sk\/sk\/wp-json\/wp\/v2\/product"}],"about":[{"href":"https:\/\/nabytoklaguna.sk\/sk\/wp-json\/wp\/v2\/types\/product"}],"replies":[{"embeddable":true,"href":"https:\/\/nabytoklaguna.sk\/sk\/wp-json\/wp\/v2\/comments?post=30669"}],"wp:attachment":[{"href":"https:\/\/nabytoklaguna.sk\/sk\/wp-json\/wp\/v2\/media?parent=30669"}],"wp:term":[{"taxonomy":"product_brand","embeddable":true,"href":"https:\/\/nabytoklaguna.sk\/sk\/wp-json\/wp\/v2\/product_brand?post=30669"},{"taxonomy":"product_cat","embeddable":true,"href":"https:\/\/nabytoklaguna.sk\/sk\/wp-json\/wp\/v2\/product_cat?post=30669"},{"taxonomy":"product_tag","embeddable":true,"href":"https:\/\/nabytoklaguna.sk\/sk\/wp-json\/wp\/v2\/product_tag?post=30669"}],"curies":[{"name":"wp","href":"https:\/\/api.w.org\/{rel}","templated":true}]}}

Tempo Kondela Rošt BASIC FLEX

<p>Rošt tvoria ohýbané lamely, brezové drevo, osadené v plastových púzdrach na ráme roštu. Odporúčame kombinovať s pružinovými matracmi.</p>
<p>Rozmer<strong> 160&#215;200 cm:</strong> ideálne sa prispôsobuje tvaru a hmotnosti tela.</p>
<p>Mechanická regulácia.</p>
<p>Dodávaný so spodnou sololitovou doskou /tým sa vytvorí úl. priestor/, počet lamiel 16</p>
<p>Rozmer <strong>180&#215;200 cm</strong>: Mechanická regulácia.</p>
<p>Rošt o rozmere 180&#215;200 je možné kúpiť len k posteli so stredovou deliacou lištou a je nutné si k nemu kúpiť 2 ks matraca o rozmere 90&#215;200 cm.                                                 Dodávaný so spodnou sololitovou doskou /tým sa vytvorí úl. priestor/, počet lamiel 16.</p>
<p>&nbsp;</p>

<p>Rošt tvoria ohýbané lamely, brezové drevo, osadené v plastových púzdrach na ráme roštu. Odporúčame kombinovať s pružinovými matracmi. Rozmer 160&#215;200 cm: ideálne sa prispôsobuje tvaru a hmotnosti tela. Mechanická regulácia. Dodávaný so spodnou sololitovou doskou /tým sa vytvorí úl. priestor/, počet lamiel 16 Rozmer 180&#215;200 cm: Mechanická regulácia. Rošt o rozmere 180&#215;200 je možné kúpiť len k&#8230;</p>
