{"id":30717,"date":"2021-02-22T16:54:36","date_gmt":"2021-02-22T15:54:36","guid":{"rendered":"http:\/\/nabytoklaguna.sk\/sk\/?post_type=product&#038;p=30717"},"modified":"2026-02-18T08:33:15","modified_gmt":"2026-02-18T07:33:15","slug":"tempo-kondela-montana","status":"publish","type":"product","link":"https:\/\/nabytoklaguna.sk\/sk\/produkt\/tempo-kondela-montana\/","title":{"rendered":"Tempo Kondela MONTANA"},"content":{"rendered":"<p>Jadro matraca MONTANA tvor\u00ed <b>pru\u017en\u00e1, stredne tvrd\u00e1 polyuret\u00e1nov\u00e1 pena<\/b>\u00a0o tvrdosti\u00a0<b>T-25<\/b>, ktor\u00e1 vyhovuje \u0161irok\u00e9mu spektru obyvate\u013estva. <b>PUR pena<\/b>\u00a0je skr\u00e1ten\u00fd n\u00e1zov pre polyuret\u00e1nov\u00fa penu. Je ve\u013emi ob\u013e\u00faben\u00e1 pri v\u00fdrobe matracov. Vynik\u00e1 v\u00fdborn\u00fdmi vlastnos\u0165ami. Matrac z PUR peny je\u00a0<b>na za\u010diatku tuh\u0161\u00ed, pou\u017e\u00edvan\u00edm sa st\u00e1va komfortnej\u0161\u00edm<\/b>\u00a0bez toho, aby str\u00e1cal na objeme. Matrace z PUR peny s\u00fa ve\u013emi ob\u013e\u00faben\u00e9 kv\u00f4li svojim\u00a0<b>ortopedick\u00fdm a antialergick\u00fdm vlastnostiam<\/b>. Navy\u0161e maj\u00fa n\u00edzku hmotnos\u0165, a preto sa s nimi \u013eahko a jednoducho manipuluje. Najv\u00e4\u010d\u0161ou v\u00fdhodou tejto peny je\u00a0<b>odolnos\u0165 vo\u010di prele\u017eaniu<\/b>, \u010do je naj\u010dastej\u0161\u00ed d\u00f4vod v\u00fdmeny matraca. Po\u0165ah matraca je vyroben\u00fd\u00a0<b>z \u010dal\u00fanickej l\u00e1tky<\/b>, ktor\u00e1 je na jednej strane\u00a0<b>pre\u0161\u00edvan\u00e1 ov\u010d\u00edm r\u00fanom<\/b>.<\/p>\n<ul>\n<li><b>Materi\u00e1l:<\/b>\u00a0PUR pena<\/li>\n<li><b>V\u00fd\u0161ka matraca:<\/b>\u00a09 cm<\/li>\n<li><b>Nosnos\u0165:<\/b>\u00a0cca 80 kg<\/li>\n<li><b>Tvrdos\u0165 matraca:<\/b>\u00a0stredne tvrd\u00fd T3<\/li>\n<li>Stredne tvrd\u00fd matrac (stupe\u0148 tvrdosti T3) sa dok\u00e1\u017ee najlep\u0161ie prisp\u00f4sobi\u0165 le\u017eiacemu, nevytv\u00e1ra protitlak a udr\u017euje chrbticu v rovine. Je vhodn\u00fd pre \u013eud\u00ed s hmotnos\u0165ou od 70 do 100 kilogramov. Tento typ sa hod\u00ed na spanie v akejko\u013evek polohe.<\/li>\n<\/ul>\n<p><img decoding=\"async\" src=\"https:\/\/www.temponabytok.sk\/uploads\/images\/piktogramy_popis\/PUR_pena.jpg\" \/>\u00a0<img decoding=\"async\" src=\"https:\/\/www.temponabytok.sk\/uploads\/images\/piktogramy_popis\/antialergicky.jpg\" \/>\u00a0<img decoding=\"async\" src=\"https:\/\/www.temponabytok.sk\/uploads\/images\/piktogramy_popis\/teplota_prania.jpg\" \/>\u00a0<img decoding=\"async\" src=\"https:\/\/www.temponabytok.sk\/uploads\/images\/piktogramy_popis\/regulovatelny_rost.jpg\" \/>\u00a0<img decoding=\"async\" src=\"https:\/\/www.temponabytok.sk\/uploads\/images\/piktogramy_popis\/piktogram_stredne%20Tvrdy.png\" \/><\/p>\n<p>&nbsp;<\/p>\n<p>&nbsp;<\/p>\n","protected":false},"excerpt":{"rendered":"<p>Jadro matraca MONTANA tvor\u00ed pru\u017en\u00e1, stredne tvrd\u00e1 polyuret\u00e1nov\u00e1 pena\u00a0o tvrdosti\u00a0T-25, ktor\u00e1 vyhovuje \u0161irok\u00e9mu spektru obyvate\u013estva. PUR pena\u00a0je skr\u00e1ten\u00fd n\u00e1zov pre polyuret\u00e1nov\u00fa penu. Je ve\u013emi ob\u013e\u00faben\u00e1 pri v\u00fdrobe matracov. Vynik\u00e1 v\u00fdborn\u00fdmi vlastnos\u0165ami. Matrac z PUR peny je\u00a0na za\u010diatku tuh\u0161\u00ed, pou\u017e\u00edvan\u00edm sa st\u00e1va komfortnej\u0161\u00edm\u00a0bez toho, aby str\u00e1cal na objeme. Matrace z PUR peny s\u00fa ve\u013emi ob\u013e\u00faben\u00e9 kv\u00f4li&#8230;<\/p>\n","protected":false},"featured_media":0,"comment_status":"closed","ping_status":"closed","template":"","meta":{"_seopress_robots_primary_cat":"229","_seopress_titles_title":"","_seopress_titles_desc":"","_seopress_robots_index":""},"product_brand":[],"product_cat":[227,229],"product_tag":[],"class_list":{"0":"post-30717","1":"product","2":"type-product","3":"status-publish","5":"product_cat-rosty-matrace","6":"product_cat-matrace","8":"first","9":"onbackorder","10":"shipping-taxable","11":"purchasable","12":"product-type-variable"},"_links":{"self":[{"href":"https:\/\/nabytoklaguna.sk\/sk\/wp-json\/wp\/v2\/product\/30717","targetHints":{"allow":["GET"]}}],"collection":[{"href":"https:\/\/nabytoklaguna.sk\/sk\/wp-json\/wp\/v2\/product"}],"about":[{"href":"https:\/\/nabytoklaguna.sk\/sk\/wp-json\/wp\/v2\/types\/product"}],"replies":[{"embeddable":true,"href":"https:\/\/nabytoklaguna.sk\/sk\/wp-json\/wp\/v2\/comments?post=30717"}],"wp:attachment":[{"href":"https:\/\/nabytoklaguna.sk\/sk\/wp-json\/wp\/v2\/media?parent=30717"}],"wp:term":[{"taxonomy":"product_brand","embeddable":true,"href":"https:\/\/nabytoklaguna.sk\/sk\/wp-json\/wp\/v2\/product_brand?post=30717"},{"taxonomy":"product_cat","embeddable":true,"href":"https:\/\/nabytoklaguna.sk\/sk\/wp-json\/wp\/v2\/product_cat?post=30717"},{"taxonomy":"product_tag","embeddable":true,"href":"https:\/\/nabytoklaguna.sk\/sk\/wp-json\/wp\/v2\/product_tag?post=30717"}],"curies":[{"name":"wp","href":"https:\/\/api.w.org\/{rel}","templated":true}]}}

<p>Jadro matraca MONTANA tvorí <b>pružná, stredne tvrdá polyuretánová pena</b> o tvrdosti <b>T-25</b>, ktorá vyhovuje širokému spektru obyvateľstva. <b>PUR pena</b> je skrátený názov pre polyuretánovú penu. Je veľmi obľúbená pri výrobe matracov. Vyniká výbornými vlastnosťami. Matrac z PUR peny je <b>na začiatku tuhší, používaním sa stáva komfortnejším</b> bez toho, aby strácal na objeme. Matrace z PUR peny sú veľmi obľúbené kvôli svojim <b>ortopedickým a antialergickým vlastnostiam</b>. Navyše majú nízku hmotnosť, a preto sa s nimi ľahko a jednoducho manipuluje. Najväčšou výhodou tejto peny je <b>odolnosť voči preležaniu</b>, čo je najčastejší dôvod výmeny matraca. Poťah matraca je vyrobený <b>z čalúnickej látky</b>, ktorá je na jednej strane <b>prešívaná ovčím rúnom</b>.</p>
<ul>
<li><b>Materiál:</b> PUR pena</li>
<li><b>Výška matraca:</b> 9 cm</li>
<li><b>Nosnosť:</b> cca 80 kg</li>
<li><b>Tvrdosť matraca:</b> stredne tvrdý T3</li>
<li>Stredne tvrdý matrac (stupeň tvrdosti T3) sa dokáže najlepšie prispôsobiť ležiacemu, nevytvára protitlak a udržuje chrbticu v rovine. Je vhodný pre ľudí s hmotnosťou od 70 do 100 kilogramov. Tento typ sa hodí na spanie v akejkoľvek polohe.</li>
</ul>
<p><img decoding="async" src="https://www.temponabytok.sk/uploads/images/piktogramy_popis/PUR_pena.jpg" /> <img decoding="async" src="https://www.temponabytok.sk/uploads/images/piktogramy_popis/antialergicky.jpg" /> <img decoding="async" src="https://www.temponabytok.sk/uploads/images/piktogramy_popis/teplota_prania.jpg" /> <img decoding="async" src="https://www.temponabytok.sk/uploads/images/piktogramy_popis/regulovatelny_rost.jpg" /> <img decoding="async" src="https://www.temponabytok.sk/uploads/images/piktogramy_popis/piktogram_stredne%20Tvrdy.png" /></p>
<p>&nbsp;</p>
<p>&nbsp;</p>

<p>Jadro matraca MONTANA tvorí pružná, stredne tvrdá polyuretánová pena o tvrdosti T-25, ktorá vyhovuje širokému spektru obyvateľstva. PUR pena je skrátený názov pre polyuretánovú penu. Je veľmi obľúbená pri výrobe matracov. Vyniká výbornými vlastnosťami. Matrac z PUR peny je na začiatku tuhší, používaním sa stáva komfortnejším bez toho, aby strácal na objeme. Matrace z PUR peny sú veľmi obľúbené kvôli&#8230;</p>
