{"id":30889,"date":"2021-02-22T16:54:36","date_gmt":"2021-02-22T15:54:36","guid":{"rendered":"http:\/\/nabytoklaguna.sk\/sk\/?post_type=product&#038;p=30889"},"modified":"2025-09-25T11:16:59","modified_gmt":"2025-09-25T09:16:59","slug":"filida","status":"publish","type":"product","link":"https:\/\/nabytoklaguna.sk\/sk\/produkt\/filida\/","title":{"rendered":"K FILIDA"},"content":{"rendered":"<p>Modern\u00e1 poste\u013e <b>FILIDA<\/b>\u00a0s\u00a0<b>RGB LED<\/b>\u00a0osvetlen\u00edm, ktor\u00e9 je zabudovan\u00e9 v\u00a0<b>\u010dele postele <\/b>vnesie do Va\u0161ej sp\u00e1lne prvky fototerapie. Osvetlenie v ur\u010dit\u00fdch \u010dasov\u00fdch intervaloch men\u00ed farby, ktor\u00e9 potom blahodarne vpl\u00fdvaj\u00fa na va\u0161e podvedomie. Poste\u013e je v <b>bielej farbe<\/b>\u00a0v\u00a0<b>kvalitnej ekoko\u017ei<\/b>. S\u00fa\u010das\u0165ou postele je lamelov\u00fd ro\u0161t, ktor\u00fd dod\u00e1vame k posteli ZDARMA. Kvalitn\u00fd sp\u00e1nok V\u00e1m zabezpe\u010d\u00ed jedine kvalitn\u00fd matrac, preto odpor\u00fa\u010dame zak\u00fapi\u0165 poste\u013e\u00a0spolu s\u00a023 cm vysok\u00fdm luxusn\u00fdm matracom<strong>\u00a0VENDY,<\/strong> v\u010faka ktor\u00e9mu V\u00e1m poste\u013e zabezpe\u010d\u00ed aj kvalitn\u00fd odpo\u010dinok.<\/p>\n<div class=\"text\">\n<ul>\n<li><b>Materi\u00e1l:<\/b>\u00a0ekoko\u017ea<\/li>\n<li><b>Farba:<\/b>\u00a0biela<\/li>\n<li><b>Rozmery (\u0160xHxV):<\/b> 202x224x68 cm, <b>Plocha na spanie (\u0160xD):<\/b>\u00a0180&#215;200 cm<\/li>\n<li><b>Rozmery (\u0160xHxV):<\/b> 182x224x68 cm, <b>Plocha na spanie (\u0160xD):<\/b> 160&#215;200 cm<\/li>\n<li><b>V\u00fd\u0161ka po ro\u0161t:<\/b>\u00a013,5 cm<\/li>\n<li>Lamelov\u00fd ro\u0161t ZDARMA<\/li>\n<li>RGB LED osvetlenie<\/li>\n<li>Dod\u00e1van\u00e9 v demonte<\/li>\n<\/ul>\n<table style=\"width: 100%;\" border=\"0\" cellspacing=\"1\" cellpadding=\"1\">\n<tbody>\n<tr>\n<td style=\"width: 47.569%;\"><img loading=\"lazy\" decoding=\"async\" class=\"\" src=\"https:\/\/i2.wp.com\/nabytoklaguna.sk\/sk\/wp-content\/uploads\/2021\/01\/matrac-LENNA.jpg?resize=252%2C252&amp;ssl=1\" width=\"259\" height=\"259\" \/><\/td>\n<td style=\"width: 52.1682%;\"><u><strong>Matrac LENNA:<\/strong><\/u><\/p>\n<p>Kvalitn\u00fd 5-z\u00f3nov\u00fd profilovan\u00fd matrac Lenna je z\u00e1stupcom matracov bez pou\u017eitia lepidiel. \u0160peci\u00e1lne jadro tvoria dva d\u00f4myselne rezan\u00e9 diely z kvalitn\u00fdch polyuret\u00e1nov\u00fdch Sleepfoam pien. Pri sp\u00e1nku umo\u017e\u0148uje tento matrac bez lepidiel pohyb pien v\u010faka vo\u013en\u00e9mu ulo\u017eeniu a t\u00fdm vyhovuje individu\u00e1lnym potreb\u00e1m u\u017e\u00edvate\u013ea. V\u010faka rozdielnym objemov\u00fdm hmotnostiam Sleepfoam pien tento matrac poskytuje tvrd\u0161iu a m\u00e4k\u0161iu stranu. Matrac je ur\u010den\u00fd pre v\u00e1hov\u00fa kateg\u00f3riu do 100 kg. Celkov\u00e1 v\u00fd\u0161ka matraca je 17 cm. Po\u0165ah je z kvalitn\u00e9ho \u00fapletu, z\u00f3novo pre\u0161it\u00fd, delite\u013en\u00fd a na jeho v\u00fdrobu je pou\u017eit\u00e9 r\u00fano vysokej gram\u00e1\u017ee. Po\u0165ah je prate\u013en\u00fd na 60 \u00baC.<\/td>\n<\/tr>\n<tr>\n<td style=\"width: 47.569%;\">&nbsp;<\/p>\n<p><img loading=\"lazy\" decoding=\"async\" class=\"\" src=\"https:\/\/i1.wp.com\/nabytoklaguna.sk\/sk\/wp-content\/uploads\/2021\/01\/matrac-VENDY.jpg?resize=258%2C258&amp;ssl=1\" width=\"259\" height=\"259\" \/><\/td>\n<td style=\"width: 52.1682%;\"><strong><u>Matrac VENDY:<\/u><\/strong><\/p>\n<p>Luxusn\u00fd matrac tvor\u00ed z oboch str\u00e1n a\u017e 9 cm vysok\u00e1 vrstva polyuret\u00e1novej peny. Ru\u017eov\u00e1 (m\u00e4kk\u0161ia) pena je gram\u00e1\u017ee 25 kg \/ m3 a zelen\u00e1 ( tvrd\u0161ia ) a\u017e 28 kg \/ m3. V\u00fdrazn\u00e9 profilovanie povrchu oboch pien zabezpe\u010d\u00ed spr\u00e1vny a z\u00e1rove\u0148 ve\u013emi kvalitn\u00fd sp\u00e1nkov\u00fd komfort, v\u010faka ktor\u00e9mu je zaru\u010den\u00e9 od\u013eah\u010denie exponovan\u00fdch miest na tele. T\u00fdm sa zrete\u013ene zlep\u0161uje prekrvenie poko\u017eky a uvo\u013enenie svalov. Pre dosiahnutie nosnosti 130 kg je matrac spevnen\u00fd 4 cm vrstvou RE peny. Celkov\u00e1 v\u00fd\u0161ka vr\u00e1tane po\u0165ahu ALOE VERA je 23 cm. Po\u0165ah je z ALOE VERA. Po\u0165ah je prate\u013en\u00fd na 60 \u00baC.<\/td>\n<\/tr>\n<\/tbody>\n<\/table>\n<\/div>\n","protected":false},"excerpt":{"rendered":"<p>Modern\u00e1 poste\u013e FILIDA\u00a0s\u00a0RGB LED\u00a0osvetlen\u00edm, ktor\u00e9 je zabudovan\u00e9 v\u00a0\u010dele postele vnesie do Va\u0161ej sp\u00e1lne prvky fototerapie. Osvetlenie v ur\u010dit\u00fdch \u010dasov\u00fdch intervaloch men\u00ed farby, ktor\u00e9 potom blahodarne vpl\u00fdvaj\u00fa na va\u0161e podvedomie. Poste\u013e je v bielej farbe\u00a0v\u00a0kvalitnej ekoko\u017ei. S\u00fa\u010das\u0165ou postele je lamelov\u00fd ro\u0161t, ktor\u00fd dod\u00e1vame k posteli ZDARMA. Kvalitn\u00fd sp\u00e1nok V\u00e1m zabezpe\u010d\u00ed jedine kvalitn\u00fd matrac, preto odpor\u00fa\u010dame zak\u00fapi\u0165&#8230;<\/p>\n","protected":false},"featured_media":30893,"comment_status":"closed","ping_status":"closed","template":"","meta":{"_seopress_robots_primary_cat":"228","_seopress_titles_title":"","_seopress_titles_desc":"","_seopress_robots_index":""},"product_brand":[],"product_cat":[4012,228],"product_tag":[],"class_list":{"0":"post-30889","1":"product","2":"type-product","3":"status-publish","4":"has-post-thumbnail","6":"product_cat-postele","7":"product_cat-calunene-postele","8":"pa_typ-produktu-s-matracom-lenna-2-ks-80-x-200-cm-11-zdarma","9":"pa_typ-produktu-s-matracom-lenna-2-ks-90-x-200-cm-11-zdarma","10":"pa_typ-produktu-s-matracom-vendy-2-ks-80-x-200-cm-11-zdarma","11":"pa_typ-produktu-s-matracom-vendy-2-ks-90-x-200-cm-11-zdarma","12":"pa_typ-produktu-s-rostom-bez-matraca-2","14":"first","15":"onbackorder","16":"shipping-taxable","17":"purchasable","18":"product-type-variable"},"_links":{"self":[{"href":"https:\/\/nabytoklaguna.sk\/sk\/wp-json\/wp\/v2\/product\/30889","targetHints":{"allow":["GET"]}}],"collection":[{"href":"https:\/\/nabytoklaguna.sk\/sk\/wp-json\/wp\/v2\/product"}],"about":[{"href":"https:\/\/nabytoklaguna.sk\/sk\/wp-json\/wp\/v2\/types\/product"}],"replies":[{"embeddable":true,"href":"https:\/\/nabytoklaguna.sk\/sk\/wp-json\/wp\/v2\/comments?post=30889"}],"wp:featuredmedia":[{"embeddable":true,"href":"https:\/\/nabytoklaguna.sk\/sk\/wp-json\/wp\/v2\/media\/30893"}],"wp:attachment":[{"href":"https:\/\/nabytoklaguna.sk\/sk\/wp-json\/wp\/v2\/media?parent=30889"}],"wp:term":[{"taxonomy":"product_brand","embeddable":true,"href":"https:\/\/nabytoklaguna.sk\/sk\/wp-json\/wp\/v2\/product_brand?post=30889"},{"taxonomy":"product_cat","embeddable":true,"href":"https:\/\/nabytoklaguna.sk\/sk\/wp-json\/wp\/v2\/product_cat?post=30889"},{"taxonomy":"product_tag","embeddable":true,"href":"https:\/\/nabytoklaguna.sk\/sk\/wp-json\/wp\/v2\/product_tag?post=30889"}],"curies":[{"name":"wp","href":"https:\/\/api.w.org\/{rel}","templated":true}]}}

<p>Moderná posteľ <b>FILIDA</b> s <b>RGB LED</b> osvetlením, ktoré je zabudované v <b>čele postele </b>vnesie do Vašej spálne prvky fototerapie. Osvetlenie v určitých časových intervaloch mení farby, ktoré potom blahodarne vplývajú na vaše podvedomie. Posteľ je v <b>bielej farbe</b> v <b>kvalitnej ekokoži</b>. Súčasťou postele je lamelový rošt, ktorý dodávame k posteli ZDARMA. Kvalitný spánok Vám zabezpečí jedine kvalitný matrac, preto odporúčame zakúpiť posteľ spolu s 23 cm vysokým luxusným matracom<strong> VENDY,</strong> vďaka ktorému Vám posteľ zabezpečí aj kvalitný odpočinok.</p>
<div class="text">
<ul>
<li><b>Materiál:</b> ekokoža</li>
<li><b>Farba:</b> biela</li>
<li><b>Rozmery (ŠxHxV):</b> 202x224x68 cm, <b>Plocha na spanie (ŠxD):</b> 180&#215;200 cm</li>
<li><b>Rozmery (ŠxHxV):</b> 182x224x68 cm, <b>Plocha na spanie (ŠxD):</b> 160&#215;200 cm</li>
<li><b>Výška po rošt:</b> 13,5 cm</li>
<li>Lamelový rošt ZDARMA</li>
<li>RGB LED osvetlenie</li>
<li>Dodávané v demonte</li>
</ul>
<table style="width: 100%;" border="0" cellspacing="1" cellpadding="1">
<tbody>
<tr>
<td style="width: 47.569%;"><img loading="lazy" decoding="async" class="" src="https://i2.wp.com/nabytoklaguna.sk/sk/wp-content/uploads/2021/01/matrac-LENNA.jpg?resize=252%2C252&amp;ssl=1" width="259" height="259" /></td>
<td style="width: 52.1682%;"><u><strong>Matrac LENNA:</strong></u></p>
<p>Kvalitný 5-zónový profilovaný matrac Lenna je zástupcom matracov bez použitia lepidiel. Špeciálne jadro tvoria dva dômyselne rezané diely z kvalitných polyuretánových Sleepfoam pien. Pri spánku umožňuje tento matrac bez lepidiel pohyb pien vďaka voľnému uloženiu a tým vyhovuje individuálnym potrebám užívateľa. Vďaka rozdielnym objemovým hmotnostiam Sleepfoam pien tento matrac poskytuje tvrdšiu a mäkšiu stranu. Matrac je určený pre váhovú kategóriu do 100 kg. Celková výška matraca je 17 cm. Poťah je z kvalitného úpletu, zónovo prešitý, deliteľný a na jeho výrobu je použité rúno vysokej gramáže. Poťah je prateľný na 60 ºC.</td>
</tr>
<tr>
<td style="width: 47.569%;">&nbsp;</p>
<p><img loading="lazy" decoding="async" class="" src="https://i1.wp.com/nabytoklaguna.sk/sk/wp-content/uploads/2021/01/matrac-VENDY.jpg?resize=258%2C258&amp;ssl=1" width="259" height="259" /></td>
<td style="width: 52.1682%;"><strong><u>Matrac VENDY:</u></strong></p>
<p>Luxusný matrac tvorí z oboch strán až 9 cm vysoká vrstva polyuretánovej peny. Ružová (mäkkšia) pena je gramáže 25 kg / m3 a zelená ( tvrdšia ) až 28 kg / m3. Výrazné profilovanie povrchu oboch pien zabezpečí správny a zároveň veľmi kvalitný spánkový komfort, vďaka ktorému je zaručené odľahčenie exponovaných miest na tele. Tým sa zreteľne zlepšuje prekrvenie pokožky a uvoľnenie svalov. Pre dosiahnutie nosnosti 130 kg je matrac spevnený 4 cm vrstvou RE peny. Celková výška vrátane poťahu ALOE VERA je 23 cm. Poťah je z ALOE VERA. Poťah je prateľný na 60 ºC.</td>
</tr>
</tbody>
</table>
</div>

<p>Moderná posteľ FILIDA s RGB LED osvetlením, ktoré je zabudované v čele postele vnesie do Vašej spálne prvky fototerapie. Osvetlenie v určitých časových intervaloch mení farby, ktoré potom blahodarne vplývajú na vaše podvedomie. Posteľ je v bielej farbe v kvalitnej ekokoži. Súčasťou postele je lamelový rošt, ktorý dodávame k posteli ZDARMA. Kvalitný spánok Vám zabezpečí jedine kvalitný matrac, preto odporúčame zakúpiť&#8230;</p>
