{"id":32699,"date":"2021-02-22T16:54:36","date_gmt":"2021-02-22T15:54:36","guid":{"rendered":"http:\/\/nabytoklaguna.sk\/sk\/?post_type=product&#038;p=32699"},"modified":"2025-03-17T12:13:54","modified_gmt":"2025-03-17T11:13:54","slug":"tempo-kondela-atlantis-new","status":"publish","type":"product","link":"https:\/\/nabytoklaguna.sk\/sk\/produkt\/tempo-kondela-atlantis-new\/","title":{"rendered":"K ATLANTIS NEW"},"content":{"rendered":"<p>Ob\u00fdvacia stena ATLANTIS NEW s LED osvetlen\u00edm. Modern\u00fd dizajn a mno\u017estvo \u00falo\u017en\u00e9ho priestoru. Mo\u017enos\u0165 v\u00fdberu farebn\u00e9ho prevedenia<\/p>\n<p>Materi\u00e1l laminovan\u00e1 DTD.<\/p>\n<ul>\n<li>Celkov\u00e9 rozmery (\u0160xHxV): 312x48x202 cm<\/li>\n<li>Rozmery v\u00e4\u010d\u0161ej skrine (\u0160xHxV): 90x33x202 cm<\/li>\n<li>Rozmery men\u0161ej skrinky (\u0160xHxV): 90x33x138 cm<\/li>\n<li>Rozmery RTV stol\u00edka (\u0160xHxV): 219x48x49 cm<\/li>\n<li>\u0160\u00edrka vrchnej police: 175 cm<\/li>\n<li>\u0160\u00edrka spodnej police: 132 cm<\/li>\n<li>Rozmery priestoru na TV (\u0160xV): 132&#215;74,5 cm<\/li>\n<\/ul>\n<p>Dve skrinky s vitr\u00ednami, RTV stol\u00edk, dve police<\/p>\n<p>Dod\u00e1van\u00e9 v demonte<\/p>\n","protected":false},"excerpt":{"rendered":"<p>Ob\u00fdvacia stena ATLANTIS NEW s LED osvetlen\u00edm. Modern\u00fd dizajn a mno\u017estvo \u00falo\u017en\u00e9ho priestoru. Mo\u017enos\u0165 v\u00fdberu farebn\u00e9ho prevedenia Materi\u00e1l laminovan\u00e1 DTD. Celkov\u00e9 rozmery (\u0160xHxV): 312x48x202 cm Rozmery v\u00e4\u010d\u0161ej skrine (\u0160xHxV): 90x33x202 cm Rozmery men\u0161ej skrinky (\u0160xHxV): 90x33x138 cm Rozmery RTV stol\u00edka (\u0160xHxV): 219x48x49 cm \u0160\u00edrka vrchnej police: 175 cm \u0160\u00edrka spodnej police: 132 cm Rozmery priestoru&#8230;<\/p>\n","protected":false},"featured_media":32707,"comment_status":"closed","ping_status":"closed","template":"","meta":{"_seopress_robots_primary_cat":"251","_seopress_titles_title":"","_seopress_titles_desc":"","_seopress_robots_index":""},"product_brand":[],"product_cat":[251],"product_tag":[],"class_list":{"0":"post-32699","1":"product","2":"type-product","3":"status-publish","4":"has-post-thumbnail","6":"product_cat-steny","7":"pa_farba-dub-sonoma","8":"pa_farba-gastan-wenge","9":"pa_farba-san-remo","10":"pa_farba-wenge-luisiana","12":"first","13":"instock","14":"shipping-taxable","15":"purchasable","16":"product-type-variable"},"_links":{"self":[{"href":"https:\/\/nabytoklaguna.sk\/sk\/wp-json\/wp\/v2\/product\/32699","targetHints":{"allow":["GET"]}}],"collection":[{"href":"https:\/\/nabytoklaguna.sk\/sk\/wp-json\/wp\/v2\/product"}],"about":[{"href":"https:\/\/nabytoklaguna.sk\/sk\/wp-json\/wp\/v2\/types\/product"}],"replies":[{"embeddable":true,"href":"https:\/\/nabytoklaguna.sk\/sk\/wp-json\/wp\/v2\/comments?post=32699"}],"wp:featuredmedia":[{"embeddable":true,"href":"https:\/\/nabytoklaguna.sk\/sk\/wp-json\/wp\/v2\/media\/32707"}],"wp:attachment":[{"href":"https:\/\/nabytoklaguna.sk\/sk\/wp-json\/wp\/v2\/media?parent=32699"}],"wp:term":[{"taxonomy":"product_brand","embeddable":true,"href":"https:\/\/nabytoklaguna.sk\/sk\/wp-json\/wp\/v2\/product_brand?post=32699"},{"taxonomy":"product_cat","embeddable":true,"href":"https:\/\/nabytoklaguna.sk\/sk\/wp-json\/wp\/v2\/product_cat?post=32699"},{"taxonomy":"product_tag","embeddable":true,"href":"https:\/\/nabytoklaguna.sk\/sk\/wp-json\/wp\/v2\/product_tag?post=32699"}],"curies":[{"name":"wp","href":"https:\/\/api.w.org\/{rel}","templated":true}]}}

<p>Obývacia stena ATLANTIS NEW s LED osvetlením. Moderný dizajn a množstvo úložného priestoru. Možnosť výberu farebného prevedenia</p>
<p>Materiál laminovaná DTD.</p>
<ul>
<li>Celkové rozmery (ŠxHxV): 312x48x202 cm</li>
<li>Rozmery väčšej skrine (ŠxHxV): 90x33x202 cm</li>
<li>Rozmery menšej skrinky (ŠxHxV): 90x33x138 cm</li>
<li>Rozmery RTV stolíka (ŠxHxV): 219x48x49 cm</li>
<li>Šírka vrchnej police: 175 cm</li>
<li>Šírka spodnej police: 132 cm</li>
<li>Rozmery priestoru na TV (ŠxV): 132&#215;74,5 cm</li>
</ul>
<p>Dve skrinky s vitrínami, RTV stolík, dve police</p>
<p>Dodávané v demonte</p>

<p>Obývacia stena ATLANTIS NEW s LED osvetlením. Moderný dizajn a množstvo úložného priestoru. Možnosť výberu farebného prevedenia Materiál laminovaná DTD. Celkové rozmery (ŠxHxV): 312x48x202 cm Rozmery väčšej skrine (ŠxHxV): 90x33x202 cm Rozmery menšej skrinky (ŠxHxV): 90x33x138 cm Rozmery RTV stolíka (ŠxHxV): 219x48x49 cm Šírka vrchnej police: 175 cm Šírka spodnej police: 132 cm Rozmery priestoru&#8230;</p>
