{"id":32752,"date":"2021-02-22T16:54:36","date_gmt":"2021-02-22T15:54:36","guid":{"rendered":"http:\/\/nabytoklaguna.sk\/sk\/?post_type=product&#038;p=32752"},"modified":"2025-03-27T13:35:27","modified_gmt":"2025-03-27T12:35:27","slug":"tempo-kondela-leonardo","status":"publish","type":"product","link":"https:\/\/nabytoklaguna.sk\/sk\/produkt\/tempo-kondela-leonardo\/","title":{"rendered":"K LEONARDO"},"content":{"rendered":"<p><strong>Luxusn\u00e1 sektorov\u00e1 zostava<\/strong> <strong>LEONARDO<\/strong> vhodn\u00e1 na zariadenie ob\u00fdvac\u00edch izieb a jed\u00e1ln\u00ed. Vyroben\u00e1 z DTD laminovanej, ktor\u00e1 je odoln\u00e1 vo\u010di po\u0161kriabaniu a vlhkosti. Farebn\u00e9 prevedenie dub riviera+extra vysok\u00fd lesk HG biela. V cene zahrnut\u00e9 LED osvetlenie po obvode skriniek ob\u00fdvacej steny.Mo\u017enos\u0165 dok\u00fapi\u0165 LED osvetlenie Square naviac do sklen\u00fdch vitr\u00edn v jednobodov\u00e9 alebo dvojbodov\u00e9.Dvierka sa otv\u00e1raj\u00fa a zatv\u00e1raj\u00fa dotykovo soft closing.<\/p>\n<p>.<\/p>\n<p>Reg\u00e1l P 01 &#8211;\u00a0<b style=\"font-size: 15.008px;\">Rozmery (\u0160xHxV):<\/b><span style=\"font-size: 15.008px;\">\u00a060x42x198,5 cm<\/span><\/p>\n<p>Reg\u00e1l L 01 &#8211;\u00a0<b style=\"font-size: 15.008px;\">Rozmery (\u0160xHxV):<\/b><span style=\"font-size: 15.008px;\">\u00a060x42x198,5 cm<\/span><\/p>\n<p>Skri\u0148a 2D 01 &#8211;\u00a0<b style=\"font-size: 15.008px;\">Rozmery (\u0160xHxV):<\/b><span style=\"font-size: 15.008px;\">\u00a0103,1x56x198,5 cm<\/span><\/p>\n<p>Vitr\u00edna prav\u00e1 R &#8211; 03 &#8211;\u00a0<b style=\"font-size: 15.008px;\">Rozmery (\u0160xHxV):<\/b><span style=\"font-size: 15.008px;\">60x42x198 cm<\/span><\/p>\n<p>Vitr\u00edna \u013eav\u00e1 L &#8211; 03 &#8211;\u00a0<b style=\"font-size: 15.008px;\">Rozmery (\u0160xHxV):<\/b><span style=\"font-size: 15.008px;\">60x42x198 cm<\/span><\/p>\n<p>Vitr\u00edna prav\u00e1 R &#8211; 01 &#8211;\u00a0<b style=\"font-size: 15.008px;\">Rozmery (\u0160xHxV):<\/b><span style=\"font-size: 15.008px;\">60x42x164 cm<\/span><\/p>\n<p>Vitr\u00edna \u013eav\u00e1 L &#8211; 01 &#8211;\u00a0<b style=\"font-size: 15.008px;\">Rozmery (\u0160xHxV):<\/b><span style=\"font-size: 15.008px;\">60x42x164 cm<\/span><\/p>\n<p>Vitr\u00edna prav\u00e1 R &#8211; 02 &#8211;\u00a0<b style=\"font-size: 15.008px;\">Rozmery (\u0160xHxV):<\/b><span style=\"font-size: 15.008px;\">60x42x124 cm<\/span><\/p>\n<p>Vitr\u00edna \u013eav\u00e1 L &#8211; 02 &#8211;<b style=\"font-size: 15.008px;\">Rozmery (\u0160xHxV):<\/b><span style=\"font-size: 15.008px;\">60x42x124 cm<\/span><\/p>\n<p>Komoda prav\u00e1 R &#8211; 04 &#8211;\u00a0<b style=\"font-size: 15.008px;\">Rozmery (\u0160xHxV):<\/b><span style=\"font-size: 15.008px;\">\u00a0107x42x124cm<\/span><\/p>\n<p>Komoda \u013eav\u00e1 L &#8211; 04 &#8211;\u00a0<b style=\"font-size: 15.008px;\">Rozmery (\u0160xHxV):<\/b><span style=\"font-size: 15.008px;\">\u00a0107x42x124cm<\/span><\/p>\n<p>Polica 01 &#8211;\u00a0<b style=\"font-size: 15.008px;\">Rozmery (\u0160xHxV):<\/b><span style=\"font-size: 15.008px;\">\u00a0120x20x25 cm<\/span><\/p>\n<p>Polica 03 &#8211;\u00a0<b style=\"font-size: 15.008px;\">Rozmery (\u0160xHxV):<\/b><span style=\"font-size: 15.008px;\">\u00a0130x28x20 cm<\/span><\/p>\n<p>RTV stol\u00edk 01 &#8211;\u00a0<b style=\"font-size: 15.008px;\">Rozmery (\u0160xHxV):<\/b><span style=\"font-size: 15.008px;\">\u00a0146x42x42 cm<\/span><\/p>\n<p>RTV stol\u00edk 02 &#8211;\u00a0<b style=\"font-size: 15.008px;\">Rozmery (\u0160xHxV):<\/b><span style=\"font-size: 15.008px;\">\u00a0130x42x42 cm<\/span><\/p>\n<p>Komoda 01 &#8211;\u00a0<b style=\"font-size: 15.008px;\">Rozmery (\u0160xHxV):<\/b><span style=\"font-size: 15.008px;\">\u00a0158x89x42 cm<\/span><\/p>\n<p>Komoda 02 &#8211;\u00a0<b style=\"font-size: 15.008px;\">Rozmery (\u0160xHxV):<\/b><span style=\"font-size: 15.008px;\">\u00a0158x89x42 cm<\/span><\/p>\n<p>Konferen\u010dn\u00fd stol\u00edk &#8211;\u00a0<b style=\"font-size: 15.008px;\">Rozmery (\u0160xHxV):<\/b><span style=\"font-size: 15.008px;\">\u00a0106x68x35 cm<\/span><\/p>\n<p>Jed\u00e1lensk\u00fd rozkladac\u00ed stol\u00edk &#8211;\u00a0<b style=\"font-size: 15.008px;\">Rozmery (\u0160xHxV):<\/b><span style=\"font-size: 15.008px;\">\u00a0140-180x85x76,5 cm<\/span><\/p>\n<p>&nbsp;<\/p>\n","protected":false},"excerpt":{"rendered":"<p>Luxusn\u00e1 sektorov\u00e1 zostava LEONARDO vhodn\u00e1 na zariadenie ob\u00fdvac\u00edch izieb a jed\u00e1ln\u00ed. Vyroben\u00e1 z DTD laminovanej, ktor\u00e1 je odoln\u00e1 vo\u010di po\u0161kriabaniu a vlhkosti. Farebn\u00e9 prevedenie dub riviera+extra vysok\u00fd lesk HG biela. V cene zahrnut\u00e9 LED osvetlenie po obvode skriniek ob\u00fdvacej steny.Mo\u017enos\u0165 dok\u00fapi\u0165 LED osvetlenie Square naviac do sklen\u00fdch vitr\u00edn v jednobodov\u00e9 alebo dvojbodov\u00e9.Dvierka sa otv\u00e1raj\u00fa a&#8230;<\/p>\n","protected":false},"featured_media":67805,"comment_status":"closed","ping_status":"closed","template":"","meta":{"_seopress_robots_primary_cat":"183","_seopress_titles_title":"","_seopress_titles_desc":"","_seopress_robots_index":""},"product_brand":[],"product_cat":[251,1109,183,824],"product_tag":[],"class_list":{"0":"post-32752","1":"product","2":"type-product","3":"status-publish","4":"has-post-thumbnail","6":"product_cat-steny","7":"product_cat-komody-k-obyvacim-stenam","8":"product_cat-sektorove-obyvacie-steny","9":"product_cat-rtv-stoliky","10":"pa_typ-produktu-jedalensky-rozkladaci-stol","11":"pa_typ-produktu-komoda-01","12":"pa_typ-produktu-komoda-02","13":"pa_typ-produktu-komoda-lava-l-04","14":"pa_typ-produktu-komoda-prava-r-04","15":"pa_typ-produktu-konferencny-stolik","16":"pa_typ-produktu-polica-01","17":"pa_typ-produktu-polica-03","18":"pa_typ-produktu-regal-l-01","19":"pa_typ-produktu-regal-p-01","20":"pa_typ-produktu-rtv-stolik-01","21":"pa_typ-produktu-rtv-stolik-02","22":"pa_typ-produktu-skrina-2d-01","23":"pa_typ-produktu-vitrina-lava-l-02","24":"pa_typ-produktu-vitrina-lava-l-03","25":"pa_typ-produktu-vitrina-lava-l-01","26":"pa_typ-produktu-vitrina-prava-r-01","27":"pa_typ-produktu-vitrina-prava-r-02","28":"pa_typ-produktu-vitrina-prava-r-03","30":"first","31":"onbackorder","32":"shipping-taxable","33":"purchasable","34":"product-type-variable"},"_links":{"self":[{"href":"https:\/\/nabytoklaguna.sk\/sk\/wp-json\/wp\/v2\/product\/32752","targetHints":{"allow":["GET"]}}],"collection":[{"href":"https:\/\/nabytoklaguna.sk\/sk\/wp-json\/wp\/v2\/product"}],"about":[{"href":"https:\/\/nabytoklaguna.sk\/sk\/wp-json\/wp\/v2\/types\/product"}],"replies":[{"embeddable":true,"href":"https:\/\/nabytoklaguna.sk\/sk\/wp-json\/wp\/v2\/comments?post=32752"}],"wp:featuredmedia":[{"embeddable":true,"href":"https:\/\/nabytoklaguna.sk\/sk\/wp-json\/wp\/v2\/media\/67805"}],"wp:attachment":[{"href":"https:\/\/nabytoklaguna.sk\/sk\/wp-json\/wp\/v2\/media?parent=32752"}],"wp:term":[{"taxonomy":"product_brand","embeddable":true,"href":"https:\/\/nabytoklaguna.sk\/sk\/wp-json\/wp\/v2\/product_brand?post=32752"},{"taxonomy":"product_cat","embeddable":true,"href":"https:\/\/nabytoklaguna.sk\/sk\/wp-json\/wp\/v2\/product_cat?post=32752"},{"taxonomy":"product_tag","embeddable":true,"href":"https:\/\/nabytoklaguna.sk\/sk\/wp-json\/wp\/v2\/product_tag?post=32752"}],"curies":[{"name":"wp","href":"https:\/\/api.w.org\/{rel}","templated":true}]}}

<p><strong>Luxusná sektorová zostava</strong> <strong>LEONARDO</strong> vhodná na zariadenie obývacích izieb a jedální. Vyrobená z DTD laminovanej, ktorá je odolná voči poškriabaniu a vlhkosti. Farebné prevedenie dub riviera+extra vysoký lesk HG biela. V cene zahrnuté LED osvetlenie po obvode skriniek obývacej steny.Možnosť dokúpiť LED osvetlenie Square naviac do sklených vitrín v jednobodové alebo dvojbodové.Dvierka sa otvárajú a zatvárajú dotykovo soft closing.</p>
<p>.</p>
<p>Regál P 01 &#8211; <b style="font-size: 15.008px;">Rozmery (ŠxHxV):</b><span style="font-size: 15.008px;"> 60x42x198,5 cm</span></p>
<p>Regál L 01 &#8211; <b style="font-size: 15.008px;">Rozmery (ŠxHxV):</b><span style="font-size: 15.008px;"> 60x42x198,5 cm</span></p>
<p>Skriňa 2D 01 &#8211; <b style="font-size: 15.008px;">Rozmery (ŠxHxV):</b><span style="font-size: 15.008px;"> 103,1x56x198,5 cm</span></p>
<p>Vitrína pravá R &#8211; 03 &#8211; <b style="font-size: 15.008px;">Rozmery (ŠxHxV):</b><span style="font-size: 15.008px;">60x42x198 cm</span></p>
<p>Vitrína ľavá L &#8211; 03 &#8211; <b style="font-size: 15.008px;">Rozmery (ŠxHxV):</b><span style="font-size: 15.008px;">60x42x198 cm</span></p>
<p>Vitrína pravá R &#8211; 01 &#8211; <b style="font-size: 15.008px;">Rozmery (ŠxHxV):</b><span style="font-size: 15.008px;">60x42x164 cm</span></p>
<p>Vitrína ľavá L &#8211; 01 &#8211; <b style="font-size: 15.008px;">Rozmery (ŠxHxV):</b><span style="font-size: 15.008px;">60x42x164 cm</span></p>
<p>Vitrína pravá R &#8211; 02 &#8211; <b style="font-size: 15.008px;">Rozmery (ŠxHxV):</b><span style="font-size: 15.008px;">60x42x124 cm</span></p>
<p>Vitrína ľavá L &#8211; 02 &#8211;<b style="font-size: 15.008px;">Rozmery (ŠxHxV):</b><span style="font-size: 15.008px;">60x42x124 cm</span></p>
<p>Komoda pravá R &#8211; 04 &#8211; <b style="font-size: 15.008px;">Rozmery (ŠxHxV):</b><span style="font-size: 15.008px;"> 107x42x124cm</span></p>
<p>Komoda ľavá L &#8211; 04 &#8211; <b style="font-size: 15.008px;">Rozmery (ŠxHxV):</b><span style="font-size: 15.008px;"> 107x42x124cm</span></p>
<p>Polica 01 &#8211; <b style="font-size: 15.008px;">Rozmery (ŠxHxV):</b><span style="font-size: 15.008px;"> 120x20x25 cm</span></p>
<p>Polica 03 &#8211; <b style="font-size: 15.008px;">Rozmery (ŠxHxV):</b><span style="font-size: 15.008px;"> 130x28x20 cm</span></p>
<p>RTV stolík 01 &#8211; <b style="font-size: 15.008px;">Rozmery (ŠxHxV):</b><span style="font-size: 15.008px;"> 146x42x42 cm</span></p>
<p>RTV stolík 02 &#8211; <b style="font-size: 15.008px;">Rozmery (ŠxHxV):</b><span style="font-size: 15.008px;"> 130x42x42 cm</span></p>
<p>Komoda 01 &#8211; <b style="font-size: 15.008px;">Rozmery (ŠxHxV):</b><span style="font-size: 15.008px;"> 158x89x42 cm</span></p>
<p>Komoda 02 &#8211; <b style="font-size: 15.008px;">Rozmery (ŠxHxV):</b><span style="font-size: 15.008px;"> 158x89x42 cm</span></p>
<p>Konferenčný stolík &#8211; <b style="font-size: 15.008px;">Rozmery (ŠxHxV):</b><span style="font-size: 15.008px;"> 106x68x35 cm</span></p>
<p>Jedálenský rozkladací stolík &#8211; <b style="font-size: 15.008px;">Rozmery (ŠxHxV):</b><span style="font-size: 15.008px;"> 140-180x85x76,5 cm</span></p>
<p>&nbsp;</p>

<p>Luxusná sektorová zostava LEONARDO vhodná na zariadenie obývacích izieb a jedální. Vyrobená z DTD laminovanej, ktorá je odolná voči poškriabaniu a vlhkosti. Farebné prevedenie dub riviera+extra vysoký lesk HG biela. V cene zahrnuté LED osvetlenie po obvode skriniek obývacej steny.Možnosť dokúpiť LED osvetlenie Square naviac do sklených vitrín v jednobodové alebo dvojbodové.Dvierka sa otvárajú a&#8230;</p>
