{"id":33419,"date":"2021-03-21T12:53:18","date_gmt":"2021-03-21T11:53:18","guid":{"rendered":"http:\/\/nabytoklaguna.sk\/sk\/?post_type=product&#038;p=33419"},"modified":"2025-10-30T10:14:58","modified_gmt":"2025-10-30T09:14:58","slug":"k-siemo-new","status":"publish","type":"product","link":"https:\/\/nabytoklaguna.sk\/sk\/produkt\/k-siemo-new\/","title":{"rendered":"K SIEMO NEW"},"content":{"rendered":"<p>Elegantn\u00e9 kancel\u00e1rske kreslo SIEMO NEW si ur\u010dite zamilujete. Vyroben\u00e9 z kvalitnej ekoko\u017ee v hnedom a \u010diernom preveden\u00ed je nen\u00e1ro\u010dn\u00e9 na \u00fadr\u017ebu. Opierky s\u00fa \u010dal\u00fanen\u00e9. Ocen\u00edte aj funkciu hojdania a v\u00fd\u0161kovo nastavite\u013en\u00fd mechanizmus.<\/p>\n<ul>\n<li><b>Materi\u00e1l:<\/b>\u00a0ekoko\u017ea\/plast<\/li>\n<li><b>Farba:<\/b>\u00a0hned\u00e1,\u00a0\u010dierna<\/li>\n<li><b>Rozmery (\u0160xHxV):<\/b>\u00a064x72x112-122 cm<\/li>\n<li><b>Nastavite\u013en\u00e1 v\u00fd\u0161ka sedu :<\/b>\u00a045-55 cm<\/li>\n<li><b>H\u013abka sedu:<\/b>\u00a052 cm<\/li>\n<li><b>Nosnos\u0165:\u00a0<\/b>110 kg<\/li>\n<li>\u010cal\u00fanen\u00e9 opierky na ruky, plastov\u00e1 podstava<\/li>\n<li>Dod\u00e1van\u00e9 v demonte<\/li>\n<\/ul>\n","protected":false},"excerpt":{"rendered":"<p>Elegantn\u00e9 kancel\u00e1rske kreslo SIEMO NEW si ur\u010dite zamilujete. Vyroben\u00e9 z kvalitnej ekoko\u017ee v hnedom a \u010diernom preveden\u00ed je nen\u00e1ro\u010dn\u00e9 na \u00fadr\u017ebu. Opierky s\u00fa \u010dal\u00fanen\u00e9. Ocen\u00edte aj funkciu hojdania a v\u00fd\u0161kovo nastavite\u013en\u00fd mechanizmus. Materi\u00e1l:\u00a0ekoko\u017ea\/plast Farba:\u00a0hned\u00e1,\u00a0\u010dierna Rozmery (\u0160xHxV):\u00a064x72x112-122 cm Nastavite\u013en\u00e1 v\u00fd\u0161ka sedu :\u00a045-55 cm H\u013abka sedu:\u00a052 cm Nosnos\u0165:\u00a0110 kg \u010cal\u00fanen\u00e9 opierky na ruky, plastov\u00e1 podstava Dod\u00e1van\u00e9 v&#8230;<\/p>\n","protected":false},"featured_media":33421,"comment_status":"closed","ping_status":"closed","template":"","meta":{"_seopress_robots_primary_cat":"242","_seopress_titles_title":"","_seopress_titles_desc":"","_seopress_robots_index":""},"product_brand":[],"product_cat":[242],"product_tag":[],"class_list":{"0":"post-33419","1":"product","2":"type-product","3":"status-publish","4":"has-post-thumbnail","6":"product_cat-kancelarske-stolicky","7":"pa_farba-cierna-2","8":"pa_farba-hneda","10":"first","11":"onbackorder","12":"shipping-taxable","13":"purchasable","14":"product-type-variable"},"_links":{"self":[{"href":"https:\/\/nabytoklaguna.sk\/sk\/wp-json\/wp\/v2\/product\/33419","targetHints":{"allow":["GET"]}}],"collection":[{"href":"https:\/\/nabytoklaguna.sk\/sk\/wp-json\/wp\/v2\/product"}],"about":[{"href":"https:\/\/nabytoklaguna.sk\/sk\/wp-json\/wp\/v2\/types\/product"}],"replies":[{"embeddable":true,"href":"https:\/\/nabytoklaguna.sk\/sk\/wp-json\/wp\/v2\/comments?post=33419"}],"wp:featuredmedia":[{"embeddable":true,"href":"https:\/\/nabytoklaguna.sk\/sk\/wp-json\/wp\/v2\/media\/33421"}],"wp:attachment":[{"href":"https:\/\/nabytoklaguna.sk\/sk\/wp-json\/wp\/v2\/media?parent=33419"}],"wp:term":[{"taxonomy":"product_brand","embeddable":true,"href":"https:\/\/nabytoklaguna.sk\/sk\/wp-json\/wp\/v2\/product_brand?post=33419"},{"taxonomy":"product_cat","embeddable":true,"href":"https:\/\/nabytoklaguna.sk\/sk\/wp-json\/wp\/v2\/product_cat?post=33419"},{"taxonomy":"product_tag","embeddable":true,"href":"https:\/\/nabytoklaguna.sk\/sk\/wp-json\/wp\/v2\/product_tag?post=33419"}],"curies":[{"name":"wp","href":"https:\/\/api.w.org\/{rel}","templated":true}]}}

<p>Elegantné kancelárske kreslo SIEMO NEW si určite zamilujete. Vyrobené z kvalitnej ekokože v hnedom a čiernom prevedení je nenáročné na údržbu. Opierky sú čalúnené. Oceníte aj funkciu hojdania a výškovo nastaviteľný mechanizmus.</p>
<ul>
<li><b>Materiál:</b> ekokoža/plast</li>
<li><b>Farba:</b> hnedá, čierna</li>
<li><b>Rozmery (ŠxHxV):</b> 64x72x112-122 cm</li>
<li><b>Nastaviteľná výška sedu :</b> 45-55 cm</li>
<li><b>Hĺbka sedu:</b> 52 cm</li>
<li><b>Nosnosť: </b>110 kg</li>
<li>Čalúnené opierky na ruky, plastová podstava</li>
<li>Dodávané v demonte</li>
</ul>

<p>Elegantné kancelárske kreslo SIEMO NEW si určite zamilujete. Vyrobené z kvalitnej ekokože v hnedom a čiernom prevedení je nenáročné na údržbu. Opierky sú čalúnené. Oceníte aj funkciu hojdania a výškovo nastaviteľný mechanizmus. Materiál: ekokoža/plast Farba: hnedá, čierna Rozmery (ŠxHxV): 64x72x112-122 cm Nastaviteľná výška sedu : 45-55 cm Hĺbka sedu: 52 cm Nosnosť: 110 kg Čalúnené opierky na ruky, plastová podstava Dodávané v&#8230;</p>
