{"id":37886,"date":"2021-03-21T12:53:18","date_gmt":"2021-03-21T11:53:18","guid":{"rendered":"http:\/\/nabytoklaguna.sk\/sk\/?post_type=product&#038;p=37886"},"modified":"2025-04-14T12:34:47","modified_gmt":"2025-04-14T10:34:47","slug":"wip-obyvacia-stena-worti","status":"publish","type":"product","link":"https:\/\/nabytoklaguna.sk\/sk\/produkt\/wip-obyvacia-stena-worti\/","title":{"rendered":"WORTI MAS\u00cdV &#8211; POLICA"},"content":{"rendered":"<p>Sektorov\u00e1 ob\u00fdvacia stena <strong>WORTI<\/strong> si zamilujete na prv\u00fd poh\u013ead. Predn\u00e9 dvierka s\u00fa z <strong>mas\u00edvneho<\/strong> <strong>dubov\u00e9ho dreva<\/strong>. \u010cierne sklenen\u00e9 vlo\u017eky a dr\u00e1\u017ekovan\u00e9 prvky zd\u00f4raz\u0148uj\u00fa mimoriadn\u00fd \u0161t\u00fdl sektoru. <strong>Kovov\u00e9<\/strong> madl\u00e1 a r\u00e1my zdobiace presklen\u00e9 prvky zv\u00fdraz\u0148uj\u00fa kr\u00e1su pr\u00edrodn\u00fdch materi\u00e1lov. Vieme, \u017ee si radi vyber\u00e1te a preto je sektorov\u00fd n\u00e1bytok v dvoch farebn\u00fdch prevedeniach <strong>Dub antick\u00fd<\/strong>\u00a0a <strong>Dub \u010dokol\u00e1dov\u00fd<\/strong>.\u00a0 Sektorov\u00fd n\u00e1bytok WORTIje tie\u017e synonymom spo\u013eahlivosti. Materi\u00e1ly, z ktor\u00fdch je tento n\u00e1bytok vyroben\u00fd zaru\u010duj\u00fa jeho \u017eivotnos\u0165 na dlh\u00e9 roky.V kolekcii n\u00e1bytku <strong>WORTI<\/strong>\u00a0 sa nach\u00e1dzaj\u00fa <strong>stol\u00edky, vitr\u00edny \u010di komody<\/strong>, ktor\u00e9 V\u00e1m umo\u017enia vytvori\u0165 dokonal\u00fa zostavu do Va\u0161ej ob\u00fdva\u010dky. Led osvetlenie nie je v cene, je mo\u017en\u00e9 si ho doobjedna\u0165 za pr\u00edplatok. Vyberte si sektorov\u00fd n\u00e1bytok <strong>WORTI<\/strong>, preto\u017ee je to <strong>elegantn\u00fd n\u00e1bytok<\/strong>, ktor\u00fd h\u013ead\u00e1te<\/p>\n<p><strong>Rozmery jednotliv\u00fdch komponentov<\/strong><\/p>\n<ul>\n<li>Vitr\u00edna \u013eav\u00e1 WORTI 10, rozmery (\u0160xHxV)&#8230;&#8230;&#8230;&#8230;&#8230;&#8230;.66x42x198cm<\/li>\n<li>Vitr\u00edna prav\u00e1 WORTI 11, rozmery (\u0160xHxV)&#8230;&#8230;&#8230;&#8230;&#8230;&#8230;66x42x198cm<\/li>\n<li>Vitr\u00edna WORTI 12, rozmery (\u0160xHxV)&#8230;&#8230;&#8230;&#8230;&#8230;&#8230;&#8230;&#8230;&#8230;95x42x198cm<\/li>\n<li>Vitr\u00edna WORTI 15, rozmery (\u0160xHxV)&#8230;&#8230;&#8230;&#8230;&#8230;&#8230;&#8230;&#8230;&#8230;95x42x145cm<\/li>\n<li>RTV stol\u00edk WORTI 25, rozmery (\u0160xHxV)&#8230;&#8230;&#8230;&#8230;&#8230;&#8230;&#8230;160x42x51cm<\/li>\n<li>Polica WORTI 35, rozmery (\u0160xHxV)&#8230;&#8230;&#8230;&#8230;&#8230;&#8230;&#8230;&#8230;&#8230;.160x25x23cm<\/li>\n<li>Konferen\u010dn\u00fd stol\u00edk WORTI 41,rozmery (\u0160xHxV)&#8230;&#8230;&#8230;.110x60x47cm<\/li>\n<li>Komoda WORTI 45, rozmery (\u0160xHxV)&#8230;&#8230;&#8230;&#8230;&#8230;&#8230;&#8230;&#8230;160x42x90cm<\/li>\n<li>Komoda WORTI 48, rozmery (\u0160xHxV)&#8230;&#8230;&#8230;&#8230;&#8230;&#8230;&#8230;&#8230;180x42x90cm<\/li>\n<li>Skri\u0148a 2-dverov\u00e1 WORTI 70, rozmery (\u0160xHxV)&#8230;&#8230;&#8230;.95x60x198cm<\/li>\n<li>Skri\u0148a 3-dverov\u00e1 WORTI 73, rozmery (\u0160xHxV)&#8230;&#8230;&#8230;.165x60x210cm<\/li>\n<\/ul>\n","protected":false},"excerpt":{"rendered":"<p>Sektorov\u00e1 ob\u00fdvacia stena WORTI si zamilujete na prv\u00fd poh\u013ead. Predn\u00e9 dvierka s\u00fa z mas\u00edvneho dubov\u00e9ho dreva. \u010cierne sklenen\u00e9 vlo\u017eky a dr\u00e1\u017ekovan\u00e9 prvky zd\u00f4raz\u0148uj\u00fa mimoriadn\u00fd \u0161t\u00fdl sektoru. Kovov\u00e9 madl\u00e1 a r\u00e1my zdobiace presklen\u00e9 prvky zv\u00fdraz\u0148uj\u00fa kr\u00e1su pr\u00edrodn\u00fdch materi\u00e1lov. Vieme, \u017ee si radi vyber\u00e1te a preto je sektorov\u00fd n\u00e1bytok v dvoch farebn\u00fdch prevedeniach Dub antick\u00fd\u00a0a Dub \u010dokol\u00e1dov\u00fd.\u00a0&#8230;<\/p>\n","protected":false},"featured_media":106000,"comment_status":"closed","ping_status":"closed","template":"","meta":{"_seopress_robots_primary_cat":"183","_seopress_titles_title":"","_seopress_titles_desc":"","_seopress_robots_index":""},"product_brand":[],"product_cat":[7513,182,183],"product_tag":[],"class_list":{"0":"post-37886","1":"product","2":"type-product","3":"status-publish","4":"has-post-thumbnail","6":"product_cat-obyvacie-steny-masiv","7":"product_cat-obyvacie-steny","8":"product_cat-sektorove-obyvacie-steny","9":"pa_farba-dub-anticky","10":"pa_farba-dub-cokoladovy","11":"pa_typ-produktu-worti-10","12":"pa_typ-produktu-worti-11","13":"pa_typ-produktu-worti-12","14":"pa_typ-produktu-worti-15","15":"pa_typ-produktu-worti-25","16":"pa_typ-produktu-worti-35","17":"pa_typ-produktu-worti-41","18":"pa_typ-produktu-worti-45","19":"pa_typ-produktu-worti-48","20":"pa_typ-produktu-worti-70","21":"pa_typ-produktu-worti-73","23":"first","24":"instock","25":"shipping-taxable","26":"purchasable","27":"product-type-variable"},"_links":{"self":[{"href":"https:\/\/nabytoklaguna.sk\/sk\/wp-json\/wp\/v2\/product\/37886","targetHints":{"allow":["GET"]}}],"collection":[{"href":"https:\/\/nabytoklaguna.sk\/sk\/wp-json\/wp\/v2\/product"}],"about":[{"href":"https:\/\/nabytoklaguna.sk\/sk\/wp-json\/wp\/v2\/types\/product"}],"replies":[{"embeddable":true,"href":"https:\/\/nabytoklaguna.sk\/sk\/wp-json\/wp\/v2\/comments?post=37886"}],"wp:featuredmedia":[{"embeddable":true,"href":"https:\/\/nabytoklaguna.sk\/sk\/wp-json\/wp\/v2\/media\/106000"}],"wp:attachment":[{"href":"https:\/\/nabytoklaguna.sk\/sk\/wp-json\/wp\/v2\/media?parent=37886"}],"wp:term":[{"taxonomy":"product_brand","embeddable":true,"href":"https:\/\/nabytoklaguna.sk\/sk\/wp-json\/wp\/v2\/product_brand?post=37886"},{"taxonomy":"product_cat","embeddable":true,"href":"https:\/\/nabytoklaguna.sk\/sk\/wp-json\/wp\/v2\/product_cat?post=37886"},{"taxonomy":"product_tag","embeddable":true,"href":"https:\/\/nabytoklaguna.sk\/sk\/wp-json\/wp\/v2\/product_tag?post=37886"}],"curies":[{"name":"wp","href":"https:\/\/api.w.org\/{rel}","templated":true}]}}

WORTI MASÍV &#8211; POLICA

<p>Sektorová obývacia stena <strong>WORTI</strong> si zamilujete na prvý pohľad. Predné dvierka sú z <strong>masívneho</strong> <strong>dubového dreva</strong>. Čierne sklenené vložky a drážkované prvky zdôrazňujú mimoriadný štýl sektoru. <strong>Kovové</strong> madlá a rámy zdobiace presklené prvky zvýrazňujú krásu prírodných materiálov. Vieme, že si radi vyberáte a preto je sektorový nábytok v dvoch farebných prevedeniach <strong>Dub antický</strong> a <strong>Dub čokoládový</strong>.  Sektorový nábytok WORTIje tiež synonymom spoľahlivosti. Materiály, z ktorých je tento nábytok vyrobený zaručujú jeho životnosť na dlhé roky.V kolekcii nábytku <strong>WORTI</strong>  sa nachádzajú <strong>stolíky, vitríny či komody</strong>, ktoré Vám umožnia vytvoriť dokonalú zostavu do Vašej obývačky. Led osvetlenie nie je v cene, je možné si ho doobjednať za príplatok. Vyberte si sektorový nábytok <strong>WORTI</strong>, pretože je to <strong>elegantný nábytok</strong>, ktorý hľadáte</p>
<p><strong>Rozmery jednotlivých komponentov</strong></p>
<ul>
<li>Vitrína ľavá WORTI 10, rozmery (ŠxHxV)&#8230;&#8230;&#8230;&#8230;&#8230;&#8230;.66x42x198cm</li>
<li>Vitrína pravá WORTI 11, rozmery (ŠxHxV)&#8230;&#8230;&#8230;&#8230;&#8230;&#8230;66x42x198cm</li>
<li>Vitrína WORTI 12, rozmery (ŠxHxV)&#8230;&#8230;&#8230;&#8230;&#8230;&#8230;&#8230;&#8230;&#8230;95x42x198cm</li>
<li>Vitrína WORTI 15, rozmery (ŠxHxV)&#8230;&#8230;&#8230;&#8230;&#8230;&#8230;&#8230;&#8230;&#8230;95x42x145cm</li>
<li>RTV stolík WORTI 25, rozmery (ŠxHxV)&#8230;&#8230;&#8230;&#8230;&#8230;&#8230;&#8230;160x42x51cm</li>
<li>Polica WORTI 35, rozmery (ŠxHxV)&#8230;&#8230;&#8230;&#8230;&#8230;&#8230;&#8230;&#8230;&#8230;.160x25x23cm</li>
<li>Konferenčný stolík WORTI 41,rozmery (ŠxHxV)&#8230;&#8230;&#8230;.110x60x47cm</li>
<li>Komoda WORTI 45, rozmery (ŠxHxV)&#8230;&#8230;&#8230;&#8230;&#8230;&#8230;&#8230;&#8230;160x42x90cm</li>
<li>Komoda WORTI 48, rozmery (ŠxHxV)&#8230;&#8230;&#8230;&#8230;&#8230;&#8230;&#8230;&#8230;180x42x90cm</li>
<li>Skriňa 2-dverová WORTI 70, rozmery (ŠxHxV)&#8230;&#8230;&#8230;.95x60x198cm</li>
<li>Skriňa 3-dverová WORTI 73, rozmery (ŠxHxV)&#8230;&#8230;&#8230;.165x60x210cm</li>
</ul>

<p>Sektorová obývacia stena WORTI si zamilujete na prvý pohľad. Predné dvierka sú z masívneho dubového dreva. Čierne sklenené vložky a drážkované prvky zdôrazňujú mimoriadný štýl sektoru. Kovové madlá a rámy zdobiace presklené prvky zvýrazňujú krásu prírodných materiálov. Vieme, že si radi vyberáte a preto je sektorový nábytok v dvoch farebných prevedeniach Dub antický a Dub čokoládový. &#8230;</p>
