{"id":45500,"date":"2021-03-21T12:53:18","date_gmt":"2021-03-21T11:53:18","guid":{"rendered":"https:\/\/nabytoklaguna.sk\/sk\/?post_type=product&#038;p=45500"},"modified":"2022-08-19T12:39:22","modified_gmt":"2022-08-19T10:39:22","slug":"ct-393","status":"publish","type":"product","link":"https:\/\/nabytoklaguna.sk\/sk\/produkt\/ct-393\/","title":{"rendered":"AUT CT-393"},"content":{"rendered":"<p>Retro\u00a0 jed\u00e1lensk\u00e1 stoli\u010dka\u00a0 \u00a0 \u00a0<strong>CT-393<\/strong> GREY,\u00a0 \u00a0WT\u00a0 \u00a0 \u00a0m\u00e1 rovn\u00e9\u00a0 kovov\u00e9 nohy na plastov\u00fdch klz\u00e1koch a polstrovan\u00fd sed\u00e1k, \u010dal\u00fanen\u00fd ekoko\u017eou s dizajnov\u00fdm pre\u0161it\u00edm vo farebnom preveden\u00ed siv\u00e1 a\u00a0 biela<\/p>\n<p>Rozmery:<\/p>\n<p>\u0161\u00edr\u00adka: 46\u00a0cm<\/p>\n<p>v\u00fd\u0161ka: 89\u00a0cm<\/p>\n<p>h\u013abka: 53\u00a0cm<\/p>\n<p>\u0161\u00edrka sedu: 46\u00a0cm<\/p>\n<p>v\u00fd\u0161ka sedu: 49\u00a0cm<\/p>\n<p>h\u013abka sedu: 38\u00a0cm<\/p>\n<p>Nosnos\u0165:110 kg<\/p>\n<p>Hmotnos\u0165:4,80\u00a0kg<\/p>\n<p>Do\u00add\u00e1van\u00e9 v\u00a0demonte.<\/p>\n","protected":false},"excerpt":{"rendered":"<p>Retro\u00a0 jed\u00e1lensk\u00e1 stoli\u010dka\u00a0 \u00a0 \u00a0CT-393 GREY,\u00a0 \u00a0WT\u00a0 \u00a0 \u00a0m\u00e1 rovn\u00e9\u00a0 kovov\u00e9 nohy na plastov\u00fdch klz\u00e1koch a polstrovan\u00fd sed\u00e1k, \u010dal\u00fanen\u00fd ekoko\u017eou s dizajnov\u00fdm pre\u0161it\u00edm vo farebnom preveden\u00ed siv\u00e1 a\u00a0 biela Rozmery: \u0161\u00edr\u00adka: 46\u00a0cm v\u00fd\u0161ka: 89\u00a0cm h\u013abka: 53\u00a0cm \u0161\u00edrka sedu: 46\u00a0cm v\u00fd\u0161ka sedu: 49\u00a0cm h\u013abka sedu: 38\u00a0cm Nosnos\u0165:110 kg Hmotnos\u0165:4,80\u00a0kg Do\u00add\u00e1van\u00e9 v\u00a0demonte.<\/p>\n","protected":false},"featured_media":86855,"comment_status":"closed","ping_status":"closed","template":"","meta":{"_seopress_robots_primary_cat":"237","_seopress_titles_title":"","_seopress_titles_desc":"","_seopress_robots_index":""},"product_brand":[],"product_cat":[237],"product_tag":[],"class_list":{"0":"post-45500","1":"product","2":"type-product","3":"status-publish","4":"has-post-thumbnail","6":"product_cat-stolicky","7":"pa_farba-biela","8":"pa_farba-siva-ekokoza","10":"first","11":"onbackorder","12":"shipping-taxable","13":"purchasable","14":"product-type-variable"},"_links":{"self":[{"href":"https:\/\/nabytoklaguna.sk\/sk\/wp-json\/wp\/v2\/product\/45500","targetHints":{"allow":["GET"]}}],"collection":[{"href":"https:\/\/nabytoklaguna.sk\/sk\/wp-json\/wp\/v2\/product"}],"about":[{"href":"https:\/\/nabytoklaguna.sk\/sk\/wp-json\/wp\/v2\/types\/product"}],"replies":[{"embeddable":true,"href":"https:\/\/nabytoklaguna.sk\/sk\/wp-json\/wp\/v2\/comments?post=45500"}],"wp:featuredmedia":[{"embeddable":true,"href":"https:\/\/nabytoklaguna.sk\/sk\/wp-json\/wp\/v2\/media\/86855"}],"wp:attachment":[{"href":"https:\/\/nabytoklaguna.sk\/sk\/wp-json\/wp\/v2\/media?parent=45500"}],"wp:term":[{"taxonomy":"product_brand","embeddable":true,"href":"https:\/\/nabytoklaguna.sk\/sk\/wp-json\/wp\/v2\/product_brand?post=45500"},{"taxonomy":"product_cat","embeddable":true,"href":"https:\/\/nabytoklaguna.sk\/sk\/wp-json\/wp\/v2\/product_cat?post=45500"},{"taxonomy":"product_tag","embeddable":true,"href":"https:\/\/nabytoklaguna.sk\/sk\/wp-json\/wp\/v2\/product_tag?post=45500"}],"curies":[{"name":"wp","href":"https:\/\/api.w.org\/{rel}","templated":true}]}}

<p>Retro  jedálenská stolička     <strong>CT-393</strong> GREY,   WT     má rovné  kovové nohy na plastových klzákoch a polstrovaný sedák, čalúnený ekokožou s dizajnovým prešitím vo farebnom prevedení sivá a  biela</p>
<p>Rozmery:</p>
<p>šír­ka: 46 cm</p>
<p>výška: 89 cm</p>
<p>hĺbka: 53 cm</p>
<p>šírka sedu: 46 cm</p>
<p>výška sedu: 49 cm</p>
<p>hĺbka sedu: 38 cm</p>
<p>Nosnosť:110 kg</p>
<p>Hmotnosť:4,80 kg</p>
<p>Do­dávané v demonte.</p>

<p>Retro  jedálenská stolička     CT-393 GREY,   WT     má rovné  kovové nohy na plastových klzákoch a polstrovaný sedák, čalúnený ekokožou s dizajnovým prešitím vo farebnom prevedení sivá a  biela Rozmery: šír­ka: 46 cm výška: 89 cm hĺbka: 53 cm šírka sedu: 46 cm výška sedu: 49 cm hĺbka sedu: 38 cm Nosnosť:110 kg Hmotnosť:4,80 kg Do­dávané v demonte.</p>
