{"id":45515,"date":"2021-03-21T12:53:18","date_gmt":"2021-03-21T11:53:18","guid":{"rendered":"https:\/\/nabytoklaguna.sk\/sk\/?post_type=product&#038;p=45515"},"modified":"2025-09-16T12:12:50","modified_gmt":"2025-09-16T10:12:50","slug":"tempo-kondela-born","status":"publish","type":"product","link":"https:\/\/nabytoklaguna.sk\/sk\/produkt\/tempo-kondela-born\/","title":{"rendered":"K BORN"},"content":{"rendered":"<p>Dokonal\u00e1 <strong>elegancia a luxus<\/strong>, tak m\u00f4\u017eeme pomenova\u0165 sedacia s\u00faprava <strong>BORN\u00a0 v tvare U.<\/strong> Je navrhnut\u00e1 tak, aby sp\u013a\u0148ala v\u0161etky \u017eelania z\u00e1kazn\u00edka. Pre v\u00e4\u010d\u0161\u00ed komfort sedenia V\u00e1m posl\u00fa\u017eia v\u00fd\u0161kovo <strong>nastavite\u013en\u00e9 opierky hlavy.<\/strong> V otomane n\u00e1jdete<strong> \u00falo\u017en\u00fd priestor,<\/strong> kde ulo\u017e\u00edte napr. veci, ktor\u00e9 potrebujete ma\u0165 po ruke. Za p\u00e1r sek\u00fand premen\u00edte sedaciu s\u00fapravu na <strong>plochu pre pr\u00edle\u017eitostn\u00e9 spanie<\/strong>. Jadro sedacej s\u00fapravy tvor\u00ed pru\u017eina <strong>Falista<\/strong> a pur pena, zabezpe\u010dia komfortn\u00e9 sedenie. Sedaciu s\u00fapravu je mo\u017en\u00e9 objedna\u0165 v pravom alebo v \u013eavom preveden\u00ed. Taktie\u017e je mo\u017en\u00e9 umiestni\u0165 do priestoru a to v\u010faka tomu \u017ee j<strong>e celo\u010dal\u00fanen\u00e1<\/strong>. V\u00fd\u0161ka spodn\u00e9ho priestoru od podlahy je 3 cm<\/p>\n<p>Mo\u017enos\u0165 objednania v 7 farebn\u00fdch prevedeniach l\u00e1tky CABLO alebo v 7 farebn\u00fdch prevedeniach ekoko\u017ee.<\/p>\n<h3 class=\"page-product-heading\">VLASTNOSTI<\/h3>\n<table class=\"table-data-sheet\">\n<tbody>\n<tr class=\"odd\">\n<td>H\u013abka<\/td>\n<td>155\/220 cm<\/td>\n<\/tr>\n<tr class=\"even\">\n<td>\u0160\u00edrka<\/td>\n<td>335 cm<\/td>\n<\/tr>\n<tr class=\"odd\">\n<td>V\u00fd\u0161ka<\/td>\n<td>93-105 cm<\/td>\n<\/tr>\n<tr class=\"even\">\n<td>Vhodn\u00e1 miestnos\u0165<\/td>\n<td>ob\u00fdva\u010dka, spolo\u010densk\u00e1 miestnos\u0165, hotely, kaviarne<\/td>\n<\/tr>\n<tr class=\"odd\">\n<td>Typ n\u00e1bytku<\/td>\n<td>\u00a0sedacia s\u00faprava v tvare U<\/td>\n<\/tr>\n<tr class=\"even\">\n<td>\u0160t\u00fdl n\u00e1bytku<\/td>\n<td>modern\u00fd<\/td>\n<\/tr>\n<tr class=\"odd\">\n<td>Z\u00e1ruka<\/td>\n<td>2 roky<\/td>\n<\/tr>\n<tr class=\"even\">\n<td>Sp\u00f4sob dodania<\/td>\n<td>demont v troch bal\u00edkoch<\/td>\n<\/tr>\n<tr class=\"odd\">\n<td>Hmotnos\u0165<\/td>\n<td>150 kg<\/td>\n<\/tr>\n<tr class=\"even\">\n<td>\u00dalo\u017en\u00fd priestor<\/td>\n<td>\u00e1no<\/td>\n<\/tr>\n<tr class=\"odd\">\n<td>Rohov\u00e9 prevedenie<\/td>\n<td>\u00e1no<\/td>\n<\/tr>\n<tr class=\"even\">\n<td>V\u00fd\u0161ka sed\u00e1ka<\/td>\n<td>46 cm<\/td>\n<\/tr>\n<tr class=\"odd\">\n<td>V\u00fd\u0161ka zadn\u00e9ho \u010dela<\/td>\n<td>max. 104 cm<\/td>\n<\/tr>\n<tr class=\"even\">\n<td>Mo\u017enos\u0165 rozkladania<\/td>\n<td>\u00e1no<\/td>\n<\/tr>\n<tr class=\"odd\">\n<td>Plocha na spanie:<\/td>\n<td>125x270cm<\/td>\n<\/tr>\n<tr class=\"even\">\n<td>Kon\u0161trukcia<\/td>\n<td>DTD<\/td>\n<\/tr>\n<tr class=\"odd\">\n<td>N\u00f4\u017eky<\/td>\n<td>drevo<\/td>\n<\/tr>\n<tr class=\"even\">\n<td>Obsahuje vank\u00fa\u0161e<\/td>\n<td>nie<\/td>\n<\/tr>\n<tr class=\"odd\">\n<td>Nastavenie opierok<\/td>\n<td>\u00e1no<\/td>\n<\/tr>\n<\/tbody>\n<\/table>\n","protected":false},"excerpt":{"rendered":"<p>Dokonal\u00e1 elegancia a luxus, tak m\u00f4\u017eeme pomenova\u0165 sedacia s\u00faprava BORN\u00a0 v tvare U. Je navrhnut\u00e1 tak, aby sp\u013a\u0148ala v\u0161etky \u017eelania z\u00e1kazn\u00edka. Pre v\u00e4\u010d\u0161\u00ed komfort sedenia V\u00e1m posl\u00fa\u017eia v\u00fd\u0161kovo nastavite\u013en\u00e9 opierky hlavy. V otomane n\u00e1jdete \u00falo\u017en\u00fd priestor, kde ulo\u017e\u00edte napr. veci, ktor\u00e9 potrebujete ma\u0165 po ruke. Za p\u00e1r sek\u00fand premen\u00edte sedaciu s\u00fapravu na plochu pre pr\u00edle\u017eitostn\u00e9&#8230;<\/p>\n","protected":false},"featured_media":65107,"comment_status":"closed","ping_status":"closed","template":"","meta":{"_seopress_robots_primary_cat":"254","_seopress_titles_title":"","_seopress_titles_desc":"","_seopress_robots_index":""},"product_brand":[],"product_cat":[254],"product_tag":[],"class_list":{"0":"post-45515","1":"product","2":"type-product","3":"status-publish","4":"has-post-thumbnail","6":"product_cat-sedacie-supravy-u","8":"first","9":"onbackorder","10":"shipping-taxable","11":"purchasable","12":"product-type-variable"},"_links":{"self":[{"href":"https:\/\/nabytoklaguna.sk\/sk\/wp-json\/wp\/v2\/product\/45515","targetHints":{"allow":["GET"]}}],"collection":[{"href":"https:\/\/nabytoklaguna.sk\/sk\/wp-json\/wp\/v2\/product"}],"about":[{"href":"https:\/\/nabytoklaguna.sk\/sk\/wp-json\/wp\/v2\/types\/product"}],"replies":[{"embeddable":true,"href":"https:\/\/nabytoklaguna.sk\/sk\/wp-json\/wp\/v2\/comments?post=45515"}],"wp:featuredmedia":[{"embeddable":true,"href":"https:\/\/nabytoklaguna.sk\/sk\/wp-json\/wp\/v2\/media\/65107"}],"wp:attachment":[{"href":"https:\/\/nabytoklaguna.sk\/sk\/wp-json\/wp\/v2\/media?parent=45515"}],"wp:term":[{"taxonomy":"product_brand","embeddable":true,"href":"https:\/\/nabytoklaguna.sk\/sk\/wp-json\/wp\/v2\/product_brand?post=45515"},{"taxonomy":"product_cat","embeddable":true,"href":"https:\/\/nabytoklaguna.sk\/sk\/wp-json\/wp\/v2\/product_cat?post=45515"},{"taxonomy":"product_tag","embeddable":true,"href":"https:\/\/nabytoklaguna.sk\/sk\/wp-json\/wp\/v2\/product_tag?post=45515"}],"curies":[{"name":"wp","href":"https:\/\/api.w.org\/{rel}","templated":true}]}}

<p>Dokonalá <strong>elegancia a luxus</strong>, tak môžeme pomenovať sedacia súprava <strong>BORN  v tvare U.</strong> Je navrhnutá tak, aby spĺňala všetky želania zákazníka. Pre väčší komfort sedenia Vám poslúžia výškovo <strong>nastaviteľné opierky hlavy.</strong> V otomane nájdete<strong> úložný priestor,</strong> kde uložíte napr. veci, ktoré potrebujete mať po ruke. Za pár sekúnd premeníte sedaciu súpravu na <strong>plochu pre príležitostné spanie</strong>. Jadro sedacej súpravy tvorí pružina <strong>Falista</strong> a pur pena, zabezpečia komfortné sedenie. Sedaciu súpravu je možné objednať v pravom alebo v ľavom prevedení. Taktiež je možné umiestniť do priestoru a to vďaka tomu že j<strong>e celočalúnená</strong>. Výška spodného priestoru od podlahy je 3 cm</p>
<p>Možnosť objednania v 7 farebných prevedeniach látky CABLO alebo v 7 farebných prevedeniach ekokože.</p>
<h3 class="page-product-heading">VLASTNOSTI</h3>
<table class="table-data-sheet">
<tbody>
<tr class="odd">
<td>Hĺbka</td>
<td>155/220 cm</td>
</tr>
<tr class="even">
<td>Šírka</td>
<td>335 cm</td>
</tr>
<tr class="odd">
<td>Výška</td>
<td>93-105 cm</td>
</tr>
<tr class="even">
<td>Vhodná miestnosť</td>
<td>obývačka, spoločenská miestnosť, hotely, kaviarne</td>
</tr>
<tr class="odd">
<td>Typ nábytku</td>
<td> sedacia súprava v tvare U</td>
</tr>
<tr class="even">
<td>Štýl nábytku</td>
<td>moderný</td>
</tr>
<tr class="odd">
<td>Záruka</td>
<td>2 roky</td>
</tr>
<tr class="even">
<td>Spôsob dodania</td>
<td>demont v troch balíkoch</td>
</tr>
<tr class="odd">
<td>Hmotnosť</td>
<td>150 kg</td>
</tr>
<tr class="even">
<td>Úložný priestor</td>
<td>áno</td>
</tr>
<tr class="odd">
<td>Rohové prevedenie</td>
<td>áno</td>
</tr>
<tr class="even">
<td>Výška sedáka</td>
<td>46 cm</td>
</tr>
<tr class="odd">
<td>Výška zadného čela</td>
<td>max. 104 cm</td>
</tr>
<tr class="even">
<td>Možnosť rozkladania</td>
<td>áno</td>
</tr>
<tr class="odd">
<td>Plocha na spanie:</td>
<td>125x270cm</td>
</tr>
<tr class="even">
<td>Konštrukcia</td>
<td>DTD</td>
</tr>
<tr class="odd">
<td>Nôžky</td>
<td>drevo</td>
</tr>
<tr class="even">
<td>Obsahuje vankúše</td>
<td>nie</td>
</tr>
<tr class="odd">
<td>Nastavenie opierok</td>
<td>áno</td>
</tr>
</tbody>
</table>

<p>Dokonalá elegancia a luxus, tak môžeme pomenovať sedacia súprava BORN  v tvare U. Je navrhnutá tak, aby spĺňala všetky želania zákazníka. Pre väčší komfort sedenia Vám poslúžia výškovo nastaviteľné opierky hlavy. V otomane nájdete úložný priestor, kde uložíte napr. veci, ktoré potrebujete mať po ruke. Za pár sekúnd premeníte sedaciu súpravu na plochu pre príležitostné&#8230;</p>
