{"id":46317,"date":"2021-03-21T12:53:18","date_gmt":"2021-03-21T11:53:18","guid":{"rendered":"https:\/\/nabytoklaguna.sk\/sk\/?post_type=product&#038;p=46317"},"modified":"2025-02-19T14:26:17","modified_gmt":"2025-02-19T13:26:17","slug":"tempo-kondela-amedia","status":"publish","type":"product","link":"https:\/\/nabytoklaguna.sk\/sk\/produkt\/tempo-kondela-amedia\/","title":{"rendered":"TK AMEDIA"},"content":{"rendered":"<p>Ob\u00fdvacia izba je v\u00e4\u010d\u0161inou miestnos\u0165 pln\u00e1 \u017eivota, el\u00e1nu a dobrej n\u00e1lady a pohodln\u00e1 sedacia s\u00faprava sprav\u00ed tento \u017eivot skuto\u010dne luxusn\u00fdm. \u010ci u\u017e zab\u00e1vate svojich host\u00ed, tr\u00e1vite dlh\u00e9 ve\u010dery s rodinou a priate\u013emi, ur\u010dite t\u00fa\u017eite po pohovke, ktor\u00e1 v\u00e1m zabezpe\u010d\u00ed pohodlie, luxus a oporu pri seden\u00ed a le\u0148o\u0161en\u00ed. Seda\u010dka a dve kresl\u00e1, to je sedacia s\u00faprava AMEDIA v \u0161kandin\u00e1vskom preveden\u00ed. Celo\u010dal\u00fanen\u00fd rozkladac\u00ed <strong>3-sed AMEDIA <\/strong>je vybaven\u00fd funkciou rozkladu, ktor\u00e1 pon\u00faka plochu na pr\u00edle\u017eitostn\u00e9 spanie v rozmere 124&#215;180 cm. S\u00fa\u010das\u0165ou 3-sedu je aj praktick\u00fd \u00falo\u017en\u00fd priestor, ktor\u00fd si taktie\u017e n\u00e1jde vyu\u017eitie. Doprajte si aj vy tento jedine\u010dn\u00fd k\u00fasok a oh\u00farte t\u00fdm ka\u017ed\u00fa n\u00e1v\u0161tevu.<\/p>\n<p>&nbsp;<\/p>\n<p>Materi\u00e1l: l\u00e1tka + drevo natural, prevedenie Norn 65 hor\u010dicov\u00e1, Norn 07 siv\u00e1, Norn 15 tmavosiv\u00e1, Norn 52 staroru\u017eov\u00e1<\/p>\n<p>Rozmery (cm): \u0160xVxH: 3-sed: 210x92x94cm<\/p>\n<p>Plocha na spanie (cm): \u0160xD: 124x180cm<\/p>\n<p>Kreslo (cm): \u0160xVxH: 88x90x95cm<\/p>\n<p>V\u00fd\u0161ka x h\u013abka sedu (cm): 45x62cm<\/p>\n","protected":false},"excerpt":{"rendered":"<p>Ob\u00fdvacia izba je v\u00e4\u010d\u0161inou miestnos\u0165 pln\u00e1 \u017eivota, el\u00e1nu a dobrej n\u00e1lady a pohodln\u00e1 sedacia s\u00faprava sprav\u00ed tento \u017eivot skuto\u010dne luxusn\u00fdm. \u010ci u\u017e zab\u00e1vate svojich host\u00ed, tr\u00e1vite dlh\u00e9 ve\u010dery s rodinou a priate\u013emi, ur\u010dite t\u00fa\u017eite po pohovke, ktor\u00e1 v\u00e1m zabezpe\u010d\u00ed pohodlie, luxus a oporu pri seden\u00ed a le\u0148o\u0161en\u00ed. Seda\u010dka a dve kresl\u00e1, to je sedacia s\u00faprava&#8230;<\/p>\n","protected":false},"featured_media":46331,"comment_status":"closed","ping_status":"closed","template":"","meta":{"_seopress_robots_primary_cat":"140","_seopress_titles_title":"                                    ","_seopress_titles_desc":"                                    ","_seopress_robots_index":""},"product_brand":[],"product_cat":[256,140,231],"product_tag":[],"class_list":{"0":"post-46317","1":"product","2":"type-product","3":"status-publish","4":"has-post-thumbnail","6":"product_cat-supravy-311","7":"product_cat-sedacie-supravy","8":"product_cat-kresla","9":"pa_farba-norn-07-siva","10":"pa_farba-norn-15-tmavosiva","11":"pa_farba-norn-52-staroruzova","12":"pa_farba-norn-65-horcicova","13":"pa_typ-produktu-3sed","14":"pa_typ-produktu-kreslo","16":"first","17":"onbackorder","18":"shipping-taxable","19":"purchasable","20":"product-type-variable"},"_links":{"self":[{"href":"https:\/\/nabytoklaguna.sk\/sk\/wp-json\/wp\/v2\/product\/46317","targetHints":{"allow":["GET"]}}],"collection":[{"href":"https:\/\/nabytoklaguna.sk\/sk\/wp-json\/wp\/v2\/product"}],"about":[{"href":"https:\/\/nabytoklaguna.sk\/sk\/wp-json\/wp\/v2\/types\/product"}],"replies":[{"embeddable":true,"href":"https:\/\/nabytoklaguna.sk\/sk\/wp-json\/wp\/v2\/comments?post=46317"}],"wp:featuredmedia":[{"embeddable":true,"href":"https:\/\/nabytoklaguna.sk\/sk\/wp-json\/wp\/v2\/media\/46331"}],"wp:attachment":[{"href":"https:\/\/nabytoklaguna.sk\/sk\/wp-json\/wp\/v2\/media?parent=46317"}],"wp:term":[{"taxonomy":"product_brand","embeddable":true,"href":"https:\/\/nabytoklaguna.sk\/sk\/wp-json\/wp\/v2\/product_brand?post=46317"},{"taxonomy":"product_cat","embeddable":true,"href":"https:\/\/nabytoklaguna.sk\/sk\/wp-json\/wp\/v2\/product_cat?post=46317"},{"taxonomy":"product_tag","embeddable":true,"href":"https:\/\/nabytoklaguna.sk\/sk\/wp-json\/wp\/v2\/product_tag?post=46317"}],"curies":[{"name":"wp","href":"https:\/\/api.w.org\/{rel}","templated":true}]}}

<p>Obývacia izba je väčšinou miestnosť plná života, elánu a dobrej nálady a pohodlná sedacia súprava spraví tento život skutočne luxusným. Či už zabávate svojich hostí, trávite dlhé večery s rodinou a priateľmi, určite túžite po pohovke, ktorá vám zabezpečí pohodlie, luxus a oporu pri sedení a leňošení. Sedačka a dve kreslá, to je sedacia súprava AMEDIA v škandinávskom prevedení. Celočalúnený rozkladací <strong>3-sed AMEDIA </strong>je vybavený funkciou rozkladu, ktorá ponúka plochu na príležitostné spanie v rozmere 124&#215;180 cm. Súčasťou 3-sedu je aj praktický úložný priestor, ktorý si taktiež nájde využitie. Doprajte si aj vy tento jedinečný kúsok a ohúrte tým každú návštevu.</p>
<p>&nbsp;</p>
<p>Materiál: látka + drevo natural, prevedenie Norn 65 horčicová, Norn 07 sivá, Norn 15 tmavosivá, Norn 52 staroružová</p>
<p>Rozmery (cm): ŠxVxH: 3-sed: 210x92x94cm</p>
<p>Plocha na spanie (cm): ŠxD: 124x180cm</p>
<p>Kreslo (cm): ŠxVxH: 88x90x95cm</p>
<p>Výška x hĺbka sedu (cm): 45x62cm</p>

<p>Obývacia izba je väčšinou miestnosť plná života, elánu a dobrej nálady a pohodlná sedacia súprava spraví tento život skutočne luxusným. Či už zabávate svojich hostí, trávite dlhé večery s rodinou a priateľmi, určite túžite po pohovke, ktorá vám zabezpečí pohodlie, luxus a oporu pri sedení a leňošení. Sedačka a dve kreslá, to je sedacia súprava&#8230;</p>
