{"id":47716,"date":"2021-03-21T12:53:18","date_gmt":"2021-03-21T11:53:18","guid":{"rendered":"https:\/\/nabytoklaguna.sk\/sk\/?post_type=product&#038;p=47716"},"modified":"2024-03-27T10:28:27","modified_gmt":"2024-03-27T09:28:27","slug":"tempo-kondela-evald","status":"publish","type":"product","link":"https:\/\/nabytoklaguna.sk\/sk\/produkt\/tempo-kondela-evald\/","title":{"rendered":"TK EVALD"},"content":{"rendered":"<p>Prenosn\u00fd, skladac\u00ed pr\u00edru\u010dn\u00fd stol\u00edk na notebook, s polohovacou \u010das\u0165ou vrchnej doske do troch pol\u00f4h a nastavite\u013enou v\u00fd\u0161kou, materi\u00e1l MDF+kov, prevedenie: biela, \u010dierna, rozmer \u0160xHxV: 60x35x20 cm.<\/p>\n<p>Dod\u00e1van\u00e9 v demonte<\/p>\n","protected":false},"excerpt":{"rendered":"<p>Prenosn\u00fd, skladac\u00ed pr\u00edru\u010dn\u00fd stol\u00edk na notebook, s polohovacou \u010das\u0165ou vrchnej doske do troch pol\u00f4h a nastavite\u013enou v\u00fd\u0161kou, materi\u00e1l MDF+kov, prevedenie: biela, \u010dierna, rozmer \u0160xHxV: 60x35x20 cm. Dod\u00e1van\u00e9 v demonte<\/p>\n","protected":false},"featured_media":47720,"comment_status":"closed","ping_status":"closed","template":"","meta":{"_seopress_robots_primary_cat":"243","_seopress_titles_title":"","_seopress_titles_desc":"","_seopress_robots_index":""},"product_brand":[],"product_cat":[243],"product_tag":[],"class_list":{"0":"post-47716","1":"product","2":"type-product","3":"status-publish","4":"has-post-thumbnail","6":"product_cat-stoly","7":"pa_farba-biela","8":"pa_farba-cierna-2","10":"first","11":"onbackorder","12":"shipping-taxable","13":"purchasable","14":"product-type-variable"},"_links":{"self":[{"href":"https:\/\/nabytoklaguna.sk\/sk\/wp-json\/wp\/v2\/product\/47716","targetHints":{"allow":["GET"]}}],"collection":[{"href":"https:\/\/nabytoklaguna.sk\/sk\/wp-json\/wp\/v2\/product"}],"about":[{"href":"https:\/\/nabytoklaguna.sk\/sk\/wp-json\/wp\/v2\/types\/product"}],"replies":[{"embeddable":true,"href":"https:\/\/nabytoklaguna.sk\/sk\/wp-json\/wp\/v2\/comments?post=47716"}],"wp:featuredmedia":[{"embeddable":true,"href":"https:\/\/nabytoklaguna.sk\/sk\/wp-json\/wp\/v2\/media\/47720"}],"wp:attachment":[{"href":"https:\/\/nabytoklaguna.sk\/sk\/wp-json\/wp\/v2\/media?parent=47716"}],"wp:term":[{"taxonomy":"product_brand","embeddable":true,"href":"https:\/\/nabytoklaguna.sk\/sk\/wp-json\/wp\/v2\/product_brand?post=47716"},{"taxonomy":"product_cat","embeddable":true,"href":"https:\/\/nabytoklaguna.sk\/sk\/wp-json\/wp\/v2\/product_cat?post=47716"},{"taxonomy":"product_tag","embeddable":true,"href":"https:\/\/nabytoklaguna.sk\/sk\/wp-json\/wp\/v2\/product_tag?post=47716"}],"curies":[{"name":"wp","href":"https:\/\/api.w.org\/{rel}","templated":true}]}}

<p>Prenosný, skladací príručný stolík na notebook, s polohovacou časťou vrchnej doske do troch polôh a nastaviteľnou výškou, materiál MDF+kov, prevedenie: biela, čierna, rozmer ŠxHxV: 60x35x20 cm.</p>
<p>Dodávané v demonte</p>

<p>Prenosný, skladací príručný stolík na notebook, s polohovacou časťou vrchnej doske do troch polôh a nastaviteľnou výškou, materiál MDF+kov, prevedenie: biela, čierna, rozmer ŠxHxV: 60x35x20 cm. Dodávané v demonte</p>
