{"id":48315,"date":"2021-03-21T12:53:18","date_gmt":"2021-03-21T11:53:18","guid":{"rendered":"https:\/\/nabytoklaguna.sk\/sk\/?post_type=product&#038;p=48315"},"modified":"2025-02-12T12:13:59","modified_gmt":"2025-02-12T11:13:59","slug":"asti","status":"publish","type":"product","link":"https:\/\/nabytoklaguna.sk\/sk\/produkt\/asti\/","title":{"rendered":"STG TISA"},"content":{"rendered":"<p><strong>TISA<\/strong> je modern\u00e1 sedacia s\u00faprava na ktorej vzh\u013ead seda\u010dky pr\u00edjemne dop\u013a\u0148a kontrastn\u00e9 lemovanie. Sedacia s\u00faprava TISA\u00a0 m\u00e1 <strong>modern\u00e9 chr\u00f3mov\u00e9 nohy<\/strong>. Sedacia s\u00faprava je vybaven\u00e1 <strong>\u00falo\u017en\u00fdm priestorom a rozkladan\u00edm<\/strong>. Ve\u013ek\u00fd v\u00fdber po\u0165ahov\u00fdch l\u00e1tok v\u00e1m poskytuje mo\u017enos\u0165 si prisp\u00f4sobi\u0165 vzh\u013ead sedacej s\u00fapravy pod\u013ea va\u0161ich predst\u00e1v. Sedacia s\u00faprava je \u010dal\u00fanen\u00e1 aj zo zadnej \u010dasti a preto je ju mo\u017en\u00e9 umiestni\u0165 aj do priestoru.<\/p>\n<p>Mo\u017enos\u0165 dok\u00fapi\u0165\u00a0<strong>TABURETKU<\/strong> v cene:<strong> 226,- eur.<\/strong><\/p>\n<p><img decoding=\"async\" src=\"https:\/\/encrypted-tbn0.gstatic.com\/images?q=tbn:ANd9GcSmpTmjNieO1QIvzZngjEoXTv7_gC6BR5LoWfLzxOeK6NDFbAc2XunKXpsDsmv3PoatUI8&amp;usqp=CAU\" alt=\"po\u0165ahov\u00e1 l\u00e1tka | Zltahala.sk\" \/><\/p>\n<p><em><strong>Pre zobrazenie vzorkovn\u00edka l\u00e1tok kliknite tu: <\/strong><\/em><a href=\"https:\/\/nabytoklaguna.sk\/sk\/wp-content\/uploads\/2021\/02\/STG-Potahove-latky.pdf\">STG Po\u0165ahov\u00e9 l\u00e1tky<\/a><\/p>\n<h3 class=\"page-product-heading\">VLASTNOSTI<\/h3>\n<table class=\"table-data-sheet\">\n<tbody>\n<tr class=\"odd\">\n<td>H\u013abka<\/td>\n<td>170 cm<\/td>\n<\/tr>\n<tr class=\"even\">\n<td>\u0160\u00edrka<\/td>\n<td>280 cm<\/td>\n<\/tr>\n<tr class=\"odd\">\n<td>V\u00fd\u0161ka<\/td>\n<td>77-95cm<\/td>\n<\/tr>\n<tr class=\"even\">\n<td>Vhodn\u00e1 miestnos\u0165<\/td>\n<td>ob\u00fdva\u010dka, spolo\u010densk\u00e1 miestnos\u0165, hotely, kaviarne<\/td>\n<\/tr>\n<tr class=\"odd\">\n<td>Typ n\u00e1bytku<\/td>\n<td>rohov\u00e1 sedacia s\u00faprava<\/td>\n<\/tr>\n<tr class=\"even\">\n<td>\u0160t\u00fdl n\u00e1bytku<\/td>\n<td>modern\u00fd<\/td>\n<\/tr>\n<tr class=\"odd\">\n<td>Z\u00e1ruka<\/td>\n<td>2 roky<\/td>\n<\/tr>\n<tr class=\"even\">\n<td>Sp\u00f4sob dodania<\/td>\n<td>demont v dvoch bal\u00edkoch<\/td>\n<\/tr>\n<tr class=\"odd\">\n<td>Hmotnos\u0165<\/td>\n<td>155 kg<\/td>\n<\/tr>\n<tr class=\"even\">\n<td>\u00dalo\u017en\u00fd priestor<\/td>\n<td>\u00e1no<\/td>\n<\/tr>\n<tr class=\"odd\">\n<td>Rohov\u00e9 prevedenie<\/td>\n<td>\u00e1no<\/td>\n<\/tr>\n<tr class=\"even\">\n<td>V\u00fd\u0161ka sed\u00e1ka<\/td>\n<td>42 cm<\/td>\n<\/tr>\n<tr class=\"odd\">\n<td>V\u00fd\u0161ka zadn\u00e9ho \u010dela<\/td>\n<td>77 cm-max. 95 cm<\/td>\n<\/tr>\n<tr class=\"even\">\n<td>Mo\u017enos\u0165 rozkladania<\/td>\n<td>\u00e1no<\/td>\n<\/tr>\n<tr class=\"odd\">\n<td>Plocha po rozlo\u017een\u00ed<\/td>\n<td>123x225cm<\/td>\n<\/tr>\n<tr class=\"even\">\n<td>Kon\u0161trukcia<\/td>\n<td>mas\u00edv<\/td>\n<\/tr>\n<tr class=\"odd\">\n<td>N\u00f4\u017eky<\/td>\n<td>kov<\/td>\n<\/tr>\n<tr class=\"even\">\n<td>Obsahuje vank\u00fa\u0161e<\/td>\n<td>nie<\/td>\n<\/tr>\n<tr class=\"odd\">\n<td>Nastavenie opierok<\/td>\n<td>\u00e1no<\/td>\n<\/tr>\n<tr class=\"even\">\n<td>V\u00fdpl\u0148 seda\u010dky<\/td>\n<td>pena+ pru\u017eina<\/td>\n<\/tr>\n<\/tbody>\n<\/table>\n<p>&nbsp;<\/p>\n","protected":false},"excerpt":{"rendered":"<p>TISA je modern\u00e1 sedacia s\u00faprava na ktorej vzh\u013ead seda\u010dky pr\u00edjemne dop\u013a\u0148a kontrastn\u00e9 lemovanie. Sedacia s\u00faprava TISA\u00a0 m\u00e1 modern\u00e9 chr\u00f3mov\u00e9 nohy. Sedacia s\u00faprava je vybaven\u00e1 \u00falo\u017en\u00fdm priestorom a rozkladan\u00edm. Ve\u013ek\u00fd v\u00fdber po\u0165ahov\u00fdch l\u00e1tok v\u00e1m poskytuje mo\u017enos\u0165 si prisp\u00f4sobi\u0165 vzh\u013ead sedacej s\u00fapravy pod\u013ea va\u0161ich predst\u00e1v. Sedacia s\u00faprava je \u010dal\u00fanen\u00e1 aj zo zadnej \u010dasti a preto je ju&#8230;<\/p>\n","protected":false},"featured_media":55741,"comment_status":"closed","ping_status":"closed","template":"","meta":{"_seopress_robots_primary_cat":"255","_seopress_titles_title":"","_seopress_titles_desc":"","_seopress_robots_index":""},"product_brand":[],"product_cat":[255],"product_tag":[],"class_list":{"0":"post-48315","1":"product","2":"type-product","3":"status-publish","4":"has-post-thumbnail","6":"product_cat-rohove-supravy","7":"pa_typ-produktu-potahova-latka-skupina-0","8":"pa_typ-produktu-potahova-latka-skupina-1","9":"pa_typ-produktu-potahova-latka-skupina-2","11":"first","12":"instock","13":"shipping-taxable","14":"purchasable","15":"product-type-variable"},"_links":{"self":[{"href":"https:\/\/nabytoklaguna.sk\/sk\/wp-json\/wp\/v2\/product\/48315","targetHints":{"allow":["GET"]}}],"collection":[{"href":"https:\/\/nabytoklaguna.sk\/sk\/wp-json\/wp\/v2\/product"}],"about":[{"href":"https:\/\/nabytoklaguna.sk\/sk\/wp-json\/wp\/v2\/types\/product"}],"replies":[{"embeddable":true,"href":"https:\/\/nabytoklaguna.sk\/sk\/wp-json\/wp\/v2\/comments?post=48315"}],"wp:featuredmedia":[{"embeddable":true,"href":"https:\/\/nabytoklaguna.sk\/sk\/wp-json\/wp\/v2\/media\/55741"}],"wp:attachment":[{"href":"https:\/\/nabytoklaguna.sk\/sk\/wp-json\/wp\/v2\/media?parent=48315"}],"wp:term":[{"taxonomy":"product_brand","embeddable":true,"href":"https:\/\/nabytoklaguna.sk\/sk\/wp-json\/wp\/v2\/product_brand?post=48315"},{"taxonomy":"product_cat","embeddable":true,"href":"https:\/\/nabytoklaguna.sk\/sk\/wp-json\/wp\/v2\/product_cat?post=48315"},{"taxonomy":"product_tag","embeddable":true,"href":"https:\/\/nabytoklaguna.sk\/sk\/wp-json\/wp\/v2\/product_tag?post=48315"}],"curies":[{"name":"wp","href":"https:\/\/api.w.org\/{rel}","templated":true}]}}

<p><strong>TISA</strong> je moderná sedacia súprava na ktorej vzhľad sedačky príjemne dopĺňa kontrastné lemovanie. Sedacia súprava TISA  má <strong>moderné chrómové nohy</strong>. Sedacia súprava je vybavená <strong>úložným priestorom a rozkladaním</strong>. Veľký výber poťahových látok vám poskytuje možnosť si prispôsobiť vzhľad sedacej súpravy podľa vašich predstáv. Sedacia súprava je čalúnená aj zo zadnej časti a preto je ju možné umiestniť aj do priestoru.</p>
<p>Možnosť dokúpiť <strong>TABURETKU</strong> v cene:<strong> 226,- eur.</strong></p>
<p><img decoding="async" src="https://encrypted-tbn0.gstatic.com/images?q=tbn:ANd9GcSmpTmjNieO1QIvzZngjEoXTv7_gC6BR5LoWfLzxOeK6NDFbAc2XunKXpsDsmv3PoatUI8&amp;usqp=CAU" alt="poťahová látka | Zltahala.sk" /></p>
<p><em><strong>Pre zobrazenie vzorkovníka látok kliknite tu: </strong></em><a href="https://nabytoklaguna.sk/sk/wp-content/uploads/2021/02/STG-Potahove-latky.pdf">STG Poťahové látky</a></p>
<h3 class="page-product-heading">VLASTNOSTI</h3>
<table class="table-data-sheet">
<tbody>
<tr class="odd">
<td>Hĺbka</td>
<td>170 cm</td>
</tr>
<tr class="even">
<td>Šírka</td>
<td>280 cm</td>
</tr>
<tr class="odd">
<td>Výška</td>
<td>77-95cm</td>
</tr>
<tr class="even">
<td>Vhodná miestnosť</td>
<td>obývačka, spoločenská miestnosť, hotely, kaviarne</td>
</tr>
<tr class="odd">
<td>Typ nábytku</td>
<td>rohová sedacia súprava</td>
</tr>
<tr class="even">
<td>Štýl nábytku</td>
<td>moderný</td>
</tr>
<tr class="odd">
<td>Záruka</td>
<td>2 roky</td>
</tr>
<tr class="even">
<td>Spôsob dodania</td>
<td>demont v dvoch balíkoch</td>
</tr>
<tr class="odd">
<td>Hmotnosť</td>
<td>155 kg</td>
</tr>
<tr class="even">
<td>Úložný priestor</td>
<td>áno</td>
</tr>
<tr class="odd">
<td>Rohové prevedenie</td>
<td>áno</td>
</tr>
<tr class="even">
<td>Výška sedáka</td>
<td>42 cm</td>
</tr>
<tr class="odd">
<td>Výška zadného čela</td>
<td>77 cm-max. 95 cm</td>
</tr>
<tr class="even">
<td>Možnosť rozkladania</td>
<td>áno</td>
</tr>
<tr class="odd">
<td>Plocha po rozložení</td>
<td>123x225cm</td>
</tr>
<tr class="even">
<td>Konštrukcia</td>
<td>masív</td>
</tr>
<tr class="odd">
<td>Nôžky</td>
<td>kov</td>
</tr>
<tr class="even">
<td>Obsahuje vankúše</td>
<td>nie</td>
</tr>
<tr class="odd">
<td>Nastavenie opierok</td>
<td>áno</td>
</tr>
<tr class="even">
<td>Výplň sedačky</td>
<td>pena+ pružina</td>
</tr>
</tbody>
</table>
<p>&nbsp;</p>

<p>TISA je moderná sedacia súprava na ktorej vzhľad sedačky príjemne dopĺňa kontrastné lemovanie. Sedacia súprava TISA  má moderné chrómové nohy. Sedacia súprava je vybavená úložným priestorom a rozkladaním. Veľký výber poťahových látok vám poskytuje možnosť si prispôsobiť vzhľad sedacej súpravy podľa vašich predstáv. Sedacia súprava je čalúnená aj zo zadnej časti a preto je ju&#8230;</p>
