{"id":4894,"date":"2021-02-13T11:35:32","date_gmt":"2021-02-13T10:35:32","guid":{"rendered":"http:\/\/nabytoklaguna.sk\/sk\/?post_type=product&#038;p=4894"},"modified":"2025-05-27T15:05:56","modified_gmt":"2025-05-27T13:05:56","slug":"royal","status":"publish","type":"product","link":"https:\/\/nabytoklaguna.sk\/sk\/produkt\/royal\/","title":{"rendered":"K ROYAL"},"content":{"rendered":"<p>Z\u00e1kladn\u00e1 kuchynsk\u00e1 zostava v provens\u00e1lskom \u0161t\u00fdle v bielej farbe. Korpus DTD laminovan\u00e1 biela, sosna nordick\u00e1. Cena sektorov\u00fdch skriniek je bez pracovnej dosky a spodnej li\u0161ty. Cena za pracovn\u00fa dosku 38 mm: 65,-\u20ac \/bm, sokel\u00a0 9,- \u20ac \/bm, \u00fachyty na sokel 1,-\u20ac \/2ks<\/p>\n<p>&nbsp;<\/p>\n","protected":false},"excerpt":{"rendered":"<p><a href=\"mailto:nabytok.laguna@zoznam.sk\"><img loading=\"lazy\" decoding=\"async\" class=\"alignnone size-full wp-image-5342\" src=\"http:\/\/nabytoklaguna.sk\/sk\/wp-content\/uploads\/2017\/01\/N\u00e1vrh.png\" alt=\"\" width=\"366\" height=\"107\" \/><\/a><\/p>\n","protected":false},"featured_media":4897,"comment_status":"closed","ping_status":"closed","template":"","meta":{"_seopress_robots_primary_cat":"248","_seopress_titles_title":"","_seopress_titles_desc":"","_seopress_robots_index":""},"product_brand":[],"product_cat":[248],"product_tag":[],"class_list":{"0":"post-4894","1":"product","2":"type-product","3":"status-publish","4":"has-post-thumbnail","6":"product_cat-kuchyne-sektor","7":"pa_typ-produktu-d20p","8":"pa_typ-produktu-d20p-60-cm","9":"pa_typ-produktu-d20w","10":"pa_typ-produktu-d20w-60-cm","11":"pa_typ-produktu-d25pz","12":"pa_typ-produktu-d40","13":"pa_typ-produktu-d40s4","14":"pa_typ-produktu-d60","15":"pa_typ-produktu-d60r","16":"pa_typ-produktu-d60s3","17":"pa_typ-produktu-d60zk","18":"pa_typ-produktu-d80","19":"pa_typ-produktu-d80s3","20":"pa_typ-produktu-d80z","21":"pa_typ-produktu-d90n","22":"pa_typ-produktu-dvierka-umyvacky-14","23":"pa_typ-produktu-dvierka-umyvacky-16","24":"pa_typ-produktu-dvierka-umyvacky-17","25":"pa_typ-produktu-dvierka-umyvacky-19","26":"pa_typ-produktu-g25pz","27":"pa_typ-produktu-g30","28":"pa_typ-produktu-g30s","29":"pa_typ-produktu-g40","30":"pa_typ-produktu-g60","31":"pa_typ-produktu-g60kn","32":"pa_typ-produktu-g60ksn","33":"pa_typ-produktu-g60n","34":"pa_typ-produktu-g60s","35":"pa_typ-produktu-g80","36":"pa_typ-produktu-g80s","37":"pa_typ-produktu-k120","39":"first","40":"onbackorder","41":"shipping-taxable","42":"purchasable","43":"product-type-variable"},"_links":{"self":[{"href":"https:\/\/nabytoklaguna.sk\/sk\/wp-json\/wp\/v2\/product\/4894","targetHints":{"allow":["GET"]}}],"collection":[{"href":"https:\/\/nabytoklaguna.sk\/sk\/wp-json\/wp\/v2\/product"}],"about":[{"href":"https:\/\/nabytoklaguna.sk\/sk\/wp-json\/wp\/v2\/types\/product"}],"replies":[{"embeddable":true,"href":"https:\/\/nabytoklaguna.sk\/sk\/wp-json\/wp\/v2\/comments?post=4894"}],"wp:featuredmedia":[{"embeddable":true,"href":"https:\/\/nabytoklaguna.sk\/sk\/wp-json\/wp\/v2\/media\/4897"}],"wp:attachment":[{"href":"https:\/\/nabytoklaguna.sk\/sk\/wp-json\/wp\/v2\/media?parent=4894"}],"wp:term":[{"taxonomy":"product_brand","embeddable":true,"href":"https:\/\/nabytoklaguna.sk\/sk\/wp-json\/wp\/v2\/product_brand?post=4894"},{"taxonomy":"product_cat","embeddable":true,"href":"https:\/\/nabytoklaguna.sk\/sk\/wp-json\/wp\/v2\/product_cat?post=4894"},{"taxonomy":"product_tag","embeddable":true,"href":"https:\/\/nabytoklaguna.sk\/sk\/wp-json\/wp\/v2\/product_tag?post=4894"}],"curies":[{"name":"wp","href":"https:\/\/api.w.org\/{rel}","templated":true}]}}

<p>Základná kuchynská zostava v provensálskom štýle v bielej farbe. Korpus DTD laminovaná biela, sosna nordická. Cena sektorových skriniek je bez pracovnej dosky a spodnej lišty. Cena za pracovnú dosku 38 mm: 65,-€ /bm, sokel  9,- € /bm, úchyty na sokel 1,-€ /2ks</p>
<p>&nbsp;</p>

<p><a href="mailto:nabytok.laguna@zoznam.sk"><img loading="lazy" decoding="async" class="alignnone size-full wp-image-5342" src="http://nabytoklaguna.sk/sk/wp-content/uploads/2017/01/Návrh.png" alt="" width="366" height="107" /></a></p>
