{"id":49661,"date":"2021-03-21T12:53:18","date_gmt":"2021-03-21T11:53:18","guid":{"rendered":"https:\/\/nabytoklaguna.sk\/sk\/?post_type=product&#038;p=49661"},"modified":"2025-11-18T11:52:58","modified_gmt":"2025-11-18T10:52:58","slug":"chantal-2-pohovka","status":"publish","type":"product","link":"https:\/\/nabytoklaguna.sk\/sk\/produkt\/chantal-2-pohovka\/","title":{"rendered":"STG RACHEL 2"},"content":{"rendered":"<p>Modern\u00e1 pohovka\u00a0<strong> RACHEL\u00a0<\/strong>, ktor\u00e1 sa hod\u00ed do ka\u017edej miestnosti vo va\u0161ej dom\u00e1cnosti. <strong>Kovov\u00e9 nohy<\/strong>. Sedacia s\u00faprava je vybaven\u00e1 pru\u017einami FALISTE, ktor\u00e9 v kombin\u00e1cii s polyuret\u00e1novou penou zabezpe\u010duj\u00fa vysok\u00fd komfort sedenia &#8211; stredne m\u00e4kk\u00e9 sedenie. Mo\u017enos\u0165 v\u00fdberu farebn\u00e9ho prevedenia<\/p>\n<p>K pohovke je mo\u017en\u00e9 dok\u00fapi\u0165<strong> kreslo<\/strong> za cenu 348 EUR a<strong> taburet<\/strong> za cenu 165 EUR<\/p>\n<p>Rozmer kresla 95x91x90 cm a rozmer taburetky 72x50x44 cm<\/p>\n<p>Mo\u017enos\u0165 v\u00fdberu z 3 typov pohovky:<\/p>\n<ul style=\"list-style-type: circle;\">\n<li>S \u00falo\u017en\u00fdm priestorom<\/li>\n<li>S rozkladom<\/li>\n<li>Bez \u00falo\u017en\u00e9ho priestoru a bez rozkladu<\/li>\n<\/ul>\n<p>Pri objedn\u00e1vke je n\u00fatn\u00e9 uvies\u0165 typ pohovky<\/p>\n<p><strong>VZORKOVN\u00cdK L\u00c1TOK<\/strong><\/p>\n<p><a href=\"https:\/\/nabytoklaguna.sk\/sk\/wp-content\/uploads\/2021\/02\/stagra-vzorkovniky.docx\"><img loading=\"lazy\" decoding=\"async\" class=\"alignnone size-full wp-image-100592\" src=\"https:\/\/nabytoklaguna.sk\/sk\/wp-content\/uploads\/2021\/01\/tlacidlo-vzorkovnik-latok-2.jpg\" alt=\"tlacidlo vzorkovnik latok (2)\" width=\"100\" height=\"100\" \/><\/a><\/p>\n<p>Ceny s\u00fa platn\u00e9 pre l\u00e1tky v cenovej skupine 0.<\/p>\n<h3 class=\"page-product-heading\">VLASTNOSTI<\/h3>\n<table class=\"table-data-sheet\">\n<tbody>\n<tr class=\"odd\">\n<td>H\u013abka<\/td>\n<td>91 cm<\/td>\n<\/tr>\n<tr class=\"even\">\n<td>\u0160\u00edrka<\/td>\n<td>180 cm<\/td>\n<\/tr>\n<tr class=\"odd\">\n<td>V\u00fd\u0161ka<\/td>\n<td>90 cm<\/td>\n<\/tr>\n<tr class=\"even\">\n<td>Vhodn\u00e1 miestnos\u0165<\/td>\n<td>ob\u00fdva\u010dka, spolo\u010densk\u00e1 miestnos\u0165, hotely, kaviarne<\/td>\n<\/tr>\n<tr class=\"odd\">\n<td>Typ n\u00e1bytku<\/td>\n<td>pohovka<\/td>\n<\/tr>\n<tr class=\"even\">\n<td>\u0160t\u00fdl n\u00e1bytku<\/td>\n<td>modern\u00fd<\/td>\n<\/tr>\n<tr class=\"odd\">\n<td>Z\u00e1ruka<\/td>\n<td>2 roky<\/td>\n<\/tr>\n<tr class=\"even\">\n<td>Sp\u00f4sob dodania<\/td>\n<td>demont v dvoch bal\u00edkoch<\/td>\n<\/tr>\n<tr class=\"odd\">\n<td>Hmotnos\u0165<\/td>\n<td>119 kg<\/td>\n<\/tr>\n<tr class=\"even\">\n<td>\u00dalo\u017en\u00fd priestor<\/td>\n<td>\u00e1no\/nie<\/td>\n<\/tr>\n<tr class=\"odd\">\n<td>Rohov\u00e9 prevedenie<\/td>\n<td>nie<\/td>\n<\/tr>\n<tr class=\"even\">\n<td>V\u00fd\u0161ka sed\u00e1ka<\/td>\n<td>44 cm<\/td>\n<\/tr>\n<tr class=\"odd\">\n<td>V\u00fd\u0161ka zadn\u00e9ho \u010dela<\/td>\n<td>max. 90 cm<\/td>\n<\/tr>\n<tr class=\"even\">\n<td>Mo\u017enos\u0165 rozkladania<\/td>\n<td>\u00e1no\/nie<\/td>\n<\/tr>\n<tr class=\"odd\">\n<td>Plocha po rozlo\u017een\u00ed<\/td>\n<td>130\u00d7195 cm<\/td>\n<\/tr>\n<tr class=\"even\">\n<td>Kon\u0161trukcia<\/td>\n<td>mas\u00edv<\/td>\n<\/tr>\n<tr class=\"odd\">\n<td>N\u00f4\u017eky<\/td>\n<td>kov<\/td>\n<\/tr>\n<tr class=\"even\">\n<td>Obsahuje vank\u00fa\u0161e<\/td>\n<td>nie<\/td>\n<\/tr>\n<tr class=\"odd\">\n<td>Nastavenie opierok<\/td>\n<td>nie<\/td>\n<\/tr>\n<tr class=\"even\">\n<td>V\u00fdpl\u0148 seda\u010dky<\/td>\n<td>pena+ pru\u017eina<\/td>\n<\/tr>\n<\/tbody>\n<\/table>\n<p><strong>\u00a0<\/strong><\/p>\n<p>&nbsp;<\/p>\n","protected":false},"excerpt":{"rendered":"<p>Modern\u00e1 pohovka\u00a0 RACHEL\u00a0, ktor\u00e1 sa hod\u00ed do ka\u017edej miestnosti vo va\u0161ej dom\u00e1cnosti. Kovov\u00e9 nohy. Sedacia s\u00faprava je vybaven\u00e1 pru\u017einami FALISTE, ktor\u00e9 v kombin\u00e1cii s polyuret\u00e1novou penou zabezpe\u010duj\u00fa vysok\u00fd komfort sedenia &#8211; stredne m\u00e4kk\u00e9 sedenie. Mo\u017enos\u0165 v\u00fdberu farebn\u00e9ho prevedenia K pohovke je mo\u017en\u00e9 dok\u00fapi\u0165 kreslo za cenu 348 EUR a taburet za cenu 165 EUR Rozmer&#8230;<\/p>\n","protected":false},"featured_media":55900,"comment_status":"closed","ping_status":"closed","template":"","meta":{"_seopress_robots_primary_cat":"219","_seopress_titles_title":"","_seopress_titles_desc":"","_seopress_robots_index":""},"product_brand":[],"product_cat":[219],"product_tag":[],"class_list":{"0":"post-49661","1":"product","2":"type-product","3":"status-publish","4":"has-post-thumbnail","6":"product_cat-pohovky","7":"pa_typ-produktu-bez-ulozneho-priestoru-a-bez-rozkladu","8":"pa_typ-produktu-s-rozkladom","9":"pa_typ-produktu-s-uloznym-priestorom","11":"first","12":"onbackorder","13":"shipping-taxable","14":"purchasable","15":"product-type-variable"},"_links":{"self":[{"href":"https:\/\/nabytoklaguna.sk\/sk\/wp-json\/wp\/v2\/product\/49661","targetHints":{"allow":["GET"]}}],"collection":[{"href":"https:\/\/nabytoklaguna.sk\/sk\/wp-json\/wp\/v2\/product"}],"about":[{"href":"https:\/\/nabytoklaguna.sk\/sk\/wp-json\/wp\/v2\/types\/product"}],"replies":[{"embeddable":true,"href":"https:\/\/nabytoklaguna.sk\/sk\/wp-json\/wp\/v2\/comments?post=49661"}],"wp:featuredmedia":[{"embeddable":true,"href":"https:\/\/nabytoklaguna.sk\/sk\/wp-json\/wp\/v2\/media\/55900"}],"wp:attachment":[{"href":"https:\/\/nabytoklaguna.sk\/sk\/wp-json\/wp\/v2\/media?parent=49661"}],"wp:term":[{"taxonomy":"product_brand","embeddable":true,"href":"https:\/\/nabytoklaguna.sk\/sk\/wp-json\/wp\/v2\/product_brand?post=49661"},{"taxonomy":"product_cat","embeddable":true,"href":"https:\/\/nabytoklaguna.sk\/sk\/wp-json\/wp\/v2\/product_cat?post=49661"},{"taxonomy":"product_tag","embeddable":true,"href":"https:\/\/nabytoklaguna.sk\/sk\/wp-json\/wp\/v2\/product_tag?post=49661"}],"curies":[{"name":"wp","href":"https:\/\/api.w.org\/{rel}","templated":true}]}}

<p>Moderná pohovka <strong> RACHEL </strong>, ktorá sa hodí do každej miestnosti vo vašej domácnosti. <strong>Kovové nohy</strong>. Sedacia súprava je vybavená pružinami FALISTE, ktoré v kombinácii s polyuretánovou penou zabezpečujú vysoký komfort sedenia &#8211; stredne mäkké sedenie. Možnosť výberu farebného prevedenia</p>
<p>K pohovke je možné dokúpiť<strong> kreslo</strong> za cenu 348 EUR a<strong> taburet</strong> za cenu 165 EUR</p>
<p>Rozmer kresla 95x91x90 cm a rozmer taburetky 72x50x44 cm</p>
<p>Možnosť výberu z 3 typov pohovky:</p>
<ul style="list-style-type: circle;">
<li>S úložným priestorom</li>
<li>S rozkladom</li>
<li>Bez úložného priestoru a bez rozkladu</li>
</ul>
<p>Pri objednávke je nútné uviesť typ pohovky</p>
<p><strong>VZORKOVNÍK LÁTOK</strong></p>
<p><a href="https://nabytoklaguna.sk/sk/wp-content/uploads/2021/02/stagra-vzorkovniky.docx"><img loading="lazy" decoding="async" class="alignnone size-full wp-image-100592" src="https://nabytoklaguna.sk/sk/wp-content/uploads/2021/01/tlacidlo-vzorkovnik-latok-2.jpg" alt="tlacidlo vzorkovnik latok (2)" width="100" height="100" /></a></p>
<p>Ceny sú platné pre látky v cenovej skupine 0.</p>
<h3 class="page-product-heading">VLASTNOSTI</h3>
<table class="table-data-sheet">
<tbody>
<tr class="odd">
<td>Hĺbka</td>
<td>91 cm</td>
</tr>
<tr class="even">
<td>Šírka</td>
<td>180 cm</td>
</tr>
<tr class="odd">
<td>Výška</td>
<td>90 cm</td>
</tr>
<tr class="even">
<td>Vhodná miestnosť</td>
<td>obývačka, spoločenská miestnosť, hotely, kaviarne</td>
</tr>
<tr class="odd">
<td>Typ nábytku</td>
<td>pohovka</td>
</tr>
<tr class="even">
<td>Štýl nábytku</td>
<td>moderný</td>
</tr>
<tr class="odd">
<td>Záruka</td>
<td>2 roky</td>
</tr>
<tr class="even">
<td>Spôsob dodania</td>
<td>demont v dvoch balíkoch</td>
</tr>
<tr class="odd">
<td>Hmotnosť</td>
<td>119 kg</td>
</tr>
<tr class="even">
<td>Úložný priestor</td>
<td>áno/nie</td>
</tr>
<tr class="odd">
<td>Rohové prevedenie</td>
<td>nie</td>
</tr>
<tr class="even">
<td>Výška sedáka</td>
<td>44 cm</td>
</tr>
<tr class="odd">
<td>Výška zadného čela</td>
<td>max. 90 cm</td>
</tr>
<tr class="even">
<td>Možnosť rozkladania</td>
<td>áno/nie</td>
</tr>
<tr class="odd">
<td>Plocha po rozložení</td>
<td>130×195 cm</td>
</tr>
<tr class="even">
<td>Konštrukcia</td>
<td>masív</td>
</tr>
<tr class="odd">
<td>Nôžky</td>
<td>kov</td>
</tr>
<tr class="even">
<td>Obsahuje vankúše</td>
<td>nie</td>
</tr>
<tr class="odd">
<td>Nastavenie opierok</td>
<td>nie</td>
</tr>
<tr class="even">
<td>Výplň sedačky</td>
<td>pena+ pružina</td>
</tr>
</tbody>
</table>
<p><strong> </strong></p>
<p>&nbsp;</p>

<p>Moderná pohovka  RACHEL , ktorá sa hodí do každej miestnosti vo vašej domácnosti. Kovové nohy. Sedacia súprava je vybavená pružinami FALISTE, ktoré v kombinácii s polyuretánovou penou zabezpečujú vysoký komfort sedenia &#8211; stredne mäkké sedenie. Možnosť výberu farebného prevedenia K pohovke je možné dokúpiť kreslo za cenu 348 EUR a taburet za cenu 165 EUR Rozmer&#8230;</p>
