{"id":55650,"date":"2021-09-30T11:04:14","date_gmt":"2021-09-30T09:04:14","guid":{"rendered":"https:\/\/nabytoklaguna.sk\/sk\/?post_type=product&#038;p=55650"},"modified":"2025-02-25T11:34:53","modified_gmt":"2025-02-25T10:34:53","slug":"postel-lubica-i","status":"publish","type":"product","link":"https:\/\/nabytoklaguna.sk\/sk\/produkt\/postel-lubica-i\/","title":{"rendered":"poste\u013e \u013dUBICA I"},"content":{"rendered":"<p><b>Modern\u00e1 \u010dal\u00fanen\u00e1 poste\u013e \u013dubica I <\/b>bude ozdobou Va\u0161ej sp\u00e1lne<strong>. Kvalitn\u00e9<\/strong><b> materi\u00e1ly<\/b>, <b>prec\u00edzne prevedenie a \u010dist\u00e9 l\u00ednie. <\/b>Tieto vlastnosti radia postele \u013dubica medzi najvyh\u013ead\u00e1vanej\u0161ie. Modern\u00e9 minimalistick\u00e9 siv\u00e9 \u010delo je ozdoben\u00e9 efektn\u00fdm pre\u0161\u00edvan\u00edm. Poste\u013e si m\u00f4\u017eete objedna\u0165 v z\u00e1kladnej verzii<strong> bez ro\u0161tu<\/strong>, v ponuke je poste\u013e aj<strong> s pevn\u00fdm ro\u0161tom v r\u00e1me<\/strong>, alebo <strong>s pevn\u00fdm ro\u0161tom v r\u00e1me a praktick\u00fdm \u00falo\u017en\u00fdm priestorom,\u00a0 bez matraca.<\/strong>\u00a0Odpor\u00fa\u010dame poste\u013e objedna\u0165 vo verzii s origin\u00e1lnym ro\u0161tom v r\u00e1me priamo od v\u00fdrobcu postele.<\/p>\n<p>V ponuke s\u00fa po\u0165ahov\u00e9 l\u00e1tky Soro, Inari, Orinoco, Monolith. Vybran\u00fa l\u00e1tku uve\u010fte v pozn\u00e1mke.<\/p>\n<p>Rozmery 180: v x \u0161 x h: 97(40) x 200 x 220 cm<\/p>\n<p>Komfortn\u00e1 v\u00fd\u0161ka ro\u0161tu a\u017e 32 cm. Nosnos\u0165 2&#215;150 kg.<\/p>\n<p>Dod\u00e1van\u00e9 v demonte<\/p>\n","protected":false},"excerpt":{"rendered":"<p>Modern\u00e1 \u010dal\u00fanen\u00e1 poste\u013e \u013dubica I bude ozdobou Va\u0161ej sp\u00e1lne. Kvalitn\u00e9 materi\u00e1ly, prec\u00edzne prevedenie a \u010dist\u00e9 l\u00ednie. Tieto vlastnosti radia postele \u013dubica medzi najvyh\u013ead\u00e1vanej\u0161ie. Modern\u00e9 minimalistick\u00e9 siv\u00e9 \u010delo je ozdoben\u00e9 efektn\u00fdm pre\u0161\u00edvan\u00edm. Poste\u013e si m\u00f4\u017eete objedna\u0165 v z\u00e1kladnej verzii bez ro\u0161tu, v ponuke je poste\u013e aj s pevn\u00fdm ro\u0161tom v r\u00e1me, alebo s pevn\u00fdm ro\u0161tom v&#8230;<\/p>\n","protected":false},"featured_media":55672,"comment_status":"closed","ping_status":"closed","template":"","meta":{"_seopress_robots_primary_cat":"223","_seopress_titles_title":"","_seopress_titles_desc":"","_seopress_robots_index":""},"product_brand":[],"product_cat":[4012,223,228],"product_tag":[],"class_list":{"0":"post-55650","1":"product","2":"type-product","3":"status-publish","4":"has-post-thumbnail","6":"product_cat-postele","7":"product_cat-spalne","8":"product_cat-calunene-postele","9":"pa_typ-produktu-bez-rostu-a-ulozneho-priestoru","10":"pa_typ-produktu-s-rostom","11":"pa_typ-produktu-s-rostom-a-uloznym-priestorom","13":"first","14":"instock","15":"shipping-taxable","16":"purchasable","17":"product-type-variable","18":"has-default-attributes"},"_links":{"self":[{"href":"https:\/\/nabytoklaguna.sk\/sk\/wp-json\/wp\/v2\/product\/55650","targetHints":{"allow":["GET"]}}],"collection":[{"href":"https:\/\/nabytoklaguna.sk\/sk\/wp-json\/wp\/v2\/product"}],"about":[{"href":"https:\/\/nabytoklaguna.sk\/sk\/wp-json\/wp\/v2\/types\/product"}],"replies":[{"embeddable":true,"href":"https:\/\/nabytoklaguna.sk\/sk\/wp-json\/wp\/v2\/comments?post=55650"}],"wp:featuredmedia":[{"embeddable":true,"href":"https:\/\/nabytoklaguna.sk\/sk\/wp-json\/wp\/v2\/media\/55672"}],"wp:attachment":[{"href":"https:\/\/nabytoklaguna.sk\/sk\/wp-json\/wp\/v2\/media?parent=55650"}],"wp:term":[{"taxonomy":"product_brand","embeddable":true,"href":"https:\/\/nabytoklaguna.sk\/sk\/wp-json\/wp\/v2\/product_brand?post=55650"},{"taxonomy":"product_cat","embeddable":true,"href":"https:\/\/nabytoklaguna.sk\/sk\/wp-json\/wp\/v2\/product_cat?post=55650"},{"taxonomy":"product_tag","embeddable":true,"href":"https:\/\/nabytoklaguna.sk\/sk\/wp-json\/wp\/v2\/product_tag?post=55650"}],"curies":[{"name":"wp","href":"https:\/\/api.w.org\/{rel}","templated":true}]}}

posteľ ĽUBICA I

<p><b>Moderná čalúnená posteľ Ľubica I </b>bude ozdobou Vašej spálne<strong>. Kvalitné</strong><b> materiály</b>, <b>precízne prevedenie a čisté línie. </b>Tieto vlastnosti radia postele Ľubica medzi najvyhľadávanejšie. Moderné minimalistické sivé čelo je ozdobené efektným prešívaním. Posteľ si môžete objednať v základnej verzii<strong> bez roštu</strong>, v ponuke je posteľ aj<strong> s pevným roštom v ráme</strong>, alebo <strong>s pevným roštom v ráme a praktickým úložným priestorom,  bez matraca.</strong> Odporúčame posteľ objednať vo verzii s originálnym roštom v ráme priamo od výrobcu postele.</p>
<p>V ponuke sú poťahové látky Soro, Inari, Orinoco, Monolith. Vybranú látku uveďte v poznámke.</p>
<p>Rozmery 180: v x š x h: 97(40) x 200 x 220 cm</p>
<p>Komfortná výška roštu až 32 cm. Nosnosť 2&#215;150 kg.</p>
<p>Dodávané v demonte</p>

<p>Moderná čalúnená posteľ Ľubica I bude ozdobou Vašej spálne. Kvalitné materiály, precízne prevedenie a čisté línie. Tieto vlastnosti radia postele Ľubica medzi najvyhľadávanejšie. Moderné minimalistické sivé čelo je ozdobené efektným prešívaním. Posteľ si môžete objednať v základnej verzii bez roštu, v ponuke je posteľ aj s pevným roštom v ráme, alebo s pevným roštom v&#8230;</p>
