{"id":55817,"date":"2021-09-30T11:04:14","date_gmt":"2021-09-30T09:04:14","guid":{"rendered":"https:\/\/nabytoklaguna.sk\/sk\/?post_type=product&#038;p=55817"},"modified":"2025-09-24T13:59:29","modified_gmt":"2025-09-24T11:59:29","slug":"postel-italia","status":"publish","type":"product","link":"https:\/\/nabytoklaguna.sk\/sk\/produkt\/postel-italia\/","title":{"rendered":"P Italia"},"content":{"rendered":"<p><b>Elegantn\u00e1 \u010dal\u00fanen\u00e1 poste\u013e Italia <\/b>V\u00e1s zaujme modern\u00fdm \u010dal\u00fanen\u00fdm \u010delom s efektn\u00fdm pre\u0161\u00edvan\u00edm. Dizajnov\u00e9 prevedenie dod\u00e1 interi\u00e9ru \u0161mrnc a stane se dominantn\u00fdm prvkom, ktor\u00fd ud\u00e1va \u0161t\u00fdl celej miestnosti.\u00a0 <strong>Kvalitn\u00e9<\/strong><b> materi\u00e1ly<\/b>, <b>prec\u00edzne prevedenie a \u010dist\u00e9 l\u00ednie. <\/b>Tieto vlastnosti radia postele <strong>Italia<\/strong>\u00a0medzi najvyh\u013ead\u00e1vanej\u0161ie. Poste\u013e si m\u00f4\u017eete objedna\u0165 v z\u00e1kladnej verzii<strong>\u00a0bez ro\u0161tu<\/strong>, v ponuke je poste\u013e aj<strong>\u00a0s pevn\u00fdm ro\u0161tom v r\u00e1me<\/strong>, alebo\u00a0<strong>s pevn\u00fdm ro\u0161tom v r\u00e1me a praktick\u00fdm \u00falo\u017en\u00fdm priestorom, bez matraca.<\/strong>\u00a0Odpor\u00fa\u010dame poste\u013e objedna\u0165 vo verzii s origin\u00e1lnym ro\u0161tom v r\u00e1me priamo od v\u00fdrobcu postele.\u00a0V\u00fd\u0161ka no\u017ei\u010diek od zeme je cca 10 cm<\/p>\n<p>V ponuke po\u0165ahov\u00e1 l\u00e1tka Aragon. Vybran\u00fa l\u00e1tku uve\u010fte v pozn\u00e1mke.<\/p>\n<p>&nbsp;<\/p>\n<p>Rozmery 180: v x \u0161 x h: 147 (45,5) x 198 x 224 cm<\/p>\n<p>Rozmery 160: v x \u0161 x h: 147 (45,5) x 178 x 224 cm<\/p>\n<p>Rozmery 140: v x \u0161 x h: 147 (45,5) x 158 x 224 cm<\/p>\n<p>Komfortn\u00e1 v\u00fd\u0161ka a\u017e 45,5 cm. Nosnos\u0165 2\u00d7150 kg.<\/p>\n<p>Dod\u00e1van\u00e9 v demonte<\/p>\n<div class=\"ikona-blok\"><img decoding=\"async\" src=\"https:\/\/meblelubnice.pl\/wp-content\/uploads\/2025\/01\/5-1.jpg\" alt=\"\" \/><span dir=\"auto\">funkcia sp\u00e1nku<\/span><\/div>\n<div class=\"ikona-blok\"><img decoding=\"async\" src=\"https:\/\/meblelubnice.pl\/wp-content\/uploads\/2025\/01\/6.jpg\" alt=\"\" \/><span dir=\"auto\">n\u00e1doba na poste\u013en\u00fa bielize\u0148<\/span><\/div>\n<div class=\"ikona-blok\"><img decoding=\"async\" src=\"https:\/\/meblelubnice.pl\/wp-content\/uploads\/2025\/01\/3-1.jpg\" alt=\"\" \/><span dir=\"auto\">PUR pena<\/span><\/div>\n","protected":false},"excerpt":{"rendered":"<p>Elegantn\u00e1 \u010dal\u00fanen\u00e1 poste\u013e Italia V\u00e1s zaujme modern\u00fdm \u010dal\u00fanen\u00fdm \u010delom s efektn\u00fdm pre\u0161\u00edvan\u00edm. Dizajnov\u00e9 prevedenie dod\u00e1 interi\u00e9ru \u0161mrnc a stane se dominantn\u00fdm prvkom, ktor\u00fd ud\u00e1va \u0161t\u00fdl celej miestnosti.\u00a0 Kvalitn\u00e9 materi\u00e1ly, prec\u00edzne prevedenie a \u010dist\u00e9 l\u00ednie. Tieto vlastnosti radia postele Italia\u00a0medzi najvyh\u013ead\u00e1vanej\u0161ie. Poste\u013e si m\u00f4\u017eete objedna\u0165 v z\u00e1kladnej verzii\u00a0bez ro\u0161tu, v ponuke je poste\u013e aj\u00a0s pevn\u00fdm ro\u0161tom&#8230;<\/p>\n","protected":false},"featured_media":124664,"comment_status":"closed","ping_status":"closed","template":"","meta":{"_seopress_robots_primary_cat":"223","_seopress_titles_title":"","_seopress_titles_desc":"","_seopress_robots_index":""},"product_brand":[],"product_cat":[4012,223,228],"product_tag":[],"class_list":{"0":"post-55817","1":"product","2":"type-product","3":"status-publish","4":"has-post-thumbnail","6":"product_cat-postele","7":"product_cat-spalne","8":"product_cat-calunene-postele","9":"pa_typ-produktu-bez-rostu-a-ulozneho-priestoru","10":"pa_typ-produktu-s-rostom","11":"pa_typ-produktu-s-rostom-a-uloznym-priestorom","13":"first","14":"instock","15":"shipping-taxable","16":"purchasable","17":"product-type-variable","18":"has-default-attributes"},"_links":{"self":[{"href":"https:\/\/nabytoklaguna.sk\/sk\/wp-json\/wp\/v2\/product\/55817","targetHints":{"allow":["GET"]}}],"collection":[{"href":"https:\/\/nabytoklaguna.sk\/sk\/wp-json\/wp\/v2\/product"}],"about":[{"href":"https:\/\/nabytoklaguna.sk\/sk\/wp-json\/wp\/v2\/types\/product"}],"replies":[{"embeddable":true,"href":"https:\/\/nabytoklaguna.sk\/sk\/wp-json\/wp\/v2\/comments?post=55817"}],"wp:featuredmedia":[{"embeddable":true,"href":"https:\/\/nabytoklaguna.sk\/sk\/wp-json\/wp\/v2\/media\/124664"}],"wp:attachment":[{"href":"https:\/\/nabytoklaguna.sk\/sk\/wp-json\/wp\/v2\/media?parent=55817"}],"wp:term":[{"taxonomy":"product_brand","embeddable":true,"href":"https:\/\/nabytoklaguna.sk\/sk\/wp-json\/wp\/v2\/product_brand?post=55817"},{"taxonomy":"product_cat","embeddable":true,"href":"https:\/\/nabytoklaguna.sk\/sk\/wp-json\/wp\/v2\/product_cat?post=55817"},{"taxonomy":"product_tag","embeddable":true,"href":"https:\/\/nabytoklaguna.sk\/sk\/wp-json\/wp\/v2\/product_tag?post=55817"}],"curies":[{"name":"wp","href":"https:\/\/api.w.org\/{rel}","templated":true}]}}

<p><b>Elegantná čalúnená posteľ Italia </b>Vás zaujme moderným čalúneným čelom s efektným prešívaním. Dizajnové prevedenie dodá interiéru šmrnc a stane se dominantným prvkom, ktorý udáva štýl celej miestnosti.  <strong>Kvalitné</strong><b> materiály</b>, <b>precízne prevedenie a čisté línie. </b>Tieto vlastnosti radia postele <strong>Italia</strong> medzi najvyhľadávanejšie. Posteľ si môžete objednať v základnej verzii<strong> bez roštu</strong>, v ponuke je posteľ aj<strong> s pevným roštom v ráme</strong>, alebo <strong>s pevným roštom v ráme a praktickým úložným priestorom, bez matraca.</strong> Odporúčame posteľ objednať vo verzii s originálnym roštom v ráme priamo od výrobcu postele. Výška nožičiek od zeme je cca 10 cm</p>
<p>V ponuke poťahová látka Aragon. Vybranú látku uveďte v poznámke.</p>
<p>&nbsp;</p>
<p>Rozmery 180: v x š x h: 147 (45,5) x 198 x 224 cm</p>
<p>Rozmery 160: v x š x h: 147 (45,5) x 178 x 224 cm</p>
<p>Rozmery 140: v x š x h: 147 (45,5) x 158 x 224 cm</p>
<p>Komfortná výška až 45,5 cm. Nosnosť 2×150 kg.</p>
<p>Dodávané v demonte</p>
<div class="ikona-blok"><img decoding="async" src="https://meblelubnice.pl/wp-content/uploads/2025/01/5-1.jpg" alt="" /><span dir="auto">funkcia spánku</span></div>
<div class="ikona-blok"><img decoding="async" src="https://meblelubnice.pl/wp-content/uploads/2025/01/6.jpg" alt="" /><span dir="auto">nádoba na posteľnú bielizeň</span></div>
<div class="ikona-blok"><img decoding="async" src="https://meblelubnice.pl/wp-content/uploads/2025/01/3-1.jpg" alt="" /><span dir="auto">PUR pena</span></div>

<p>Elegantná čalúnená posteľ Italia Vás zaujme moderným čalúneným čelom s efektným prešívaním. Dizajnové prevedenie dodá interiéru šmrnc a stane se dominantným prvkom, ktorý udáva štýl celej miestnosti.  Kvalitné materiály, precízne prevedenie a čisté línie. Tieto vlastnosti radia postele Italia medzi najvyhľadávanejšie. Posteľ si môžete objednať v základnej verzii bez roštu, v ponuke je posteľ aj s pevným roštom&#8230;</p>
