{"id":56949,"date":"2021-04-30T11:04:14","date_gmt":"2021-04-30T09:04:14","guid":{"rendered":"https:\/\/nabytoklaguna.sk\/sk\/?post_type=product&#038;p=56949"},"modified":"2026-04-27T17:00:21","modified_gmt":"2026-04-27T15:00:21","slug":"ner-forrest","status":"publish","type":"product","link":"https:\/\/nabytoklaguna.sk\/sk\/produkt\/ner-forrest\/","title":{"rendered":"NER FORREST"},"content":{"rendered":"<p>Tento modern\u00fd <strong>sektorov\u00fd syst\u00e9m FORREST<\/strong>\u00a0je vhodn\u00fd do ob\u00fdvacej izby, sp\u00e1lne a jed\u00e1lne. V\u010faka mno\u017estvu komponentov je\u00a0<strong>variabiln\u00fd<\/strong>. To V\u00e1m umo\u017e\u0148uje vyu\u017ei\u0165 svoju fant\u00e1ziu naplno a zmodernizova\u0165 si Va\u0161u izbu pod\u013ea vlastn\u00fdch predst\u00e1v. \u00a0S\u00e9ria obsahuje <strong>komody,<\/strong> <strong>jed\u00e1lensk\u00e9 stoly, postele, konferen\u010dn\u00e9 stol\u00edky<\/strong>, osvetlenia do vitr\u00edn, no\u010dn\u00e9 stol\u00edky a mnoho in\u00e9ho pr\u00edslu\u0161enstva. Na v\u00fdrobu s\u00e9rie Forrest boli pou\u017eit\u00e9 kvalitn\u00e9 materi\u00e1ly a s\u00e9ria je vyroben\u00e1 z dreva v neutr\u00e1lnych farebn\u00fdch prevedeniach: tmav\u00fd orech \/ dub milano. N\u00e1bytok m\u00e1 kvalitn\u00e9 ABS hrany a luxusn\u00fd vzh\u013ead dotv\u00e1raj\u00fa kovov\u00e9 \u00fachytky.\u00a0 <strong>LED<\/strong> osvetlenie je mo\u017en\u00e9 dok\u00fapi\u0165:<\/p>\n<ul>\n<li>farba <strong>orech tmav\u00fd + dub milano<\/strong><\/li>\n<li>no\u017ei\u010dky \u010dierne plastov\u00e9<\/li>\n<li>\u00fachytky siv\u00e9 kovov\u00e9<\/li>\n<\/ul>\n<p><strong>Z jednotliv\u00fdch komponentov si m\u00f4\u017eete vysklada\u0165 ob\u00fdvaciu stenu pod\u013ea Va\u0161ich predst\u00e1v:<\/strong><\/p>\n<ul>\n<li>TV stol\u00edk FR 1\u00a0 \u00a0 rozmer&#8230; \u0160xHxV 190\/47\/38 cm,<\/li>\n<li>TV stol\u00edk FR2\u00a0 \u00a0 \u00a0rozmer&#8230; \u0160xHXV 144x48x55 cm<\/li>\n<li>Nadstavba FR 3 rozmer&#8230;\u0160xHXV 144\/37\/53 cm<strong>\u00a0<\/strong><\/li>\n<li>komoda FR4\u00a0 \u00a0 \u00a0 rozmer&#8230;\u0160xHXV 98x42x90 cm<\/li>\n<li>Komoda FR 5\u00a0 \u00a0 \u00a0rozmer&#8230;\u0160xHxV 144\/42\/90 cm<\/li>\n<li>komoda FR6\u00a0 \u00a0 \u00a0 \u00a0rozmer&#8230;\u0160xHxV98x42x105 cm<\/li>\n<li>Vitr\u00edna\u00a0 FR 7\u00a0 \u00a0 \u00a0 \u00a0rozmer&#8230;\u0160xHxV 144\/42\/105 cm<\/li>\n<li>vitr\u00edna FR L\/P8\u00a0 \u00a0rozmer&#8230;\u0160xHXV 55x42x200 cm<\/li>\n<li>Skri\u0148a FR 9\u00a0 \u00a0 \u00a0 \u00a0 rozmer..:\u0160xHxV 98\/58\/200 cm<\/li>\n<li>Stol\u00edk FR 11\u00a0 \u00a0 \u00a0 \u00a0rozmer&#8230;\u0160xHxV 67\/115\/50 cm<\/li>\n<li>polica FR14\u00a0 \u00a0 \u00a0 \u00a0rozmer&#8230;\u0160xHxV98x26x20 cm<\/li>\n<li>polica FR15\u00a0 \u00a0 \u00a0 \u00a0rozmer&#8230;\u0160xHxV144x48x55 cm<strong>\u00a0<\/strong><\/li>\n<li>Poli\u010dka FR 16\u00a0 \u00a0 rozmer&#8230;\u0160xHxV 144\/27\/53 cm<\/li>\n<\/ul>\n","protected":false},"excerpt":{"rendered":"<p>Tento modern\u00fd sektorov\u00fd syst\u00e9m FORREST\u00a0je vhodn\u00fd do ob\u00fdvacej izby, sp\u00e1lne a jed\u00e1lne. V\u010faka mno\u017estvu komponentov je\u00a0variabiln\u00fd. To V\u00e1m umo\u017e\u0148uje vyu\u017ei\u0165 svoju fant\u00e1ziu naplno a zmodernizova\u0165 si Va\u0161u izbu pod\u013ea vlastn\u00fdch predst\u00e1v. \u00a0S\u00e9ria obsahuje komody, jed\u00e1lensk\u00e9 stoly, postele, konferen\u010dn\u00e9 stol\u00edky, osvetlenia do vitr\u00edn, no\u010dn\u00e9 stol\u00edky a mnoho in\u00e9ho pr\u00edslu\u0161enstva. Na v\u00fdrobu s\u00e9rie Forrest boli pou\u017eit\u00e9 kvalitn\u00e9&#8230;<\/p>\n","protected":false},"featured_media":121990,"comment_status":"closed","ping_status":"closed","template":"","meta":{"_seopress_robots_primary_cat":"182","_seopress_titles_title":"","_seopress_titles_desc":"","_seopress_robots_index":""},"product_brand":[],"product_cat":[182,183],"product_tag":[],"class_list":{"0":"post-56949","1":"product","2":"type-product","3":"status-publish","4":"has-post-thumbnail","6":"product_cat-obyvacie-steny","7":"product_cat-sektorove-obyvacie-steny","8":"pa_typ-produktu-fr-1","9":"pa_typ-produktu-fr-11","10":"pa_typ-produktu-fr-14","11":"pa_typ-produktu-fr-15","12":"pa_typ-produktu-fr-16","13":"pa_typ-produktu-fr-2","14":"pa_typ-produktu-fr-3","15":"pa_typ-produktu-fr-4","16":"pa_typ-produktu-fr-5","17":"pa_typ-produktu-fr-6","18":"pa_typ-produktu-fr-7","19":"pa_typ-produktu-fr-8","20":"pa_typ-produktu-fr-9","22":"first","23":"instock","24":"shipping-taxable","25":"purchasable","26":"product-type-variable"},"_links":{"self":[{"href":"https:\/\/nabytoklaguna.sk\/sk\/wp-json\/wp\/v2\/product\/56949","targetHints":{"allow":["GET"]}}],"collection":[{"href":"https:\/\/nabytoklaguna.sk\/sk\/wp-json\/wp\/v2\/product"}],"about":[{"href":"https:\/\/nabytoklaguna.sk\/sk\/wp-json\/wp\/v2\/types\/product"}],"replies":[{"embeddable":true,"href":"https:\/\/nabytoklaguna.sk\/sk\/wp-json\/wp\/v2\/comments?post=56949"}],"wp:featuredmedia":[{"embeddable":true,"href":"https:\/\/nabytoklaguna.sk\/sk\/wp-json\/wp\/v2\/media\/121990"}],"wp:attachment":[{"href":"https:\/\/nabytoklaguna.sk\/sk\/wp-json\/wp\/v2\/media?parent=56949"}],"wp:term":[{"taxonomy":"product_brand","embeddable":true,"href":"https:\/\/nabytoklaguna.sk\/sk\/wp-json\/wp\/v2\/product_brand?post=56949"},{"taxonomy":"product_cat","embeddable":true,"href":"https:\/\/nabytoklaguna.sk\/sk\/wp-json\/wp\/v2\/product_cat?post=56949"},{"taxonomy":"product_tag","embeddable":true,"href":"https:\/\/nabytoklaguna.sk\/sk\/wp-json\/wp\/v2\/product_tag?post=56949"}],"curies":[{"name":"wp","href":"https:\/\/api.w.org\/{rel}","templated":true}]}}

<p>Tento moderný <strong>sektorový systém FORREST</strong> je vhodný do obývacej izby, spálne a jedálne. Vďaka množstvu komponentov je <strong>variabilný</strong>. To Vám umožňuje využiť svoju fantáziu naplno a zmodernizovať si Vašu izbu podľa vlastných predstáv.  Séria obsahuje <strong>komody,</strong> <strong>jedálenské stoly, postele, konferenčné stolíky</strong>, osvetlenia do vitrín, nočné stolíky a mnoho iného príslušenstva. Na výrobu série Forrest boli použité kvalitné materiály a séria je vyrobená z dreva v neutrálnych farebných prevedeniach: tmavý orech / dub milano. Nábytok má kvalitné ABS hrany a luxusný vzhľad dotvárajú kovové úchytky.  <strong>LED</strong> osvetlenie je možné dokúpiť:</p>
<ul>
<li>farba <strong>orech tmavý + dub milano</strong></li>
<li>nožičky čierne plastové</li>
<li>úchytky sivé kovové</li>
</ul>
<p><strong>Z jednotlivých komponentov si môžete vyskladať obývaciu stenu podľa Vašich predstáv:</strong></p>
<ul>
<li>TV stolík FR 1    rozmer&#8230; ŠxHxV 190/47/38 cm,</li>
<li>TV stolík FR2     rozmer&#8230; ŠxHXV 144x48x55 cm</li>
<li>Nadstavba FR 3 rozmer&#8230;ŠxHXV 144/37/53 cm<strong> </strong></li>
<li>komoda FR4      rozmer&#8230;ŠxHXV 98x42x90 cm</li>
<li>Komoda FR 5     rozmer&#8230;ŠxHxV 144/42/90 cm</li>
<li>komoda FR6       rozmer&#8230;ŠxHxV98x42x105 cm</li>
<li>Vitrína  FR 7       rozmer&#8230;ŠxHxV 144/42/105 cm</li>
<li>vitrína FR L/P8   rozmer&#8230;ŠxHXV 55x42x200 cm</li>
<li>Skriňa FR 9        rozmer..:ŠxHxV 98/58/200 cm</li>
<li>Stolík FR 11       rozmer&#8230;ŠxHxV 67/115/50 cm</li>
<li>polica FR14       rozmer&#8230;ŠxHxV98x26x20 cm</li>
<li>polica FR15       rozmer&#8230;ŠxHxV144x48x55 cm<strong> </strong></li>
<li>Polička FR 16    rozmer&#8230;ŠxHxV 144/27/53 cm</li>
</ul>

<p>Tento moderný sektorový systém FORREST je vhodný do obývacej izby, spálne a jedálne. Vďaka množstvu komponentov je variabilný. To Vám umožňuje využiť svoju fantáziu naplno a zmodernizovať si Vašu izbu podľa vlastných predstáv.  Séria obsahuje komody, jedálenské stoly, postele, konferenčné stolíky, osvetlenia do vitrín, nočné stolíky a mnoho iného príslušenstva. Na výrobu série Forrest boli použité kvalitné&#8230;</p>
