{"id":57227,"date":"2021-04-30T11:04:14","date_gmt":"2021-04-30T09:04:14","guid":{"rendered":"https:\/\/nabytoklaguna.sk\/sk\/?post_type=product&#038;p=57227"},"modified":"2025-04-09T10:21:13","modified_gmt":"2025-04-09T08:21:13","slug":"avo-obyvacia-izba","status":"publish","type":"product","link":"https:\/\/nabytoklaguna.sk\/sk\/produkt\/avo-obyvacia-izba\/","title":{"rendered":"WAVO ob\u00fdvacia izba"},"content":{"rendered":"<p><strong>Modern\u00e1 ob\u00fdvac\u00ed sektor WAVO<\/strong> m\u00e1 jednoduch\u00e9 tvary a svetl\u00e9 farby. Z jednotliv\u00fdch komponentov si m\u00f4\u017ete vysklada\u0165 ob\u00fdvaciu izbu pod\u013ea Va\u0161\u00edch predst\u00e1v.Vyr\u00e1ba sa vo farebnom preveden\u00ed <strong>sonoma svetla<\/strong>. V\u00fdhodou tohto sektoru je, \u017ee vlo\u017eku do jednotliv\u00fdch komponentov si mo\u017ete vybrat <strong>z troch farebn\u00fdch preveden\u00ed<\/strong> a to:biela, antracit a sonoma svetl\u00e1. Mo\u017enos\u0165 doobjedna\u0165 <strong>LED osvetlenie<\/strong> do vitr\u00edny WAVO 05 za pr\u00edplatok<\/p>\n<p>Pros\u00edm uvies\u0165 do objedn\u00e1vky o ak\u00e9 farebn\u00e9 prevedenie <strong>Vlo\u017eky<\/strong> mate z\u00e1ujem<\/p>\n<p>Zobrazen\u00e1 ob\u00fdvacia stena je vo farebnom prevedeni sonoma svetl\u00e1\/antracit<\/p>\n<p><strong>Ob\u00fdvacia stenu si mo\u017ete vyskada\u0165 z jednotliv\u00fdch komponentov:<\/strong><\/p>\n<ul>\n<li>Vitr\u00edna WAVO 05 L\/P, rozmer&#8230;\u0160xHxV 48\/34\/200cm,<\/li>\n<li>Komoda WAVO 13, rozmer&#8230;\u0160xHxV 120\/34\/85 cm,<\/li>\n<li>Reg\u00e1l WAVO 07, rozmer&#8230;\u0160xHxV 40\/34\/200cm,<\/li>\n<li>Skri\u0148a WAVO 01, rozmer&#8230;\u0160xHxV 120\/50\/200cm,<\/li>\n<li>Komoda WAVO 08, rozmer&#8230;\u0160xHxV 69\/34\/123cm,<\/li>\n<li>TV stol\u00edk WAVO 17, rozmer&#8230;\u0160xHxV 120\/34\/66 cm,<\/li>\n<li>Komoda WAVO 15, rozmer&#8230;\u0160xHxV 69\/34\/85 cm,<\/li>\n<li>Skri\u0148a WAVO 02, rozmer&#8230;\u0160xHxV 80\/50\/200 cm,<strong>\u00a0<\/strong><\/li>\n<li>Skri\u0148a roh. WAVO 04, rozmer&#8230;\u0160xHxV 82\/82\/200cm,<\/li>\n<li>Reg\u00e1l WAVO 06 L\/P, rozmer..\u0160xHxV 69\/34\/200 cm<\/li>\n<\/ul>\n<p>&nbsp;<\/p>\n","protected":false},"excerpt":{"rendered":"<p>Modern\u00e1 ob\u00fdvac\u00ed sektor WAVO m\u00e1 jednoduch\u00e9 tvary a svetl\u00e9 farby. Z jednotliv\u00fdch komponentov si m\u00f4\u017ete vysklada\u0165 ob\u00fdvaciu izbu pod\u013ea Va\u0161\u00edch predst\u00e1v.Vyr\u00e1ba sa vo farebnom preveden\u00ed sonoma svetla. V\u00fdhodou tohto sektoru je, \u017ee vlo\u017eku do jednotliv\u00fdch komponentov si mo\u017ete vybrat z troch farebn\u00fdch preveden\u00ed a to:biela, antracit a sonoma svetl\u00e1. Mo\u017enos\u0165 doobjedna\u0165 LED osvetlenie do vitr\u00edny&#8230;<\/p>\n","protected":false},"featured_media":115726,"comment_status":"closed","ping_status":"closed","template":"","meta":{"_seopress_robots_primary_cat":"182","_seopress_titles_title":"","_seopress_titles_desc":"","_seopress_robots_index":""},"product_brand":[],"product_cat":[182,183],"product_tag":[],"class_list":{"0":"post-57227","1":"product","2":"type-product","3":"status-publish","4":"has-post-thumbnail","6":"product_cat-obyvacie-steny","7":"product_cat-sektorove-obyvacie-steny","8":"pa_typ-produktu-avo-01","9":"pa_typ-produktu-avo-02","10":"pa_typ-produktu-avo-04","11":"pa_typ-produktu-avo-05","12":"pa_typ-produktu-avo-06","13":"pa_typ-produktu-avo-07","14":"pa_typ-produktu-avo-08","15":"pa_typ-produktu-avo-09","16":"pa_typ-produktu-avo-13","17":"pa_typ-produktu-avo-15","18":"pa_typ-produktu-avo-17","19":"pa_typ-produktu-avo-18","21":"first","22":"onbackorder","23":"shipping-taxable","24":"purchasable","25":"product-type-variable"},"_links":{"self":[{"href":"https:\/\/nabytoklaguna.sk\/sk\/wp-json\/wp\/v2\/product\/57227","targetHints":{"allow":["GET"]}}],"collection":[{"href":"https:\/\/nabytoklaguna.sk\/sk\/wp-json\/wp\/v2\/product"}],"about":[{"href":"https:\/\/nabytoklaguna.sk\/sk\/wp-json\/wp\/v2\/types\/product"}],"replies":[{"embeddable":true,"href":"https:\/\/nabytoklaguna.sk\/sk\/wp-json\/wp\/v2\/comments?post=57227"}],"wp:featuredmedia":[{"embeddable":true,"href":"https:\/\/nabytoklaguna.sk\/sk\/wp-json\/wp\/v2\/media\/115726"}],"wp:attachment":[{"href":"https:\/\/nabytoklaguna.sk\/sk\/wp-json\/wp\/v2\/media?parent=57227"}],"wp:term":[{"taxonomy":"product_brand","embeddable":true,"href":"https:\/\/nabytoklaguna.sk\/sk\/wp-json\/wp\/v2\/product_brand?post=57227"},{"taxonomy":"product_cat","embeddable":true,"href":"https:\/\/nabytoklaguna.sk\/sk\/wp-json\/wp\/v2\/product_cat?post=57227"},{"taxonomy":"product_tag","embeddable":true,"href":"https:\/\/nabytoklaguna.sk\/sk\/wp-json\/wp\/v2\/product_tag?post=57227"}],"curies":[{"name":"wp","href":"https:\/\/api.w.org\/{rel}","templated":true}]}}

WAVO obývacia izba

<p><strong>Moderná obývací sektor WAVO</strong> má jednoduché tvary a svetlé farby. Z jednotlivých komponentov si môžte vyskladať obývaciu izbu podľa Vaších predstáv.Vyrába sa vo farebnom prevedení <strong>sonoma svetla</strong>. Výhodou tohto sektoru je, že vložku do jednotlivých komponentov si možte vybrat <strong>z troch farebných prevedení</strong> a to:biela, antracit a sonoma svetlá. Možnosť doobjednať <strong>LED osvetlenie</strong> do vitríny WAVO 05 za príplatok</p>
<p>Prosím uviesť do objednávky o aké farebné prevedenie <strong>Vložky</strong> mate záujem</p>
<p>Zobrazená obývacia stena je vo farebnom prevedeni sonoma svetlá/antracit</p>
<p><strong>Obývacia stenu si možte vyskadať z jednotlivých komponentov:</strong></p>
<ul>
<li>Vitrína WAVO 05 L/P, rozmer&#8230;ŠxHxV 48/34/200cm,</li>
<li>Komoda WAVO 13, rozmer&#8230;ŠxHxV 120/34/85 cm,</li>
<li>Regál WAVO 07, rozmer&#8230;ŠxHxV 40/34/200cm,</li>
<li>Skriňa WAVO 01, rozmer&#8230;ŠxHxV 120/50/200cm,</li>
<li>Komoda WAVO 08, rozmer&#8230;ŠxHxV 69/34/123cm,</li>
<li>TV stolík WAVO 17, rozmer&#8230;ŠxHxV 120/34/66 cm,</li>
<li>Komoda WAVO 15, rozmer&#8230;ŠxHxV 69/34/85 cm,</li>
<li>Skriňa WAVO 02, rozmer&#8230;ŠxHxV 80/50/200 cm,<strong> </strong></li>
<li>Skriňa roh. WAVO 04, rozmer&#8230;ŠxHxV 82/82/200cm,</li>
<li>Regál WAVO 06 L/P, rozmer..ŠxHxV 69/34/200 cm</li>
</ul>
<p>&nbsp;</p>

<p>Moderná obývací sektor WAVO má jednoduché tvary a svetlé farby. Z jednotlivých komponentov si môžte vyskladať obývaciu izbu podľa Vaších predstáv.Vyrába sa vo farebnom prevedení sonoma svetla. Výhodou tohto sektoru je, že vložku do jednotlivých komponentov si možte vybrat z troch farebných prevedení a to:biela, antracit a sonoma svetlá. Možnosť doobjednať LED osvetlenie do vitríny&#8230;</p>
