{"id":57414,"date":"2021-04-30T11:04:14","date_gmt":"2021-04-30T09:04:14","guid":{"rendered":"https:\/\/nabytoklaguna.sk\/sk\/?post_type=product&#038;p=57414"},"modified":"2025-05-09T13:10:30","modified_gmt":"2025-05-09T11:10:30","slug":"blanco-obyvacia-stena-3","status":"publish","type":"product","link":"https:\/\/nabytoklaguna.sk\/sk\/produkt\/blanco-obyvacia-stena-3\/","title":{"rendered":"W LANCO ob\u00fdvacia stena"},"content":{"rendered":"<p><strong>Kr\u00e1sny sektorov\u00fd n\u00e1bytok W LANCO<\/strong>, vhodn\u00fd do ka\u017edej modernej ob\u00fdvacej \u010di \u0161tudentskej izby. Vyr\u00e1ba sa vo farebnom preveden\u00ed <strong>borovica biely\/\u0161ed\u00fd.<\/strong>N\u00e1bytok je vybaven\u00fd <strong>ABS hranami<\/strong>, ktor\u00e9 sa vyzna\u010duj\u00fa odolnos\u0165ou vo\u010di n\u00e1razu. Mo\u017enos\u0165 zak\u00fapi\u0165 <strong>LED osvetlenie<\/strong> do Vitr\u00edny W LANCO 02, do Vitr\u00edny W LANCO 05, do TV stol\u00edka W LANCO 09 za pr\u00edplatok<\/p>\n<p><strong>Z jednotliv\u00fdch komponentov si m\u00f4\u017ete vysklada\u0165 ob\u00fdvaciu izbu pod\u013ea Va\u0161\u00edch predst\u00e1v:<\/strong><\/p>\n<ul>\n<li>Stol\u00edk W LANCO 12, rozmer&#8230;\u0160xHxV 114\/67\/56cm,<\/li>\n<li>Vitr\u00edna W LANCO 05, rozmer&#8230;\u0160xHxV 92\/42\/140 cm,<\/li>\n<li>TV stol\u00edk W LANCO 09, rozmer..\u0160xHxV 165\/42\/55cm,<\/li>\n<li>Vitr\u00edna W LANCO L\/P 02, rozmer..\u0160xHxV 55\/42\/202cm<\/li>\n<li>Komoda W LANCO 07, rozmer&#8230;\u0160xHxV 138\/42\/96cm,<\/li>\n<li>Poli\u010dka W LANCO 14, rozmer&#8230;\u0160xHxV 138\/21\/23cm,<strong>\u00a0<\/strong><\/li>\n<li>Stol\u00edk W LANCO 13, rozmer&#8230;\u0160xHxV 67\/67\/56cm,<\/li>\n<li>Komoda W LANCO 08, rozmer&#8230;\u0160xHxV 86\/42\/96 cm,<\/li>\n<li>PC stol\u00edk W LANCO 11, rozmer&#8230;\u0160xHxV 119\/55\/78cm<\/li>\n<li>Reg\u00e1l W LANCO L\/P 04, rozmer&#8230;\u0160xHxV 55\/42\/202 cm,<\/li>\n<li>Skri\u0148ka W LANCO 03, rozemr&#8230;\u0160xHxV 55\/42\/202cm<\/li>\n<li>Poli\u010dka W LANCO 15, rozmer&#8230;\u0160xHxV 92\/21\/23cm<\/li>\n<\/ul>\n","protected":false},"excerpt":{"rendered":"<p>Kr\u00e1sny sektorov\u00fd n\u00e1bytok W LANCO, vhodn\u00fd do ka\u017edej modernej ob\u00fdvacej \u010di \u0161tudentskej izby. Vyr\u00e1ba sa vo farebnom preveden\u00ed borovica biely\/\u0161ed\u00fd.N\u00e1bytok je vybaven\u00fd ABS hranami, ktor\u00e9 sa vyzna\u010duj\u00fa odolnos\u0165ou vo\u010di n\u00e1razu. Mo\u017enos\u0165 zak\u00fapi\u0165 LED osvetlenie do Vitr\u00edny W LANCO 02, do Vitr\u00edny W LANCO 05, do TV stol\u00edka W LANCO 09 za pr\u00edplatok Z jednotliv\u00fdch komponentov&#8230;<\/p>\n","protected":false},"featured_media":57416,"comment_status":"closed","ping_status":"closed","template":"","meta":{"_seopress_robots_primary_cat":"182","_seopress_titles_title":"","_seopress_titles_desc":"","_seopress_robots_index":""},"product_brand":[],"product_cat":[182,183],"product_tag":[],"class_list":{"0":"post-57414","1":"product","2":"type-product","3":"status-publish","4":"has-post-thumbnail","6":"product_cat-obyvacie-steny","7":"product_cat-sektorove-obyvacie-steny","8":"pa_typ-produktu-blanco-01","9":"pa_typ-produktu-blanco-02","10":"pa_typ-produktu-blanco-03","11":"pa_typ-produktu-blanco-04","12":"pa_typ-produktu-blanco-05","13":"pa_typ-produktu-blanco-07","14":"pa_typ-produktu-blanco-08","15":"pa_typ-produktu-blanco-09","16":"pa_typ-produktu-blanco-11","17":"pa_typ-produktu-blanco-12","18":"pa_typ-produktu-blanco-13","19":"pa_typ-produktu-blanco-14","20":"pa_typ-produktu-blanco-15","22":"first","23":"onbackorder","24":"shipping-taxable","25":"purchasable","26":"product-type-variable"},"_links":{"self":[{"href":"https:\/\/nabytoklaguna.sk\/sk\/wp-json\/wp\/v2\/product\/57414","targetHints":{"allow":["GET"]}}],"collection":[{"href":"https:\/\/nabytoklaguna.sk\/sk\/wp-json\/wp\/v2\/product"}],"about":[{"href":"https:\/\/nabytoklaguna.sk\/sk\/wp-json\/wp\/v2\/types\/product"}],"replies":[{"embeddable":true,"href":"https:\/\/nabytoklaguna.sk\/sk\/wp-json\/wp\/v2\/comments?post=57414"}],"wp:featuredmedia":[{"embeddable":true,"href":"https:\/\/nabytoklaguna.sk\/sk\/wp-json\/wp\/v2\/media\/57416"}],"wp:attachment":[{"href":"https:\/\/nabytoklaguna.sk\/sk\/wp-json\/wp\/v2\/media?parent=57414"}],"wp:term":[{"taxonomy":"product_brand","embeddable":true,"href":"https:\/\/nabytoklaguna.sk\/sk\/wp-json\/wp\/v2\/product_brand?post=57414"},{"taxonomy":"product_cat","embeddable":true,"href":"https:\/\/nabytoklaguna.sk\/sk\/wp-json\/wp\/v2\/product_cat?post=57414"},{"taxonomy":"product_tag","embeddable":true,"href":"https:\/\/nabytoklaguna.sk\/sk\/wp-json\/wp\/v2\/product_tag?post=57414"}],"curies":[{"name":"wp","href":"https:\/\/api.w.org\/{rel}","templated":true}]}}

W LANCO obývacia stena

<p><strong>Krásny sektorový nábytok W LANCO</strong>, vhodný do každej modernej obývacej či študentskej izby. Vyrába sa vo farebnom prevedení <strong>borovica biely/šedý.</strong>Nábytok je vybavený <strong>ABS hranami</strong>, ktoré sa vyznačujú odolnosťou voči nárazu. Možnosť zakúpiť <strong>LED osvetlenie</strong> do Vitríny W LANCO 02, do Vitríny W LANCO 05, do TV stolíka W LANCO 09 za príplatok</p>
<p><strong>Z jednotlivých komponentov si môžte vyskladať obývaciu izbu podľa Vaších predstáv:</strong></p>
<ul>
<li>Stolík W LANCO 12, rozmer&#8230;ŠxHxV 114/67/56cm,</li>
<li>Vitrína W LANCO 05, rozmer&#8230;ŠxHxV 92/42/140 cm,</li>
<li>TV stolík W LANCO 09, rozmer..ŠxHxV 165/42/55cm,</li>
<li>Vitrína W LANCO L/P 02, rozmer..ŠxHxV 55/42/202cm</li>
<li>Komoda W LANCO 07, rozmer&#8230;ŠxHxV 138/42/96cm,</li>
<li>Polička W LANCO 14, rozmer&#8230;ŠxHxV 138/21/23cm,<strong> </strong></li>
<li>Stolík W LANCO 13, rozmer&#8230;ŠxHxV 67/67/56cm,</li>
<li>Komoda W LANCO 08, rozmer&#8230;ŠxHxV 86/42/96 cm,</li>
<li>PC stolík W LANCO 11, rozmer&#8230;ŠxHxV 119/55/78cm</li>
<li>Regál W LANCO L/P 04, rozmer&#8230;ŠxHxV 55/42/202 cm,</li>
<li>Skriňka W LANCO 03, rozemr&#8230;ŠxHxV 55/42/202cm</li>
<li>Polička W LANCO 15, rozmer&#8230;ŠxHxV 92/21/23cm</li>
</ul>

<p>Krásny sektorový nábytok W LANCO, vhodný do každej modernej obývacej či študentskej izby. Vyrába sa vo farebnom prevedení borovica biely/šedý.Nábytok je vybavený ABS hranami, ktoré sa vyznačujú odolnosťou voči nárazu. Možnosť zakúpiť LED osvetlenie do Vitríny W LANCO 02, do Vitríny W LANCO 05, do TV stolíka W LANCO 09 za príplatok Z jednotlivých komponentov&#8230;</p>
