{"id":60222,"date":"2021-04-30T11:04:14","date_gmt":"2021-04-30T09:04:14","guid":{"rendered":"https:\/\/nabytoklaguna.sk\/sk\/?post_type=product&#038;p=60222"},"modified":"2023-02-24T14:25:37","modified_gmt":"2023-02-24T13:25:37","slug":"leticia-detska-postel-adrk","status":"publish","type":"product","link":"https:\/\/nabytoklaguna.sk\/sk\/produkt\/leticia-detska-postel-adrk\/","title":{"rendered":"LETICIA detsk\u00e1 poste\u013e ADRK"},"content":{"rendered":"<p><strong>K\u00fazeln\u00e1<\/strong>\u00a0poschodov\u00e1 poste\u013e <strong>Leticia<\/strong>\u00a0je vhodn\u00e1 do ka\u017edej\u00a0<strong>detskej<\/strong>\u00a0izbi\u010dky. Je ale <strong>ide\u00e1lnou<\/strong> mo\u017enos\u0165ou do men\u0161ej detskej izby vhodn\u00e1 pre <strong>dve<\/strong>, pr\u00edpadne <strong>tri<\/strong> deti\u010dky. M\u00e1te mo\u017enos\u0165 v\u00fdberu z r\u00f4znych\u00a0<strong>farebn\u00fdch<\/strong>\u00a0<strong>preveden\u00ed.<\/strong>\u00a0Taktie\u017e je mo\u017en\u00e9 vybra\u0165 si\u00a0<strong>r\u00e1m postele<\/strong>\u00a0v\u00a0<strong>pr\u00edrodnom<\/strong>\u00a0<strong>dreve<\/strong>, alebo\u00a0<strong>bielej<\/strong>\u00a0<strong>farbe<\/strong>. \u010eal\u0161ou v\u00fdhodou je\u00a0<strong>pr\u00edstelka<\/strong>, ktor\u00e1 umo\u017en\u00ed prespanie detskej\u00a0<strong>n\u00e1v\u0161teve<\/strong>\u00a0Va\u0161ich det\u00ed, pr\u00edpadne bude\u00a0<strong>skladnou<\/strong>\u00a0mo\u017enos\u0165ou pre\u00a0<strong>viac<\/strong>\u00a0<strong>det\u00ed<\/strong>\u00a0v rodine a plnohodnotne nahrad\u00ed <strong>\u010fal\u0161ie<\/strong> <strong>l\u00f4\u017eko<\/strong>. Taktie\u017e ur\u010dite vyu\u017eijete\u00a0<strong>odkladac\u00ed<\/strong>\u00a0<strong>priestor<\/strong>\u00a0v podobe\u00a0<strong>dvoch<\/strong>\u00a0<strong>z\u00e1suviek<\/strong> umiestnen\u00fdch pod poste\u013eou. Poste\u013e sa dod\u00e1va <strong>vr\u00e1tane matracov<\/strong>.<\/p>\n<p><strong>Rozmery \u0160xVxH:\u00a0<\/strong>188 x 160 x 81 cm<\/p>\n<ul>\n<li><b>Materi\u00e1l:<\/b>\u00a0laminovan\u00e1 DTD<\/li>\n<li><b>Farba:\u00a0<\/b>modr\u00e1, oran\u017eov\u00e1, ru\u017eov\u00e1,\u00a0zelen\u00e1<\/li>\n<li><strong>Farba r\u00e1mu:\u00a0<\/strong>biela, pr\u00edrodn\u00e9 drevo<\/li>\n<li><b>Rozmery (\u0160xVxH):\u00a0<\/b>188\u00a0x 160 x 81 cm<\/li>\n<li>Dod\u00e1van\u00e9 v demonte<\/li>\n<\/ul>\n","protected":false},"excerpt":{"rendered":"<p>K\u00fazeln\u00e1\u00a0poschodov\u00e1 poste\u013e Leticia\u00a0je vhodn\u00e1 do ka\u017edej\u00a0detskej\u00a0izbi\u010dky. Je ale ide\u00e1lnou mo\u017enos\u0165ou do men\u0161ej detskej izby vhodn\u00e1 pre dve, pr\u00edpadne tri deti\u010dky. M\u00e1te mo\u017enos\u0165 v\u00fdberu z r\u00f4znych\u00a0farebn\u00fdch\u00a0preveden\u00ed.\u00a0Taktie\u017e je mo\u017en\u00e9 vybra\u0165 si\u00a0r\u00e1m postele\u00a0v\u00a0pr\u00edrodnom\u00a0dreve, alebo\u00a0bielej\u00a0farbe. \u010eal\u0161ou v\u00fdhodou je\u00a0pr\u00edstelka, ktor\u00e1 umo\u017en\u00ed prespanie detskej\u00a0n\u00e1v\u0161teve\u00a0Va\u0161ich det\u00ed, pr\u00edpadne bude\u00a0skladnou\u00a0mo\u017enos\u0165ou pre\u00a0viac\u00a0det\u00ed\u00a0v rodine a plnohodnotne nahrad\u00ed \u010fal\u0161ie l\u00f4\u017eko. Taktie\u017e ur\u010dite vyu\u017eijete\u00a0odkladac\u00ed\u00a0priestor\u00a0v podobe\u00a0dvoch\u00a0z\u00e1suviek umiestnen\u00fdch pod poste\u013eou&#8230;.<\/p>\n","protected":false},"featured_media":60250,"comment_status":"closed","ping_status":"closed","template":"","meta":{"_seopress_robots_primary_cat":"209","_seopress_titles_title":"","_seopress_titles_desc":"","_seopress_robots_index":""},"product_brand":[],"product_cat":[233,209],"product_tag":[],"class_list":{"0":"post-60222","1":"product","2":"type-product","3":"status-publish","4":"has-post-thumbnail","6":"product_cat-poschodove-postele","7":"product_cat-detske-izby","9":"first","10":"onbackorder","11":"shipping-taxable","12":"purchasable","13":"product-type-variable"},"_links":{"self":[{"href":"https:\/\/nabytoklaguna.sk\/sk\/wp-json\/wp\/v2\/product\/60222","targetHints":{"allow":["GET"]}}],"collection":[{"href":"https:\/\/nabytoklaguna.sk\/sk\/wp-json\/wp\/v2\/product"}],"about":[{"href":"https:\/\/nabytoklaguna.sk\/sk\/wp-json\/wp\/v2\/types\/product"}],"replies":[{"embeddable":true,"href":"https:\/\/nabytoklaguna.sk\/sk\/wp-json\/wp\/v2\/comments?post=60222"}],"wp:featuredmedia":[{"embeddable":true,"href":"https:\/\/nabytoklaguna.sk\/sk\/wp-json\/wp\/v2\/media\/60250"}],"wp:attachment":[{"href":"https:\/\/nabytoklaguna.sk\/sk\/wp-json\/wp\/v2\/media?parent=60222"}],"wp:term":[{"taxonomy":"product_brand","embeddable":true,"href":"https:\/\/nabytoklaguna.sk\/sk\/wp-json\/wp\/v2\/product_brand?post=60222"},{"taxonomy":"product_cat","embeddable":true,"href":"https:\/\/nabytoklaguna.sk\/sk\/wp-json\/wp\/v2\/product_cat?post=60222"},{"taxonomy":"product_tag","embeddable":true,"href":"https:\/\/nabytoklaguna.sk\/sk\/wp-json\/wp\/v2\/product_tag?post=60222"}],"curies":[{"name":"wp","href":"https:\/\/api.w.org\/{rel}","templated":true}]}}

LETICIA detská posteľ ADRK

<p><strong>Kúzelná</strong> poschodová posteľ <strong>Leticia</strong> je vhodná do každej <strong>detskej</strong> izbičky. Je ale <strong>ideálnou</strong> možnosťou do menšej detskej izby vhodná pre <strong>dve</strong>, prípadne <strong>tri</strong> detičky. Máte možnosť výberu z rôznych <strong>farebných</strong> <strong>prevedení.</strong> Taktiež je možné vybrať si <strong>rám postele</strong> v <strong>prírodnom</strong> <strong>dreve</strong>, alebo <strong>bielej</strong> <strong>farbe</strong>. Ďalšou výhodou je <strong>prístelka</strong>, ktorá umožní prespanie detskej <strong>návšteve</strong> Vašich detí, prípadne bude <strong>skladnou</strong> možnosťou pre <strong>viac</strong> <strong>detí</strong> v rodine a plnohodnotne nahradí <strong>ďalšie</strong> <strong>lôžko</strong>. Taktiež určite využijete <strong>odkladací</strong> <strong>priestor</strong> v podobe <strong>dvoch</strong> <strong>zásuviek</strong> umiestnených pod posteľou. Posteľ sa dodáva <strong>vrátane matracov</strong>.</p>
<p><strong>Rozmery ŠxVxH: </strong>188 x 160 x 81 cm</p>
<ul>
<li><b>Materiál:</b> laminovaná DTD</li>
<li><b>Farba: </b>modrá, oranžová, ružová, zelená</li>
<li><strong>Farba rámu: </strong>biela, prírodné drevo</li>
<li><b>Rozmery (ŠxVxH): </b>188 x 160 x 81 cm</li>
<li>Dodávané v demonte</li>
</ul>

<p>Kúzelná poschodová posteľ Leticia je vhodná do každej detskej izbičky. Je ale ideálnou možnosťou do menšej detskej izby vhodná pre dve, prípadne tri detičky. Máte možnosť výberu z rôznych farebných prevedení. Taktiež je možné vybrať si rám postele v prírodnom dreve, alebo bielej farbe. Ďalšou výhodou je prístelka, ktorá umožní prespanie detskej návšteve Vašich detí, prípadne bude skladnou možnosťou pre viac detí v rodine a plnohodnotne nahradí ďalšie lôžko. Taktiež určite využijete odkladací priestor v podobe dvoch zásuviek umiestnených pod posteľou&#8230;.</p>
